{"id":5074,"date":"2025-01-07T09:44:34","date_gmt":"2025-01-07T08:44:34","guid":{"rendered":"https:\/\/nettsteder.regjeringen.no\/designdep\/?page_id=5074"},"modified":"2025-01-15T12:33:31","modified_gmt":"2025-01-15T11:33:31","slug":"naerings-og-fiskeridepartementet-nfd","status":"publish","type":"page","link":"https:\/\/teststeder.regjeringen.no\/designdep\/departementenes-designprofiler\/naerings-og-fiskeridepartementet-nfd\/","title":{"rendered":"N\u00e6rings- og fiskeridepartementet (NFD)"},"content":{"rendered":"\n<div class=\"wp-block-media-text alignfull is-stacked-on-mobile is-image-fill lavtbanner-designdepno has-background\" style=\"background-color:#4e748b;min-height:180px\"><figure class=\"wp-block-media-text__media\" style=\"background-image:url(https:\/\/files.teststeder.regjeringen.no\/wpuploads01\/sites\/561\/2025\/01\/aaaaaa19620398_1358048184260444_3401811256474656575_o-1024x390.jpg);background-position:50% 50%\"><img loading=\"lazy\" decoding=\"async\" width=\"1024\" height=\"390\" src=\"https:\/\/files.teststeder.regjeringen.no\/wpuploads01\/sites\/561\/2025\/01\/aaaaaa19620398_1358048184260444_3401811256474656575_o-1024x390.jpg\" alt=\"\" class=\"wp-image-5082 size-full\" srcset=\"https:\/\/files.teststeder.regjeringen.no\/wpuploads01\/sites\/561\/2025\/01\/aaaaaa19620398_1358048184260444_3401811256474656575_o-1024x390.jpg 1024w, https:\/\/files.teststeder.regjeringen.no\/wpuploads01\/sites\/561\/2025\/01\/aaaaaa19620398_1358048184260444_3401811256474656575_o-300x114.jpg 300w, https:\/\/files.teststeder.regjeringen.no\/wpuploads01\/sites\/561\/2025\/01\/aaaaaa19620398_1358048184260444_3401811256474656575_o-768x292.jpg 768w, https:\/\/files.teststeder.regjeringen.no\/wpuploads01\/sites\/561\/2025\/01\/aaaaaa19620398_1358048184260444_3401811256474656575_o-1536x585.jpg 1536w, https:\/\/files.teststeder.regjeringen.no\/wpuploads01\/sites\/561\/2025\/01\/aaaaaa19620398_1358048184260444_3401811256474656575_o.jpg 1600w\" sizes=\"auto, (max-width: 1024px) 100vw, 1024px\" \/><\/figure><div class=\"wp-block-media-text__content\">\n<figure class=\"wp-block-image size-full is-resized\"><img decoding=\"async\" src=\"https:\/\/files.teststeder.regjeringen.no\/wpuploads01\/sites\/561\/2025\/01\/NFD_standard_bokmal_hvit.svg\" alt=\"\" class=\"wp-image-5075\" style=\"aspect-ratio:3.9069767441860463;width:316px;height:auto\"\/><\/figure>\n<\/div><\/div>\n\n\n\n<div class=\"wp-block-columns alignwide are-vertically-aligned-center has-background-100-background-color has-background is-layout-flex wp-container-core-columns-is-layout-9d6595d7 wp-block-columns-is-layout-flex\">\n<div class=\"wp-block-column is-vertically-aligned-center is-layout-flow wp-block-column-is-layout-flow\" style=\"flex-basis:33%\">\n<p style=\"font-size:clamp(21.536px, 1.346rem + ((1vw - 3.2px) * 1.662), 35px);\">Designprofil <br>for NFD<\/p>\n<\/div>\n\n\n\n<div class=\"wp-block-column is-vertically-aligned-center is-layout-flow wp-block-column-is-layout-flow\" style=\"flex-basis:66.66%\">\n<p>Form\u00e5let med supplerende designprofil er \u00e5 bidra til \u00e5 skape identitet som gj\u00f8r v\u00e5r informasjon lett \u00e5 kjenne igjen. NFDs visuelle profil er utarbeidet innenfor rammen av det overordnede designprogrammet for departementene. <\/p>\n\n\n\n<p>NFD benytter ikke supplerende designelementer, men har utarbeidet egen fargepalett.<\/p>\n<\/div>\n<\/div>\n\n\n\n<div class=\"wp-block-group alignwide is-layout-constrained wp-block-group-is-layout-constrained\">\n<div class=\"wp-block-columns alignwide are-vertically-aligned-bottom is-layout-flex wp-container-core-columns-is-layout-9d6595d7 wp-block-columns-is-layout-flex\">\n<div class=\"wp-block-column is-vertically-aligned-bottom is-layout-flow wp-block-column-is-layout-flow\">\n<figure class=\"wp-block-image alignwide size-full\"><img decoding=\"async\" src=\"https:\/\/files.teststeder.regjeringen.no\/wpuploads01\/sites\/561\/2025\/01\/NFD_Bokmal_Farge.svg\" alt=\"\" class=\"wp-image-5086\"\/><\/figure>\n\n\n\n<div class=\"wp-block-buttons alignwide is-layout-flex wp-block-buttons-is-layout-flex\">\n<div class=\"wp-block-button has-custom-width wp-block-button__width-100\"><a class=\"wp-block-button__link has-black-color has-background-100-background-color has-text-color has-background wp-element-button\" href=\"https:\/\/teststeder.regjeringen.no\/designdep\/felles-designprogram\/formell-logo\/\" style=\"border-radius:10px\">Formell logo<\/a><\/div>\n<\/div>\n<\/div>\n\n\n\n<div class=\"wp-block-column is-vertically-aligned-bottom is-layout-flow wp-block-column-is-layout-flow\">\n<figure class=\"wp-block-image aligncenter size-full is-resized\"><img decoding=\"async\" src=\"https:\/\/files.teststeder.regjeringen.no\/wpuploads01\/sites\/561\/2025\/01\/NFD_standard_bokmal_sort.svg\" alt=\"\" class=\"wp-image-5088\" style=\"aspect-ratio:3.9069767441860463;object-fit:contain;width:300px;height:auto\"\/><\/figure>\n\n\n\n<div class=\"wp-block-buttons is-layout-flex wp-block-buttons-is-layout-flex\">\n<div class=\"wp-block-button has-custom-width wp-block-button__width-100\"><a class=\"wp-block-button__link has-black-color has-background-100-background-color has-text-color has-background wp-element-button\" href=\"https:\/\/teststeder.regjeringen.no\/designdep\/felles-designprogram\/standardlogo\/\" style=\"border-radius:10px\">Standardlogo<\/a><\/div>\n<\/div>\n<\/div>\n\n\n\n<div class=\"wp-block-column is-vertically-aligned-bottom is-layout-flow wp-block-column-is-layout-flow\">\n<figure class=\"wp-block-image aligncenter size-full is-resized\"><img loading=\"lazy\" decoding=\"async\" width=\"1398\" height=\"355\" src=\"https:\/\/files.teststeder.regjeringen.no\/wpuploads01\/sites\/561\/2024\/07\/somelogo-v4.png\" alt=\"\" class=\"wp-image-487\" style=\"aspect-ratio:3.9384615384615387;object-fit:contain;width:303px;height:auto\" srcset=\"https:\/\/files.teststeder.regjeringen.no\/wpuploads01\/sites\/561\/2024\/07\/somelogo-v4.png 1398w, https:\/\/files.teststeder.regjeringen.no\/wpuploads01\/sites\/561\/2024\/07\/somelogo-v4-300x76.png 300w, https:\/\/files.teststeder.regjeringen.no\/wpuploads01\/sites\/561\/2024\/07\/somelogo-v4-1024x260.png 1024w, https:\/\/files.teststeder.regjeringen.no\/wpuploads01\/sites\/561\/2024\/07\/somelogo-v4-768x195.png 768w\" sizes=\"auto, (max-width: 1398px) 100vw, 1398px\" \/><\/figure>\n\n\n\n<div class=\"wp-block-buttons is-layout-flex wp-block-buttons-is-layout-flex\">\n<div class=\"wp-block-button has-custom-width wp-block-button__width-100\"><a class=\"wp-block-button__link has-black-color has-background-100-background-color has-text-color has-background wp-element-button\" href=\"https:\/\/teststeder.regjeringen.no\/designdep\/felles-designprogram\/some-logo\/\" style=\"border-radius:10px\">Logo til sosiale medier<\/a><\/div>\n<\/div>\n<\/div>\n<\/div>\n\n\n\n<div class=\"wp-block-columns alignwide are-vertically-aligned-bottom is-layout-flex wp-container-core-columns-is-layout-9d6595d7 wp-block-columns-is-layout-flex\">\n<div class=\"wp-block-column is-vertically-aligned-bottom is-layout-flow wp-block-column-is-layout-flow\">\n<div class=\"wp-block-buttons is-layout-flex wp-block-buttons-is-layout-flex\">\n<div class=\"wp-block-button has-custom-width wp-block-button__width-100\"><a class=\"wp-block-button__link has-black-color has-background-100-background-color has-text-color has-background wp-element-button\" href=\"https:\/\/teststeder.regjeringen.no\/designdep\/felles-designprogram\/maler\/\" style=\"border-radius:10px\">Maler<\/a><\/div>\n<\/div>\n<\/div>\n\n\n\n<div class=\"wp-block-column is-vertically-aligned-bottom is-layout-flow wp-block-column-is-layout-flow\">\n<div class=\"wp-block-buttons is-layout-flex wp-block-buttons-is-layout-flex\">\n<div class=\"wp-block-button has-custom-width wp-block-button__width-100\"><a class=\"wp-block-button__link has-black-color has-background-100-background-color has-text-color has-background wp-element-button\" href=\"https:\/\/teststeder.regjeringen.no\/designdep\/felles-designprogram\/maler\/teamsbakgrunn\/\" style=\"border-radius:10px\">Teams digital bakgrunn<\/a><\/div>\n<\/div>\n<\/div>\n\n\n\n<div class=\"wp-block-column is-layout-flow wp-block-column-is-layout-flow\"><\/div>\n<\/div>\n<\/div>\n\n\n\n<hr class=\"wp-block-separator has-alpha-channel-opacity\"\/>\n\n\n<div class=\"t2-accordion wp-block-t2-accordion\" data-allow-multiple=\"1\" role=\"list\">\n<div class=\"t2-accordion-item wp-block-t2-accordion-item\" role=\"listitem\">\n\t\t\t<h2 class=\"t2-accordion-title\">\n\t\t\t\t<button type=\"button\" class=\"t2-accordion-trigger\" id=\"farger\" aria-controls=\"accordion-panel\" aria-expanded=\"false\">\n\t\t\t\t\tFarger\n\t\t\t\t\t<span class=\"t2-accordion-icon is-closed-icon\"><svg xmlns=\"http:\/\/www.w3.org\/2000\/svg\" viewBox=\"0 0 24 24\" height=\"24\" width=\"24\" class=\"t2-icon t2-icon-addcircle\" aria-hidden=\"true\" focusable=\"false\"><path d=\"M16.5 11.2h-3.8V7.5c0-.4-.3-.8-.8-.8s-.8.3-.8.8v3.8H7.5c-.4 0-.8.3-.8.8s.3.8.8.8h3.8v3.8c0 .4.3.8.8.8s.8-.3.8-.8v-3.8h3.8c.4 0 .8-.3.8-.8s-.6-.9-1-.9z\"\/><path d=\"M12 24C5.4 24 0 18.6 0 12S5.4 0 12 0s12 5.4 12 12-5.4 12-12 12zm0-22.5C6.2 1.5 1.5 6.2 1.5 12S6.2 22.5 12 22.5 22.5 17.8 22.5 12 17.8 1.5 12 1.5z\"\/><\/svg><\/span>\n\t\t\t\t\t<span class=\"t2-accordion-icon is-open-icon\"><svg xmlns=\"http:\/\/www.w3.org\/2000\/svg\" viewBox=\"0 0 24 24\" height=\"24\" width=\"24\" class=\"t2-icon t2-icon-removecircle\" aria-hidden=\"true\" focusable=\"false\"><path d=\"M15.7 8.3c-.3-.3-.8-.3-1.1 0L12 10.9 9.4 8.3c-.3-.3-.8-.3-1.1 0s-.3.8 0 1.1l2.6 2.6-2.6 2.6c-.3.3-.3.8 0 1.1.1.1.3.2.5.2s.4-.1.5-.2l2.6-2.6 2.6 2.6c.1.1.3.2.5.2s.4-.1.5-.2c.3-.3.3-.8 0-1.1L13.1 12l2.6-2.6c.3-.3.3-.8 0-1.1z\"\/><path d=\"M20.5 3.5c-4.7-4.7-12.3-4.7-17 0-4.7 4.7-4.7 12.3 0 17C5.9 22.8 8.9 24 12 24c3.1 0 6.1-1.2 8.5-3.5 4.7-4.7 4.7-12.3 0-17zm-1.1 15.9c-4.1 4.1-10.8 4.1-14.8 0C.5 15.3.5 8.6 4.6 4.6c2-2 4.7-3.1 7.4-3.1s5.4 1 7.4 3.1c4.1 4.1 4.1 10.7 0 14.8z\"\/><\/svg><\/span>\n\t\t\t\t<\/button>\n\t\t\t<\/h2>\n\t\t\t<div class=\"t2-accordion-item__inner-container is-layout-flow\" id=\"accordion-panel\" aria-labelledby=\"farger\" role=\"region\" hidden>\n\t\t\t\t\n\n<p class=\"has-white-color has-text-color has-background\" style=\"background-color:#4e748b\">PANTONE: 5405 C  | CMYK: 72\/43\/31\/14  | HEX: 4e748b  | RGB:78\/116\/139<\/p>\n\n\n\n<p class=\"has-background\" style=\"background-color:#98caec\">PANTONE: 291 C  | CMYK: 44\/8\/2\/0  | HEX: 98caec  | RGB: 152\/202\/236<\/p>\n\n\n\n<p class=\"has-white-color has-text-color has-background\" style=\"background-color:#512c1e\">PANTONE: 4625 C  | CMYK: 42\/73\/76\/66  | HEX: 512c1e | RGB: 81\/44\/30<\/p>\n\n\n\n<p class=\"has-white-color has-text-color has-background\" style=\"background-color:#d3461e\">PANTONE: 173 C  | CMYK: 11\/83\/96\/2  | HEX: d3461e | RGB: 211\/70\/30<\/p>\n\n\n\n<p class=\"has-background\" style=\"background-color:#ffa400\">PANTONE: 137 C  | CMYK: 0\/44\/93\/0  | HEX: ffa400  | RGB: 255\/164\/0<\/p>\n\n\n\n<p class=\"has-white-color has-text-color has-background\" style=\"background-color:#294635\">PANTONE: 553 C  | CMYK: 80\/46\/74\/53  | HEX: 294635  | RGB: 41\/70\/53<\/p>\n\n\n\n<p class=\"has-background\" style=\"background-color:#a2a568\">PANTONE: 5777  | CMYK: 41\/24\/66\/7 |  HEX: a2a568  | RGB: 162\/165\/104<\/p>\n\n\n\n<div style=\"height:19px\" aria-hidden=\"true\" class=\"wp-block-spacer\"><\/div>\n\n\n\n<p class=\"has-white-color has-text-color has-background\" style=\"background-color:#5c839c;font-size:clamp(14px, 0.875rem + ((1vw - 3.2px) * 0.123), 15px);\">PANTONE: 8201 C (metalic)  |<em>CMYK: 67\/38\/26\/9<\/em>  | <em>HEX: 5c839c<\/em> | <em>RGB: 92\/131\/156<\/em><\/p>\n\n\n\t\t\t<\/div>\n\t\t<\/div>\n<\/div>","protected":false},"excerpt":{"rendered":"<p>Designprofil for NFD Form\u00e5let med supplerende designprofil er \u00e5 bidra til \u00e5 skape identitet som gj\u00f8r v\u00e5r informasjon lett \u00e5 kjenne igjen. NFDs visuelle profil er utarbeidet innenfor rammen av det overordnede designprogrammet for departementene. NFD benytter ikke supplerende designelementer, men har utarbeidet egen fargepalett.<\/p>\n","protected":false},"author":357,"featured_media":0,"parent":360,"menu_order":0,"comment_status":"closed","ping_status":"closed","template":"","meta":{"dss_simple_post_excerpt":"","dss_show_breadcrumbs":false,"dss_show_featured_image":true,"dss_show_title":true,"footnotes":""},"class_list":["post-5074","page","type-page","status-publish","hentry"],"language":"nb-NO","_links":{"self":[{"href":"https:\/\/teststeder.regjeringen.no\/designdep\/wp-json\/wp\/v2\/pages\/5074","targetHints":{"allow":["GET"]}}],"collection":[{"href":"https:\/\/teststeder.regjeringen.no\/designdep\/wp-json\/wp\/v2\/pages"}],"about":[{"href":"https:\/\/teststeder.regjeringen.no\/designdep\/wp-json\/wp\/v2\/types\/page"}],"author":[{"embeddable":true,"href":"https:\/\/teststeder.regjeringen.no\/designdep\/wp-json\/wp\/v2\/users\/357"}],"replies":[{"embeddable":true,"href":"https:\/\/teststeder.regjeringen.no\/designdep\/wp-json\/wp\/v2\/comments?post=5074"}],"version-history":[{"count":3,"href":"https:\/\/teststeder.regjeringen.no\/designdep\/wp-json\/wp\/v2\/pages\/5074\/revisions"}],"predecessor-version":[{"id":5091,"href":"https:\/\/teststeder.regjeringen.no\/designdep\/wp-json\/wp\/v2\/pages\/5074\/revisions\/5091"}],"up":[{"embeddable":true,"href":"https:\/\/teststeder.regjeringen.no\/designdep\/wp-json\/wp\/v2\/pages\/360"}],"wp:attachment":[{"href":"https:\/\/teststeder.regjeringen.no\/designdep\/wp-json\/wp\/v2\/media?parent=5074"}],"curies":[{"name":"wp","href":"https:\/\/api.w.org\/{rel}","templated":true}]}}