{"id":510,"date":"2024-07-10T12:05:44","date_gmt":"2024-07-10T10:05:44","guid":{"rendered":"https:\/\/nettsteder.regjeringen.no\/designdep\/?page_id=510"},"modified":"2025-04-24T09:19:10","modified_gmt":"2025-04-24T07:19:10","slug":"hjelp","status":"publish","type":"page","link":"https:\/\/teststeder.regjeringen.no\/designdep\/hjelp\/","title":{"rendered":"Hjelp"},"content":{"rendered":"\n<div class=\"wp-block-group alignwide is-layout-constrained wp-block-group-is-layout-constrained\">\n<div class=\"wp-block-group alignwide is-layout-constrained wp-block-group-is-layout-constrained\">\n<h2 class=\"wp-block-heading alignwide\">Hjelp<\/h2>\n\n\n<p class=\"t2-ingress alignwide wp-block-t2-ingress\">Finner du ikke det du leter etter? Vi hjelper deg! \ud83d\ude42<\/p><\/div>\n<\/div>\n\n\n\n<div class=\"wp-block-group alignwide is-content-justification-left is-layout-constrained wp-container-core-group-is-layout-8c890d92 wp-block-group-is-layout-constrained\"><form role=\"search\" method=\"get\" action=\"https:\/\/teststeder.regjeringen.no\/designdep\/\" class=\"wp-block-search__button-outside wp-block-search__text-button wp-block-search\"    ><label class=\"wp-block-search__label\" for=\"wp-block-search__input-1\" >Pr\u00f8v \u00e5 s\u00f8ke direkte<\/label><div class=\"wp-block-search__inside-wrapper \" ><input class=\"wp-block-search__input\" id=\"wp-block-search__input-1\" placeholder=\"\" value=\"\" type=\"search\" name=\"s\" required \/><button aria-label=\"S\u00f8k\" class=\"wp-block-search__button wp-element-button\" type=\"submit\" >S\u00f8k<\/button><\/div><\/form>\n\n\n<div style=\"height:34px\" aria-hidden=\"true\" class=\"wp-block-spacer\"><\/div>\n\n\n\n<div class=\"wp-block-group alignwide is-layout-constrained wp-block-group-is-layout-constrained\">\n<h2 class=\"wp-block-heading alignwide has-black-color has-text-color\" style=\"font-size:clamp(14.642px, 0.915rem + ((1vw - 3.2px) * 0.908), 22px);\">TA KONTAKT!<\/h2>\n\n\n\n<div class=\"wp-block-columns alignwide is-layout-flex wp-container-core-columns-is-layout-9d6595d7 wp-block-columns-is-layout-flex\">\n<div class=\"wp-block-column has-background is-layout-flow wp-block-column-is-layout-flow\" style=\"background-color:#e7f3fa\">\n<h2 class=\"wp-block-heading\">Har du sp\u00f8rsm\u00e5l om departementenes designprogram?<\/h2>\n\n\n<p class=\"t2-ingress wp-block-t2-ingress\"><strong>Veiledning om korrekt bruk av logoer og maler<\/strong><\/p>\n\n\n<div class=\"wp-block-columns is-layout-flex wp-container-core-columns-is-layout-9d6595d7 wp-block-columns-is-layout-flex\">\n<div class=\"wp-block-column is-layout-flow wp-block-column-is-layout-flow\">\n<p><strong>SUPPORT<\/strong><br><a href=\"https:\/\/support.dep.no\/dio?id=dss_index\">Meld inn sak til Support<\/a><br>e-post: <a href=\"mailto:support@dio.dep.no\">support@dio.dep.no<\/a><\/p>\n<\/div>\n\n\n\n<div class=\"wp-block-column is-layout-flow wp-block-column-is-layout-flow\">\n<p><strong>DESIGNPROGRAMMET<\/strong><br>e-post:  j\u00f8rgen<br>Depweb: <a href=\"https:\/\/intra.dep.no\/depweb\/tjenester\/design-og-trykk\/designprogrammet\/id7058\/\">Designprogram for departementene<\/a><\/p>\n<\/div>\n<\/div>\n<\/div>\n<\/div>\n<\/div>\n\n\n\n<div style=\"height:32px\" aria-hidden=\"true\" class=\"wp-block-spacer\"><\/div>\n\n\n<p class=\"t2-ingress wp-block-t2-ingress\">Har du sp\u00f8rsm\u00e5l om &#8230;<\/p>\n\n\n<div class=\"wp-block-columns alignwide is-layout-flex wp-container-core-columns-is-layout-9d6595d7 wp-block-columns-is-layout-flex\">\n<div class=\"wp-block-column has-background-100-background-color has-background is-layout-flow wp-block-column-is-layout-flow\">\n<p style=\"font-size:clamp(14px, 0.875rem + ((1vw - 3.2px) * 0.494), 18px);\"><strong>bistand\/r\u00e5dgivning til design og produksjon<\/strong><\/p>\n\n\n\n<p>Valg av leverand\u00f8r og korrekt innkj\u00f8p fra fellesavtalene tilpasset riktig kanal og flate. Prosjektledelse for kommunikasjons-prosjekter, kongresser og eventer.<\/p>\n\n\n\n<p><strong>DESIGN OG PUBLISERING<\/strong><br>e-post: <a href=\"mailto:designogpublisering@dss.dep.no\">designogpublisering@dss.dep.no<\/a><br>Depweb: <a href=\"https:\/\/intra.dep.no\/depweb\/tjenester\/design-og-trykk\/design-og-publiseringsradgivning\/id7274\/\">Design- og publiseringsr\u00e5dgivning<\/a><\/p>\n<\/div>\n\n\n\n<div class=\"wp-block-column is-vertically-aligned-top has-background-100-background-color has-background is-layout-flow wp-block-column-is-layout-flow\">\n<p style=\"font-size:clamp(14px, 0.875rem + ((1vw - 3.2px) * 0.494), 18px);\"><strong>ombrekking, fellespublisering, skilting, trykk<\/strong><\/p>\n\n\n\n<p style=\"font-size:clamp(14px, 0.875rem + ((1vw - 3.2px) * 0.37), 17px);\">F\u00e5 oversikt og bestill produkter p\u00e5&nbsp;<a href=\"https:\/\/depmedia.dep.no\/login.aspx?ReturnUrl=%2f\">depmedia.dep.no<\/a><\/p>\n\n\n\n<div style=\"height:26px\" aria-hidden=\"true\" class=\"wp-block-spacer\"><\/div>\n\n\n\n<p><strong>DEPMEDIA<\/strong><br>e-post: <a href=\"mailto:depmedia@dss.dep.no\" target=\"_blank\" rel=\"noreferrer noopener\">depmedia@dss.dep.no<\/a><br>Depweb: <a href=\"https:\/\/intra.dep.no\/depweb\/tjenester\/design-og-trykk\/depmedia\/id7303\/\">DepMedia (grafisk produksjon)<\/a><\/p>\n<\/div>\n\n\n\n<div class=\"wp-block-column is-vertically-aligned-top has-background-100-background-color has-background is-layout-flow wp-block-column-is-layout-flow\">\n<p style=\"font-size:clamp(14px, 0.875rem + ((1vw - 3.2px) * 0.494), 18px);\"><strong>design, konsept, visualisering, infografikk<\/strong><\/p>\n\n\n\n<p style=\"font-size:clamp(14px, 0.875rem + ((1vw - 3.2px) * 0.37), 17px);\">Visualisering av prosesser og prosjekter<\/p>\n\n\n\n<div style=\"height:52px\" aria-hidden=\"true\" class=\"wp-block-spacer\"><\/div>\n\n\n\n<p><strong>DESIGNENHETEN<\/strong><br>e-post: <a href=\"mailto:torbjorn.vagstein@dio.dep.no\">torbjorn.vagstein@dio.dep.no<\/a><br>e-post: <a href=\"mailto:hild.mowinckel@dio.dep.no\">hild.mowinckel@dio.dep.no<\/a>  <\/p>\n<\/div>\n<\/div>\n<\/div>\n","protected":false},"excerpt":{"rendered":"<p>Hjelp TA KONTAKT! Har du sp\u00f8rsm\u00e5l om departementenes designprogram? SUPPORTMeld inn sak til Supporte-post: support@dio.dep.no DESIGNPROGRAMMETe-post: j\u00f8rgenDepweb: Designprogram for departementene bistand\/r\u00e5dgivning til design og produksjon Valg av leverand\u00f8r og korrekt innkj\u00f8p fra fellesavtalene tilpasset riktig kanal og flate. Prosjektledelse for kommunikasjons-prosjekter, kongresser og eventer. DESIGN OG PUBLISERINGe-post: designogpublisering@dss.dep.noDepweb: Design- og publiseringsr\u00e5dgivning ombrekking, fellespublisering, skilting, trykk\u2026<\/p>\n","protected":false},"author":357,"featured_media":0,"parent":0,"menu_order":0,"comment_status":"closed","ping_status":"closed","template":"","meta":{"dss_simple_post_excerpt":"","dss_show_breadcrumbs":true,"dss_show_featured_image":true,"dss_show_title":true,"footnotes":""},"class_list":["post-510","page","type-page","status-publish","hentry"],"language":"nb-NO","_links":{"self":[{"href":"https:\/\/teststeder.regjeringen.no\/designdep\/wp-json\/wp\/v2\/pages\/510","targetHints":{"allow":["GET"]}}],"collection":[{"href":"https:\/\/teststeder.regjeringen.no\/designdep\/wp-json\/wp\/v2\/pages"}],"about":[{"href":"https:\/\/teststeder.regjeringen.no\/designdep\/wp-json\/wp\/v2\/types\/page"}],"author":[{"embeddable":true,"href":"https:\/\/teststeder.regjeringen.no\/designdep\/wp-json\/wp\/v2\/users\/357"}],"replies":[{"embeddable":true,"href":"https:\/\/teststeder.regjeringen.no\/designdep\/wp-json\/wp\/v2\/comments?post=510"}],"version-history":[{"count":3,"href":"https:\/\/teststeder.regjeringen.no\/designdep\/wp-json\/wp\/v2\/pages\/510\/revisions"}],"predecessor-version":[{"id":7181,"href":"https:\/\/teststeder.regjeringen.no\/designdep\/wp-json\/wp\/v2\/pages\/510\/revisions\/7181"}],"wp:attachment":[{"href":"https:\/\/teststeder.regjeringen.no\/designdep\/wp-json\/wp\/v2\/media?parent=510"}],"curies":[{"name":"wp","href":"https:\/\/api.w.org\/{rel}","templated":true}]}}