{"id":4,"date":"2024-05-27T09:07:20","date_gmt":"2024-05-27T07:07:20","guid":{"rendered":"https:\/\/nettsteder.regjeringen.no\/ekspertsirkulaer\/?page_id=4"},"modified":"2024-08-15T15:19:55","modified_gmt":"2024-08-15T13:19:55","slug":"om-ekspertgruppa","status":"publish","type":"page","link":"https:\/\/teststeder.regjeringen.no\/ekspertsirkulaer\/","title":{"rendered":"Om ekspertgruppen"},"content":{"rendered":"\n<p><\/p>\n\n\n\n<p>Regjeringen satte i mars 2024 ned en ekspertgruppe for \u00e5 se p\u00e5 virkemidler for \u00e5 fremme sirkul\u00e6re aktiviteter.  <\/p>\n\n\n\n<p>Ekspertgruppen skal gj\u00f8re en helhetlig utredning av virkemidler som kan fremme sirkul\u00e6re aktiviteter for \u00e5 gi bedre utnyttelse av fornybare og ikke-fornybare ressurser, b\u00e6rekraftig produksjon og forbruk, og \u00f8kt verdiskaping. Det inneb\u00e6rer \u00e5 identifisere hvilke virkemidler som er samfunns\u00f8konomisk l\u00f8nnsomme, og med bakgrunn i dette foresl\u00e5 eventuelle endringer i dagens virkemiddelbruk.<\/p>\n\n\n\n<p>Ekspertgruppen skal levere en samlet rapport og anbefaling innen april 2025.<\/p>\n","protected":false},"excerpt":{"rendered":"<p>Regjeringen satte i mars 2024 ned en ekspertgruppe for \u00e5 se p\u00e5 virkemidler for \u00e5 fremme sirkul\u00e6re aktiviteter. Ekspertgruppen skal gj\u00f8re en helhetlig utredning av virkemidler som kan fremme sirkul\u00e6re aktiviteter for \u00e5 gi bedre utnyttelse av fornybare og ikke-fornybare ressurser, b\u00e6rekraftig produksjon og forbruk, og \u00f8kt verdiskaping. Det inneb\u00e6rer \u00e5 identifisere hvilke virkemidler som\u2026<\/p>\n","protected":false},"author":2877,"featured_media":0,"parent":0,"menu_order":0,"comment_status":"closed","ping_status":"closed","template":"","meta":{"dss_simple_post_excerpt":"","dss_show_featured_image":true,"footnotes":""},"class_list":["post-4","page","type-page","status-publish","hentry"],"language":"nb-NO","_links":{"self":[{"href":"https:\/\/teststeder.regjeringen.no\/ekspertsirkulaer\/wp-json\/wp\/v2\/pages\/4","targetHints":{"allow":["GET"]}}],"collection":[{"href":"https:\/\/teststeder.regjeringen.no\/ekspertsirkulaer\/wp-json\/wp\/v2\/pages"}],"about":[{"href":"https:\/\/teststeder.regjeringen.no\/ekspertsirkulaer\/wp-json\/wp\/v2\/types\/page"}],"author":[{"embeddable":true,"href":"https:\/\/teststeder.regjeringen.no\/ekspertsirkulaer\/wp-json\/wp\/v2\/users\/2877"}],"replies":[{"embeddable":true,"href":"https:\/\/teststeder.regjeringen.no\/ekspertsirkulaer\/wp-json\/wp\/v2\/comments?post=4"}],"version-history":[{"count":3,"href":"https:\/\/teststeder.regjeringen.no\/ekspertsirkulaer\/wp-json\/wp\/v2\/pages\/4\/revisions"}],"predecessor-version":[{"id":77,"href":"https:\/\/teststeder.regjeringen.no\/ekspertsirkulaer\/wp-json\/wp\/v2\/pages\/4\/revisions\/77"}],"wp:attachment":[{"href":"https:\/\/teststeder.regjeringen.no\/ekspertsirkulaer\/wp-json\/wp\/v2\/media?parent=4"}],"curies":[{"name":"wp","href":"https:\/\/api.w.org\/{rel}","templated":true}]}}