{"id":935,"date":"2017-08-16T10:25:52","date_gmt":"2017-08-16T08:25:52","guid":{"rendered":"https:\/\/nettsteder.regjeringen.no\/foodfromtheocean\/?page_id=935"},"modified":"2019-02-27T12:16:12","modified_gmt":"2019-02-27T11:16:12","slug":"speaches","status":"publish","type":"page","link":"https:\/\/teststeder.regjeringen.no\/foodfromtheocean\/speaches\/","title":{"rendered":"Speeches and presentations New York"},"content":{"rendered":"<div id=\"module-0\" class=\"hogan-module hogan-module-text hogan-module-0 text-wrap\"><div class=\"hogan-module-inner clearfix\"><p><a href=\"https:\/\/files.teststeder.regjeringen.no\/wpuploads01\/blogs.dir\/213\/files\/2017\/08\/Tone-Skogen-State-Secretary-Government-of-Norway-1.docx\">Tone Skogen, State Secretary, Government of Norway<\/a><\/p>\n<p><a href=\"https:\/\/files.teststeder.regjeringen.no\/wpuploads01\/blogs.dir\/213\/files\/2017\/08\/Speach-Fisheries-Minister-of-Island-\u00deorger\u00f0ur-Katr\u00edn-Gunnarsd\u00f3ttir.docx\">Fisheries Minister of Island, \u00deorger\u00f0ur Katr\u00edn Gunnarsd\u00f3ttir<\/a><\/p>\n<p><a href=\"https:\/\/files.teststeder.regjeringen.no\/wpuploads01\/blogs.dir\/213\/files\/2017\/08\/Food-and-Agriculture-Organization-of-the-UN-FAO-Assistant-Director-General-of-the-Fisheries-and-Aquaculture-Departement-Arni-M.-Mathiesen.docx\">Food and Agriculture Organization of the UN (FAO), Assistant Director-General, Arni M. Mathiesen<\/a><\/p>\n<p><a href=\"https:\/\/files.teststeder.regjeringen.no\/wpuploads01\/blogs.dir\/213\/files\/2017\/08\/CARICOM-Minister-of-State-Ministry-of-Agriculture-Fisheries-Forestry-the-Environment-Sustainable-Development-and-Immigration-government-of-Belize-Omar-Figueroa.docx\">CARICOM, Minister of State, Ministry of Agriculture, Fisheries, Forestry, the Environment, Sustainable Development and Immigration, government of Belize, Omar Figueroa<\/a><\/p>\n<p><a href=\"https:\/\/files.teststeder.regjeringen.no\/wpuploads01\/blogs.dir\/213\/files\/2017\/08\/Barange.ppsx\">Manuel Barange, Director Fisheries and Aquaculture Policy and Resources Division, FAO<\/a><\/p>\n<p><a href=\"https:\/\/files.teststeder.regjeringen.no\/wpuploads01\/blogs.dir\/213\/files\/2017\/08\/Caron.ppsx\">Patrick Caron, Chair of CFS High level panel of experts<\/a><\/p>\n<p><a href=\"https:\/\/files.teststeder.regjeringen.no\/wpuploads01\/blogs.dir\/213\/files\/2017\/08\/Menabde.ppsx\">Nata Menabde, Executive Director, World Health Organization, WHO, Office at the United Nations<\/a><\/p>\n<p><a href=\"https:\/\/files.teststeder.regjeringen.no\/wpuploads01\/blogs.dir\/213\/files\/2017\/08\/Ole-Arve-Misund-Norwegian-National-institute-for-seafood-and-nutrition-research-NIFES.ppsx\">Ole Arve Misund, Norwegian National institute for seafood and nutrition research (NIFES)<\/a><\/p><\/div><\/div>","protected":false},"excerpt":{"rendered":"<p>Tone Skogen, State Secretary, Government of Norway Fisheries Minister of Island, \u00deorger\u00f0ur Katr\u00edn Gunnarsd\u00f3ttir Food and Agriculture Organization of the &#8230;<\/p>\n","protected":false},"author":357,"featured_media":0,"parent":0,"menu_order":0,"comment_status":"closed","ping_status":"closed","template":"","meta":{"_acf_changed":false,"footnotes":""},"class_list":["post-935","page","type-page","status-publish","hentry"],"yoast_head":"<!-- This site is optimized with the Yoast SEO plugin v27.2 - https:\/\/yoast.com\/product\/yoast-seo-wordpress\/ -->\n<title>Speeches and presentations New York - Sustainable Food from the Oceans and Inland Waters for Food Security and Nutrition<\/title>\n<meta name=\"robots\" content=\"index, follow, max-snippet:-1, max-image-preview:large, max-video-preview:-1\" \/>\n<link rel=\"canonical\" href=\"https:\/\/nettsteder.regjeringen.no\/foodfromtheocean\/speaches\/\" \/>\n<meta property=\"og:locale\" content=\"en_US\" \/>\n<meta property=\"og:type\" content=\"article\" \/>\n<meta property=\"og:title\" content=\"Speeches and presentations New York - Sustainable Food from the Oceans and Inland Waters for Food Security and Nutrition\" \/>\n<meta property=\"og:description\" content=\"Tone Skogen, State Secretary, Government of Norway Fisheries Minister of Island, \u00deorger\u00f0ur Katr\u00edn Gunnarsd\u00f3ttir Food and Agriculture Organization of the ...\" \/>\n<meta property=\"og:url\" content=\"https:\/\/nettsteder.regjeringen.no\/foodfromtheocean\/speaches\/\" \/>\n<meta property=\"og:site_name\" content=\"Sustainable Food from the Oceans and Inland Waters for Food Security and Nutrition\" \/>\n<meta property=\"article:modified_time\" content=\"2019-02-27T11:16:12+00:00\" \/>\n<meta name=\"twitter:card\" content=\"summary_large_image\" \/>\n<script type=\"application\/ld+json\" class=\"yoast-schema-graph\">{\"@context\":\"https:\/\/schema.org\",\"@graph\":[{\"@type\":\"WebPage\",\"@id\":\"https:\/\/nettsteder.regjeringen.no\/foodfromtheocean\/speaches\/\",\"url\":\"https:\/\/nettsteder.regjeringen.no\/foodfromtheocean\/speaches\/\",\"name\":\"Speeches and presentations New York - Sustainable Food from the Oceans and Inland Waters for Food Security and Nutrition\",\"isPartOf\":{\"@id\":\"https:\/\/nettsteder.regjeringen.no\/foodfromtheocean\/#website\"},\"datePublished\":\"2017-08-16T08:25:52+00:00\",\"dateModified\":\"2019-02-27T11:16:12+00:00\",\"breadcrumb\":{\"@id\":\"https:\/\/nettsteder.regjeringen.no\/foodfromtheocean\/speaches\/#breadcrumb\"},\"inLanguage\":\"en-US\",\"potentialAction\":[{\"@type\":\"ReadAction\",\"target\":[\"https:\/\/nettsteder.regjeringen.no\/foodfromtheocean\/speaches\/\"]}]},{\"@type\":\"BreadcrumbList\",\"@id\":\"https:\/\/nettsteder.regjeringen.no\/foodfromtheocean\/speaches\/#breadcrumb\",\"itemListElement\":[{\"@type\":\"ListItem\",\"position\":1,\"name\":\"Home\",\"item\":\"https:\/\/nettsteder.regjeringen.no\/foodfromtheocean\/\"},{\"@type\":\"ListItem\",\"position\":2,\"name\":\"Speeches and presentations New York\"}]},{\"@type\":\"WebSite\",\"@id\":\"https:\/\/nettsteder.regjeringen.no\/foodfromtheocean\/#website\",\"url\":\"https:\/\/nettsteder.regjeringen.no\/foodfromtheocean\/\",\"name\":\"Sustainable Food from the Oceans and Inland Waters for Food Security and Nutrition\",\"description\":\"\",\"publisher\":{\"@id\":\"https:\/\/nettsteder.regjeringen.no\/foodfromtheocean\/#organization\"},\"potentialAction\":[{\"@type\":\"SearchAction\",\"target\":{\"@type\":\"EntryPoint\",\"urlTemplate\":\"https:\/\/nettsteder.regjeringen.no\/foodfromtheocean\/?s={search_term_string}\"},\"query-input\":{\"@type\":\"PropertyValueSpecification\",\"valueRequired\":true,\"valueName\":\"search_term_string\"}}],\"inLanguage\":\"en-US\"},{\"@type\":\"Organization\",\"@id\":\"https:\/\/nettsteder.regjeringen.no\/foodfromtheocean\/#organization\",\"name\":\"Sustainable Food from the Oceans and Inland Waters for Food Security and Nutrition\",\"url\":\"https:\/\/nettsteder.regjeringen.no\/foodfromtheocean\/\",\"logo\":{\"@type\":\"ImageObject\",\"inLanguage\":\"en-US\",\"@id\":\"https:\/\/nettsteder.regjeringen.no\/foodfromtheocean\/#\/schema\/logo\/image\/\",\"url\":\"https:\/\/files.teststeder.regjeringen.no\/wpuploads01\/blogs.dir\/213\/files\/2018\/05\/cropped-logo-sustainable-food.jpg\",\"contentUrl\":\"https:\/\/files.teststeder.regjeringen.no\/wpuploads01\/blogs.dir\/213\/files\/2018\/05\/cropped-logo-sustainable-food.jpg\",\"width\":781,\"height\":295,\"caption\":\"Sustainable Food from the Oceans and Inland Waters for Food Security and Nutrition\"},\"image\":{\"@id\":\"https:\/\/nettsteder.regjeringen.no\/foodfromtheocean\/#\/schema\/logo\/image\/\"}}]}<\/script>\n<!-- \/ Yoast SEO plugin. -->","yoast_head_json":{"title":"Speeches and presentations New York - Sustainable Food from the Oceans and Inland Waters for Food Security and Nutrition","robots":{"index":"index","follow":"follow","max-snippet":"max-snippet:-1","max-image-preview":"max-image-preview:large","max-video-preview":"max-video-preview:-1"},"canonical":"https:\/\/nettsteder.regjeringen.no\/foodfromtheocean\/speaches\/","og_locale":"en_US","og_type":"article","og_title":"Speeches and presentations New York - Sustainable Food from the Oceans and Inland Waters for Food Security and Nutrition","og_description":"Tone Skogen, State Secretary, Government of Norway Fisheries Minister of Island, \u00deorger\u00f0ur Katr\u00edn Gunnarsd\u00f3ttir Food and Agriculture Organization of the ...","og_url":"https:\/\/nettsteder.regjeringen.no\/foodfromtheocean\/speaches\/","og_site_name":"Sustainable Food from the Oceans and Inland Waters for Food Security and Nutrition","article_modified_time":"2019-02-27T11:16:12+00:00","twitter_card":"summary_large_image","schema":{"@context":"https:\/\/schema.org","@graph":[{"@type":"WebPage","@id":"https:\/\/nettsteder.regjeringen.no\/foodfromtheocean\/speaches\/","url":"https:\/\/nettsteder.regjeringen.no\/foodfromtheocean\/speaches\/","name":"Speeches and presentations New York - Sustainable Food from the Oceans and Inland Waters for Food Security and Nutrition","isPartOf":{"@id":"https:\/\/nettsteder.regjeringen.no\/foodfromtheocean\/#website"},"datePublished":"2017-08-16T08:25:52+00:00","dateModified":"2019-02-27T11:16:12+00:00","breadcrumb":{"@id":"https:\/\/nettsteder.regjeringen.no\/foodfromtheocean\/speaches\/#breadcrumb"},"inLanguage":"en-US","potentialAction":[{"@type":"ReadAction","target":["https:\/\/nettsteder.regjeringen.no\/foodfromtheocean\/speaches\/"]}]},{"@type":"BreadcrumbList","@id":"https:\/\/nettsteder.regjeringen.no\/foodfromtheocean\/speaches\/#breadcrumb","itemListElement":[{"@type":"ListItem","position":1,"name":"Home","item":"https:\/\/nettsteder.regjeringen.no\/foodfromtheocean\/"},{"@type":"ListItem","position":2,"name":"Speeches and presentations New York"}]},{"@type":"WebSite","@id":"https:\/\/nettsteder.regjeringen.no\/foodfromtheocean\/#website","url":"https:\/\/nettsteder.regjeringen.no\/foodfromtheocean\/","name":"Sustainable Food from the Oceans and Inland Waters for Food Security and Nutrition","description":"","publisher":{"@id":"https:\/\/nettsteder.regjeringen.no\/foodfromtheocean\/#organization"},"potentialAction":[{"@type":"SearchAction","target":{"@type":"EntryPoint","urlTemplate":"https:\/\/nettsteder.regjeringen.no\/foodfromtheocean\/?s={search_term_string}"},"query-input":{"@type":"PropertyValueSpecification","valueRequired":true,"valueName":"search_term_string"}}],"inLanguage":"en-US"},{"@type":"Organization","@id":"https:\/\/nettsteder.regjeringen.no\/foodfromtheocean\/#organization","name":"Sustainable Food from the Oceans and Inland Waters for Food Security and Nutrition","url":"https:\/\/nettsteder.regjeringen.no\/foodfromtheocean\/","logo":{"@type":"ImageObject","inLanguage":"en-US","@id":"https:\/\/nettsteder.regjeringen.no\/foodfromtheocean\/#\/schema\/logo\/image\/","url":"https:\/\/files.teststeder.regjeringen.no\/wpuploads01\/blogs.dir\/213\/files\/2018\/05\/cropped-logo-sustainable-food.jpg","contentUrl":"https:\/\/files.teststeder.regjeringen.no\/wpuploads01\/blogs.dir\/213\/files\/2018\/05\/cropped-logo-sustainable-food.jpg","width":781,"height":295,"caption":"Sustainable Food from the Oceans and Inland Waters for Food Security and Nutrition"},"image":{"@id":"https:\/\/nettsteder.regjeringen.no\/foodfromtheocean\/#\/schema\/logo\/image\/"}}]}},"language":"en-US","acf":[],"_links":{"self":[{"href":"https:\/\/teststeder.regjeringen.no\/foodfromtheocean\/wp-json\/wp\/v2\/pages\/935","targetHints":{"allow":["GET"]}}],"collection":[{"href":"https:\/\/teststeder.regjeringen.no\/foodfromtheocean\/wp-json\/wp\/v2\/pages"}],"about":[{"href":"https:\/\/teststeder.regjeringen.no\/foodfromtheocean\/wp-json\/wp\/v2\/types\/page"}],"author":[{"embeddable":true,"href":"https:\/\/teststeder.regjeringen.no\/foodfromtheocean\/wp-json\/wp\/v2\/users\/357"}],"replies":[{"embeddable":true,"href":"https:\/\/teststeder.regjeringen.no\/foodfromtheocean\/wp-json\/wp\/v2\/comments?post=935"}],"version-history":[{"count":26,"href":"https:\/\/teststeder.regjeringen.no\/foodfromtheocean\/wp-json\/wp\/v2\/pages\/935\/revisions"}],"predecessor-version":[{"id":3645,"href":"https:\/\/teststeder.regjeringen.no\/foodfromtheocean\/wp-json\/wp\/v2\/pages\/935\/revisions\/3645"}],"wp:attachment":[{"href":"https:\/\/teststeder.regjeringen.no\/foodfromtheocean\/wp-json\/wp\/v2\/media?parent=935"}],"curies":[{"name":"wp","href":"https:\/\/api.w.org\/{rel}","templated":true}]}}