{"id":71,"date":"2020-11-30T14:51:49","date_gmt":"2020-11-30T13:51:49","guid":{"rendered":"https:\/\/nettsteder.regjeringen.no\/inntektssystemutvalget\/?page_id=71"},"modified":"2022-06-22T14:45:13","modified_gmt":"2022-06-22T12:45:13","slug":"moter-i-utvalget","status":"publish","type":"page","link":"https:\/\/teststeder.regjeringen.no\/inntektssystemutvalget\/moter-i-utvalget\/","title":{"rendered":"M\u00f8ter i utvalget"},"content":{"rendered":"<div class=\"text-wrap post-content clearfix\"><h2>2020<\/h2>\n<h4>26. august<\/h4>\n<ul>\n<li>Oppstartsm\u00f8te<\/li>\n<li>Gjennomgang av mandatet<\/li>\n<li>Dagens inntektssystem<\/li>\n<\/ul>\n<h4>15. oktober<\/h4>\n<ul>\n<li>Utgiftsutjevningen i inntektssystemet<\/li>\n<\/ul>\n<h4>18. november<\/h4>\n<ul>\n<li>Skatteelementene i inntektssystemet<\/li>\n<\/ul>\n<h4>7.desember<\/h4>\n<ul>\n<li>Regionalpolitiske tilskudd i inntektssystemet<\/li>\n<li>Presentasjon av NOU 2020:15 Det handler om Norge v\/utvalgsleder Victor Norman<\/li>\n<\/ul>\n<h2>2021<\/h2>\n<h4>21. januar<\/h4>\n<ul>\n<li>Presentasjon av inntektssystemene i Danmark og Sverige<\/li>\n<li>Presentasjon og diskusjon av tilleggsmandat til utvalget<\/li>\n<li>Overordnede prinsipper i inntektssystemet<\/li>\n<\/ul>\n<h4>18. februar<\/h4>\n<ul>\n<li>Overordnede prinsipper i inntektssystemet<\/li>\n<li>Problemstillinger innenfor utgiftsutjevningen<\/li>\n<li>Presentasjon av forskningsprosjekt om beregningsmetoder i utgiftsutjevningen v\/forskningssjef Lars-Erik Borge og forsker Torgeir Kr\u00e5kenes, begge fra Senter f\u00f8r \u00f8konomisk forskning<\/li>\n<\/ul>\n<h4>25. mars<\/h4>\n<ul>\n<li>Demografiutvalget og distriktsn\u00e6ringsutvalget<\/li>\n<li>Innspill til utvalget<\/li>\n<li>Selskapsskatt<\/li>\n<li>Delkostnadsn\u00f8kler &#8211; analyseopplegg og utgiftsbegrep<\/li>\n<li>Delkostnadsn\u00f8kler for barnehage og grunnskole<\/li>\n<\/ul>\n<h4>6. mai<\/h4>\n<ul>\n<li>Generalistkommunen\/generalistkommuneprinsippet v\/professor Yngve Flo fra Universitetet i Bergen<\/li>\n<li>Presentasjon av forskningsrapporten &laquo;\u00d8konomi i kommuner med svak befolkningsutvikling&raquo; v\/Trond Erik Lunder<\/li>\n<li>By- og levek\u00e5rsutvalget<\/li>\n<li>Delkostnadsn\u00f8kler for barnevern og sosialhjelp<\/li>\n<\/ul>\n<h4>17.-18. juni<\/h4>\n<ul>\n<li>Toppfinansieringsordningen for ressurskrevende tjenester<\/li>\n<li>Delkostnadsn\u00f8kler for pleie og omsorg og kommunehelse<\/li>\n<li>Innspill til utvalget fra m\u00f8ter med ulike kommunedirekt\u00f8rutvalg<\/li>\n<li>Regionalpolitiske tilskudd<\/li>\n<li>NOU-struktur<\/li>\n<\/ul>\n<h4>2. -3. september<\/h4>\n<ul>\n<li>Presentasjoner for utvalget fra n\u00e6ringsliv, akademia og kommuner i Finnmark<\/li>\n<li>Forel\u00f8pig rapport fra prosjekt om lokale skatteinntekter v\/Lars-Erik Borge fra Senter for \u00f8konomisk forskning<\/li>\n<li>Skatt og inntektsutjevning<\/li>\n<\/ul>\n<h4>1. oktober<\/h4>\n<ul>\n<li>&laquo;Gjesteinnbyggere&raquo;<\/li>\n<li>N\u00f8ytralitet i inntektssystemet<\/li>\n<li>Delkostnadsn\u00f8kler for administrasjon og milj\u00f8 og landbruk<\/li>\n<\/ul>\n<h4>4. -5. november<\/h4>\n<ul>\n<li>Rapportutkast fra prosjekt om lokale skatteinntekter v\/Lars-Erik Borge fra Senter for \u00f8konomisk forskning<\/li>\n<li>Skatt og inntektsutjevning<\/li>\n<li>Innspill til utvalget fra kommuner og statsforvalter i Tr\u00f8ndelag<\/li>\n<li>NOU-tekster<\/li>\n<\/ul>\n<h4>2. desember<\/h4>\n<ul>\n<li>Skatt og inntektsutjevning<\/li>\n<li>Regionalpolitiske tilskudd<\/li>\n<li>Innspill til utvalget fra kommuner<\/li>\n<\/ul>\n<h2>2022<\/h2>\n<h4>20. -21. januar<\/h4>\n<ul>\n<li>Skatt og inntektsutjevning<\/li>\n<li>Toppfinansieringsordningen for ressurskrevende tjenester<\/li>\n<li>Utgiftsutjevning<\/li>\n<li>Skj\u00f8nnstilskuddet<\/li>\n<li>Andre nordiske inntektssystem<\/li>\n<li>Innspill til utvalget fra Fagforbundet<\/li>\n<\/ul>\n<h4>17. -18. februar<\/h4>\n<ul>\n<li>Skatt og inntektsutjevning<\/li>\n<li>Toppfinansieringsordningen for ressurskrevende tjenester<\/li>\n<li>Regionalpolitiske tilskudd<\/li>\n<li>Innspill til utvalget fra kommunedirekt\u00f8rutvalg og fylkesstyrer i KS<\/li>\n<li>NOU-tekster<\/li>\n<\/ul>\n<h4>17. mars<\/h4>\n<ul>\n<li>Utgiftsutjevning<\/li>\n<li>Skj\u00f8nnstilskudd<\/li>\n<li>Overgangsordning<\/li>\n<li>NOU-tekster<\/li>\n<\/ul>\n<h4>28. -29. april<\/h4>\n<ul>\n<li>Utgiftsutjevning<\/li>\n<li>Skatt og inntektsutjevning<\/li>\n<li>Innspill til utvalget &#8211; oppsummering<\/li>\n<li>M\u00f8te med Generalistkommuneutvalget<\/li>\n<li>Innspill fra Naturressurskommunene<\/li>\n<\/ul>\n<h4>23. -24. mai<\/h4>\n<ul>\n<li>Utgiftsutjevning<\/li>\n<li>Skatt og inntektsutjevning<\/li>\n<li>Regionalpolitiske tilskudd<\/li>\n<li>NOU-tekster<\/li>\n<\/ul>\n<h4>20. -21. juni<\/h4>\n<ul>\n<li>Utgiftsutjevning<\/li>\n<li>Regionalpolitiske tilskudd<\/li>\n<li>NOU-tekster<\/li>\n<\/ul>\n<\/div>","protected":false},"excerpt":{"rendered":"<p>Her er en oversikt over m\u00f8ter i utvalget<\/p>\n","protected":false},"author":857,"featured_media":0,"parent":0,"menu_order":0,"comment_status":"closed","ping_status":"closed","template":"","meta":{"_acf_changed":false,"footnotes":""},"class_list":["post-71","page","type-page","status-publish","hentry"],"language":"nb-NO","acf":[],"_links":{"self":[{"href":"https:\/\/teststeder.regjeringen.no\/inntektssystemutvalget\/wp-json\/wp\/v2\/pages\/71","targetHints":{"allow":["GET"]}}],"collection":[{"href":"https:\/\/teststeder.regjeringen.no\/inntektssystemutvalget\/wp-json\/wp\/v2\/pages"}],"about":[{"href":"https:\/\/teststeder.regjeringen.no\/inntektssystemutvalget\/wp-json\/wp\/v2\/types\/page"}],"author":[{"embeddable":true,"href":"https:\/\/teststeder.regjeringen.no\/inntektssystemutvalget\/wp-json\/wp\/v2\/users\/857"}],"replies":[{"embeddable":true,"href":"https:\/\/teststeder.regjeringen.no\/inntektssystemutvalget\/wp-json\/wp\/v2\/comments?post=71"}],"version-history":[{"count":4,"href":"https:\/\/teststeder.regjeringen.no\/inntektssystemutvalget\/wp-json\/wp\/v2\/pages\/71\/revisions"}],"predecessor-version":[{"id":308,"href":"https:\/\/teststeder.regjeringen.no\/inntektssystemutvalget\/wp-json\/wp\/v2\/pages\/71\/revisions\/308"}],"wp:attachment":[{"href":"https:\/\/teststeder.regjeringen.no\/inntektssystemutvalget\/wp-json\/wp\/v2\/media?parent=71"}],"curies":[{"name":"wp","href":"https:\/\/api.w.org\/{rel}","templated":true}]}}