{"id":112,"date":"2023-11-16T10:37:08","date_gmt":"2023-11-16T09:37:08","guid":{"rendered":"https:\/\/nettsteder.regjeringen.no\/jobbidepartementene\/?page_id=112"},"modified":"2024-01-19T15:22:46","modified_gmt":"2024-01-19T14:22:46","slug":"var-arbeidshverdag","status":"publish","type":"page","link":"https:\/\/teststeder.regjeringen.no\/jobbidepartementene\/var-arbeidshverdag\/","title":{"rendered":"V\u00e5r arbeidshverdag"},"content":{"rendered":"\n<div class=\"wp-block-cover alignfull is-light\" style=\"min-height:378px;aspect-ratio:unset;\"><span aria-hidden=\"true\" class=\"wp-block-cover__background has-background-dim-20 has-background-dim\"><\/span><img loading=\"lazy\" decoding=\"async\" width=\"2560\" height=\"1709\" class=\"wp-block-cover__image-background wp-image-164\" alt=\"\" src=\"https:\/\/files.teststeder.regjeringen.no\/wpuploads01\/sites\/556\/2023\/11\/christina-wocintechchat-com-c-mgSuxqpzA-unsplash-scaled.jpg\" style=\"object-position:69% 45%\" data-object-fit=\"cover\" data-object-position=\"69% 45%\" srcset=\"https:\/\/files.teststeder.regjeringen.no\/wpuploads01\/sites\/556\/2023\/11\/christina-wocintechchat-com-c-mgSuxqpzA-unsplash-scaled.jpg 2560w, https:\/\/files.teststeder.regjeringen.no\/wpuploads01\/sites\/556\/2023\/11\/christina-wocintechchat-com-c-mgSuxqpzA-unsplash-300x200.jpg 300w, https:\/\/files.teststeder.regjeringen.no\/wpuploads01\/sites\/556\/2023\/11\/christina-wocintechchat-com-c-mgSuxqpzA-unsplash-1024x684.jpg 1024w, https:\/\/files.teststeder.regjeringen.no\/wpuploads01\/sites\/556\/2023\/11\/christina-wocintechchat-com-c-mgSuxqpzA-unsplash-768x513.jpg 768w, https:\/\/files.teststeder.regjeringen.no\/wpuploads01\/sites\/556\/2023\/11\/christina-wocintechchat-com-c-mgSuxqpzA-unsplash-1536x1025.jpg 1536w, https:\/\/files.teststeder.regjeringen.no\/wpuploads01\/sites\/556\/2023\/11\/christina-wocintechchat-com-c-mgSuxqpzA-unsplash-2048x1367.jpg 2048w\" sizes=\"auto, (max-width: 2560px) 100vw, 2560px\" \/><div class=\"wp-block-cover__inner-container is-layout-flow wp-block-cover-is-layout-flow\">\n<div style=\"height:195px\" aria-hidden=\"true\" class=\"wp-block-spacer\"><\/div>\n\n\n\n<p class=\"has-text-align-center has-white-color has-text-color\" style=\"font-size:clamp(31.152px, 1.947rem + ((1vw - 3.2px) * 2.944), 55px);\"><strong>V\u00e5r arbeidshverdag<\/strong><\/p>\n<\/div><\/div>\n\n\n\n<div class=\"wp-block-group is-layout-constrained wp-block-group-is-layout-constrained\"><p class=\"t2-ingress wp-block-t2-ingress\">I departementene kan det v\u00e6re stor variasjon i arbeidshverdagen, alt ettersom hvilket fagomr\u00e5de du jobber innenfor, hvilke saker du har f\u00e5tt tildelt, din rolle i departementet og andre forutsetninger. <\/p>\n\n\n<p>Likevel er det noen fellestrekk som g\u00e5r igjen n\u00e5r man sp\u00f8r en ansatt i departementsfellesskapet om hva som kjennetegner en vanlig arbeidsdag:<\/p>\n\n\n\n<ul class=\"wp-block-list is-layout-flow wp-block-list-is-layout-flow\">\n<li>Gi faglige funderte r\u00e5d til politisk ledelse<\/li>\n\n\n\n<li>Gj\u00f8re analytiske faglige vurderinger og bruke din faglige kompetanse i arbeidet<\/li>\n\n\n\n<li>God blanding av langsiktige arbeidsoppgaver og dagsaktuelle saker med korte tidsfrister<\/li>\n\n\n\n<li>Skriftlig arbeid og utforming av gode beslutningsgrunnlag <\/li>\n\n\n\n<li>V\u00e6re en del av faglige diskusjoner \u2013 blant kollegaer, i m\u00f8ter, i samarbeid, med politisk ledelse m.m.<\/li>\n\n\n\n<li>Blanding av samarbeid (jobbe i team, prosjekt, samhandle om diverse saker m.m.) og selvstendig arbeid<\/li>\n<\/ul>\n\n\n\n<p>I departementene f\u00e5r du tidlig ansvar. Det gis tillit til medarbeidere med tanke p\u00e5 arbeidsmetoder og oppf\u00f8lging av saker.  <\/p>\n<\/div>\n\n\n\n<div class=\"wp-block-group is-layout-constrained wp-block-group-is-layout-constrained\">\n<h3 class=\"wp-block-heading\"><strong>B\u00e6rekraftsm\u00e5lene<\/strong><\/h3>\n\n\n\n<p>I departementene jobber vi for \u00e5 n\u00e5 FNs b\u00e6rekraftsm\u00e5l. FNs b\u00e6rekraftsm\u00e5l er verdens felles arbeidsplan for \u00e5 utrydde fattigdom, bekjempe ulikhet og stoppe klimaendringene innen 2030. Under kan du lese mer om ansvar og status for de enkelte m\u00e5lene i Norge og internasjonalt.<\/p>\n\n\n\n<figure class=\"wp-block-image size-large is-resized\"><img loading=\"lazy\" decoding=\"async\" width=\"1024\" height=\"518\" src=\"https:\/\/files.teststeder.regjeringen.no\/wpuploads01\/sites\/556\/2024\/01\/baerekraftsmal-1024x518.png\" alt=\"\" class=\"wp-image-259\" style=\"aspect-ratio:1.9768339768339769;width:711px;height:auto\" srcset=\"https:\/\/files.teststeder.regjeringen.no\/wpuploads01\/sites\/556\/2024\/01\/baerekraftsmal-1024x518.png 1024w, https:\/\/files.teststeder.regjeringen.no\/wpuploads01\/sites\/556\/2024\/01\/baerekraftsmal-300x152.png 300w, https:\/\/files.teststeder.regjeringen.no\/wpuploads01\/sites\/556\/2024\/01\/baerekraftsmal-768x389.png 768w, https:\/\/files.teststeder.regjeringen.no\/wpuploads01\/sites\/556\/2024\/01\/baerekraftsmal.png 1077w\" sizes=\"auto, (max-width: 1024px) 100vw, 1024px\" \/><\/figure>\n<\/div>\n\n\n\n<div class=\"wp-block-buttons is-layout-flex wp-block-buttons-is-layout-flex\">\n<div class=\"wp-block-button\"><a class=\"wp-block-button__link has-background wp-element-button\" href=\"https:\/\/www.regjeringen.no\/no\/tema\/fns-barekraftsmal\/id2590133\/\" style=\"--border-color:#2b658c;border-radius:15px;background-color:#2b658c\">Les mer p\u00e5 Regjeringen.no<\/a><\/div>\n<\/div>\n","protected":false},"excerpt":{"rendered":"<p>Likevel er det noen fellestrekk som g\u00e5r igjen n\u00e5r man sp\u00f8r en ansatt i departementsfellesskapet om hva som kjennetegner en vanlig arbeidsdag: I departementene f\u00e5r du tidlig ansvar. Det gis tillit til medarbeidere med tanke p\u00e5 arbeidsmetoder og oppf\u00f8lging av saker. B\u00e6rekraftsm\u00e5lene I departementene jobber vi for \u00e5 n\u00e5 FNs b\u00e6rekraftsm\u00e5l. FNs b\u00e6rekraftsm\u00e5l er verdens\u2026<\/p>\n","protected":false},"author":357,"featured_media":0,"parent":0,"menu_order":0,"comment_status":"closed","ping_status":"closed","template":"","meta":{"dss_simple_post_excerpt":"","dss_show_featured_image":true,"dss_show_title":true,"footnotes":""},"class_list":["post-112","page","type-page","status-publish","hentry"],"language":"nb-NO","_links":{"self":[{"href":"https:\/\/teststeder.regjeringen.no\/jobbidepartementene\/wp-json\/wp\/v2\/pages\/112","targetHints":{"allow":["GET"]}}],"collection":[{"href":"https:\/\/teststeder.regjeringen.no\/jobbidepartementene\/wp-json\/wp\/v2\/pages"}],"about":[{"href":"https:\/\/teststeder.regjeringen.no\/jobbidepartementene\/wp-json\/wp\/v2\/types\/page"}],"author":[{"embeddable":true,"href":"https:\/\/teststeder.regjeringen.no\/jobbidepartementene\/wp-json\/wp\/v2\/users\/357"}],"replies":[{"embeddable":true,"href":"https:\/\/teststeder.regjeringen.no\/jobbidepartementene\/wp-json\/wp\/v2\/comments?post=112"}],"version-history":[{"count":3,"href":"https:\/\/teststeder.regjeringen.no\/jobbidepartementene\/wp-json\/wp\/v2\/pages\/112\/revisions"}],"predecessor-version":[{"id":454,"href":"https:\/\/teststeder.regjeringen.no\/jobbidepartementene\/wp-json\/wp\/v2\/pages\/112\/revisions\/454"}],"wp:attachment":[{"href":"https:\/\/teststeder.regjeringen.no\/jobbidepartementene\/wp-json\/wp\/v2\/media?parent=112"}],"curies":[{"name":"wp","href":"https:\/\/api.w.org\/{rel}","templated":true}]}}