{"id":334,"date":"2024-01-08T14:47:51","date_gmt":"2024-01-08T13:47:51","guid":{"rendered":"https:\/\/nettsteder.regjeringen.no\/jobbidepartementene\/?page_id=334"},"modified":"2024-01-09T13:23:59","modified_gmt":"2024-01-09T12:23:59","slug":"maryam","status":"publish","type":"page","link":"https:\/\/teststeder.regjeringen.no\/jobbidepartementene\/mot-ansatte-i-departementene\/maryam\/","title":{"rendered":"Maryam"},"content":{"rendered":"\n<div class=\"wp-block-media-text alignwide is-stacked-on-mobile is-image-fill has-background\" style=\"background-color:#dae3e8\"><figure class=\"wp-block-media-text__media\" style=\"background-image:url(https:\/\/files.teststeder.regjeringen.no\/wpuploads01\/sites\/556\/2024\/01\/Maryam-768x1024.jpg);background-position:50% 50%\"><img loading=\"lazy\" decoding=\"async\" width=\"768\" height=\"1024\" src=\"https:\/\/files.teststeder.regjeringen.no\/wpuploads01\/sites\/556\/2024\/01\/Maryam-768x1024.jpg\" alt=\"\" class=\"wp-image-336 size-full\" srcset=\"https:\/\/files.teststeder.regjeringen.no\/wpuploads01\/sites\/556\/2024\/01\/Maryam-768x1024.jpg 768w, https:\/\/files.teststeder.regjeringen.no\/wpuploads01\/sites\/556\/2024\/01\/Maryam-225x300.jpg 225w, https:\/\/files.teststeder.regjeringen.no\/wpuploads01\/sites\/556\/2024\/01\/Maryam-1152x1536.jpg 1152w, https:\/\/files.teststeder.regjeringen.no\/wpuploads01\/sites\/556\/2024\/01\/Maryam-1536x2048.jpg 1536w, https:\/\/files.teststeder.regjeringen.no\/wpuploads01\/sites\/556\/2024\/01\/Maryam-scaled.jpg 1920w\" sizes=\"auto, (max-width: 768px) 100vw, 768px\" \/><\/figure><div class=\"wp-block-media-text__content\">\n<h2 class=\"wp-block-heading has-black-color has-text-color\">Maryam <\/h2>\n\n\n\n<div class=\"wp-block-columns is-layout-flex wp-container-core-columns-is-layout-9d6595d7 wp-block-columns-is-layout-flex\">\n<div class=\"wp-block-column is-layout-flow wp-block-column-is-layout-flow\" style=\"flex-basis:66.66%\"><p class=\"t2-ingress wp-block-t2-ingress\">Jurist   <\/p>\n\n\n<h4 class=\"wp-block-heading\">Digitaliserings- og forvaltningsdepartementet<\/h4>\n<\/div>\n\n\n\n<div class=\"wp-block-column is-layout-flow wp-block-column-is-layout-flow\" style=\"flex-basis:33.33%\"><\/div>\n<\/div>\n\n\n\n<div class=\"wp-block-buttons is-layout-flex wp-block-buttons-is-layout-flex\">\n<div class=\"wp-block-button\"><a class=\"wp-block-button__link has-background wp-element-button\" href=\"https:\/\/teststeder.regjeringen.no\/jobbidepartementene\/mot-ansatte-i-departementene\/\" style=\"--border-color:#2b658c;border-radius:15px;background-color:#2b658c\">Les om andre ansatte<\/a><\/div>\n<\/div>\n\n\n\n<p><\/p>\n<\/div><\/div>\n\n\n\n<h3 class=\"wp-block-heading\">Bakgrunn <\/h3>\n\n\n\n<p>Jeg er utdannet jurist fra Universitetet i Oslo, og fullf\u00f8rte studiene v\u00e5ren 2022. Under studiene jobbet jeg blant annet deltid i Finanstilsynet og i Gatejuristen. Jeg s\u00f8kte meg til DFD fordi jeg var nysgjerrig p\u00e5 hvordan det er jobbe i et departement og p\u00e5 grunn av de spennende og dagsaktuelle oppgavene. F\u00f8r jeg kom til DFD, jobbet jeg omtrent ett \u00e5r som klagesaksbehandler i Sivilombudet.<\/p>\n\n\n\n<h3 class=\"wp-block-heading\">Min arbeidshverdag<\/h3>\n\n\n\n<p>Jeg jobber i Arbeidsgiverpolitisk avdeling, hovedsakelig med arbeidsrett. Arbeidshverdagen min best\u00e5r av varierte oppgaver og som oftest en kombinasjon av teamarbeid og selvstendig arbeid. En arbeidsdag kan for eksempel v\u00e6re fylt av prosjektarbeid, saksbehandling, arbeid med bestillinger fra politisk ledelse eller besvarelse av ulike sp\u00f8rsm\u00e5l om regelverk som avdelingen har ansvar for.<\/p>\n\n\n\n<p>Det jeg liker aller best med \u00e5 jobbe i DFD er den faglige variasjonen i arbeidsoppgaver og blandingen av langsiktige prosjekter og oppgaver med kortere frister. Jeg har ogs\u00e5 veldig dyktige og hyggelige kolleger som gjerne deler kunnskap og erfaringer videre, og som er klare til \u00e5 diskutere vanskelige problemstillinger som dukker opp.<\/p>\n\n\n\n<h3 class=\"wp-block-heading\">Bruk av faglig bakgrunn<\/h3>\n\n\n\n<p>Jeg bruker jusutdanningen hele tiden i det daglige arbeidet, da de aller fleste oppgavene mine er juridiske. Ellers er godt spr\u00e5k spesielt viktig i arbeidet, og skriveferdighetene man opparbeider seg gjennom studiet kommer godt til nytte. For meg som relativt nyutdannet er ellers diskusjoner med gode kolleger s\u00e6rlig viktig for kompetanseutviklingen.<\/p>\n","protected":false},"excerpt":{"rendered":"<p>Bakgrunn Jeg er utdannet jurist fra Universitetet i Oslo, og fullf\u00f8rte studiene v\u00e5ren 2022. Under studiene jobbet jeg blant annet deltid i Finanstilsynet og i Gatejuristen. Jeg s\u00f8kte meg til DFD fordi jeg var nysgjerrig p\u00e5 hvordan det er jobbe i et departement og p\u00e5 grunn av de spennende og dagsaktuelle oppgavene. F\u00f8r jeg kom\u2026<\/p>\n","protected":false},"author":3325,"featured_media":337,"parent":37,"menu_order":0,"comment_status":"closed","ping_status":"closed","template":"","meta":{"dss_simple_post_excerpt":"Jurist | Digitaliserings- og forvaltningsdepartementet","dss_show_featured_image":false,"dss_show_title":true,"footnotes":""},"class_list":["post-334","page","type-page","status-publish","has-post-thumbnail","hentry"],"language":"nb-NO","_links":{"self":[{"href":"https:\/\/teststeder.regjeringen.no\/jobbidepartementene\/wp-json\/wp\/v2\/pages\/334","targetHints":{"allow":["GET"]}}],"collection":[{"href":"https:\/\/teststeder.regjeringen.no\/jobbidepartementene\/wp-json\/wp\/v2\/pages"}],"about":[{"href":"https:\/\/teststeder.regjeringen.no\/jobbidepartementene\/wp-json\/wp\/v2\/types\/page"}],"author":[{"embeddable":true,"href":"https:\/\/teststeder.regjeringen.no\/jobbidepartementene\/wp-json\/wp\/v2\/users\/3325"}],"replies":[{"embeddable":true,"href":"https:\/\/teststeder.regjeringen.no\/jobbidepartementene\/wp-json\/wp\/v2\/comments?post=334"}],"version-history":[{"count":3,"href":"https:\/\/teststeder.regjeringen.no\/jobbidepartementene\/wp-json\/wp\/v2\/pages\/334\/revisions"}],"predecessor-version":[{"id":362,"href":"https:\/\/teststeder.regjeringen.no\/jobbidepartementene\/wp-json\/wp\/v2\/pages\/334\/revisions\/362"}],"up":[{"embeddable":true,"href":"https:\/\/teststeder.regjeringen.no\/jobbidepartementene\/wp-json\/wp\/v2\/pages\/37"}],"wp:featuredmedia":[{"embeddable":true,"href":"https:\/\/teststeder.regjeringen.no\/jobbidepartementene\/wp-json\/wp\/v2\/media\/337"}],"wp:attachment":[{"href":"https:\/\/teststeder.regjeringen.no\/jobbidepartementene\/wp-json\/wp\/v2\/media?parent=334"}],"curies":[{"name":"wp","href":"https:\/\/api.w.org\/{rel}","templated":true}]}}