{"id":340,"date":"2024-01-08T14:54:07","date_gmt":"2024-01-08T13:54:07","guid":{"rendered":"https:\/\/nettsteder.regjeringen.no\/jobbidepartementene\/?page_id=340"},"modified":"2024-01-10T15:02:15","modified_gmt":"2024-01-10T14:02:15","slug":"sigurd","status":"publish","type":"page","link":"https:\/\/teststeder.regjeringen.no\/jobbidepartementene\/mot-ansatte-i-departementene\/sigurd\/","title":{"rendered":"Sigurd"},"content":{"rendered":"\n<div class=\"wp-block-media-text alignwide is-stacked-on-mobile has-background\" style=\"background-color:#dae3e8;grid-template-columns:32% auto\"><figure class=\"wp-block-media-text__media\"><img loading=\"lazy\" decoding=\"async\" width=\"742\" height=\"884\" src=\"https:\/\/files.teststeder.regjeringen.no\/wpuploads01\/sites\/556\/2024\/01\/sigurd1.png\" alt=\"\" class=\"wp-image-393 size-full\" srcset=\"https:\/\/files.teststeder.regjeringen.no\/wpuploads01\/sites\/556\/2024\/01\/sigurd1.png 742w, https:\/\/files.teststeder.regjeringen.no\/wpuploads01\/sites\/556\/2024\/01\/sigurd1-252x300.png 252w\" sizes=\"auto, (max-width: 742px) 100vw, 742px\" \/><\/figure><div class=\"wp-block-media-text__content\">\n<h2 class=\"wp-block-heading has-black-color has-text-color\">Sigurd <\/h2>\n\n\n\n<div class=\"wp-block-columns is-layout-flex wp-container-core-columns-is-layout-9d6595d7 wp-block-columns-is-layout-flex\">\n<div class=\"wp-block-column is-layout-flow wp-block-column-is-layout-flow\" style=\"flex-basis:66.66%\"><p class=\"t2-ingress wp-block-t2-ingress\">Samfunns\u00f8konom <\/p>\n\n\n<h4 class=\"wp-block-heading\">Kommunal- og distriktsdepartementet<\/h4>\n<\/div>\n\n\n\n<div class=\"wp-block-column is-layout-flow wp-block-column-is-layout-flow\" style=\"flex-basis:33.33%\"><\/div>\n<\/div>\n\n\n\n<div class=\"wp-block-buttons is-layout-flex wp-block-buttons-is-layout-flex\">\n<div class=\"wp-block-button\"><a class=\"wp-block-button__link has-background wp-element-button\" href=\"https:\/\/teststeder.regjeringen.no\/jobbidepartementene\/mot-ansatte-i-departementene\/\" style=\"--border-color:#2b658c;border-radius:15px;background-color:#2b658c\">Les om andre ansatte<\/a><\/div>\n<\/div>\n\n\n\n<p><\/p>\n<\/div><\/div>\n\n\n\n<h3 class=\"wp-block-heading\">Bakgrunn <\/h3>\n\n\n\n<p>Jeg har en mastergrad i samfunns\u00f8konomi fra NTNU i Trondheim. I forbindelse med mitt studium hadde jeg et internship hos Senter for \u00f8konomisk forskning, en avdeling ved NTNU Samfunnsforskning. Erfaringen fra internshipet og studiet generelt bidro til at jeg \u00f8nsket en jobb i skj\u00e6ringspunktet mellom analyse og politikk.<\/p>\n\n\n\n<h3 class=\"wp-block-heading\">Min arbeidshverdag <\/h3>\n\n\n\n<p>Min arbeidshverdag i KDD er variert. Det veksler mellom enkeltsaker og st\u00f8rre utredningsoppgaver. Min seksjon har ansvar for tiltak og virkemidler for \u00e5 sikre byggkvalitet, og her er energieffektivisering i bygg og klimavennlig byggevirksomhet viktige tema.<br><br>Min avdeling jobber ellers med bolig- og byggemarkedet og bolig- og bygningsrett. Jeg har dyktige kollegaer med forskjellige fagbakgrunn, og mye av arbeidsoppgaver l\u00f8ses med tverrfaglig samarbeid, b\u00e5de internt i avdelingen, men ogs\u00e5 p\u00e5 tvers av avdelinger i KDD og p\u00e5 tvers av departementene. Jeg synes det er utrolig spennende \u00e5 jobbe med sentrale og dagsaktuelle samfunnssp\u00f8rsm\u00e5l, og samtidig v\u00e6re tett p\u00e5 de politiske prosessene.<\/p>\n\n\n\n<h3 class=\"wp-block-heading\">Bruk av faglig bakgrunn  <\/h3>\n\n\n\n<p>Som ansatt i et departement er det viktig \u00e5 ha god kunnskap om sitt fagomr\u00e5de, samtidig som en tverrfaglig og helhetlig samfunnsforst\u00e5else ogs\u00e5 er veldig viktig. Dette er noe jeg er sv\u00e6rt opptatt av, og er en viktig oppgave som samfunns\u00f8konom i departementet.<br>Mye av vurderingene vi gj\u00f8r, tar utgangspunkt i eksterne og interne utredninger. Det \u00e5 vurdere nyttevirkninger av ulike tiltak, forst\u00e5 hvilke konsekvenser de har og sette sammen flere utredninger til et kunnskapsgrunnlag er veldige sentrale oppgaver.<\/p>\n\n\n\n<p><\/p>\n","protected":false},"excerpt":{"rendered":"<p>Bakgrunn Jeg har en mastergrad i samfunns\u00f8konomi fra NTNU i Trondheim. I forbindelse med mitt studium hadde jeg et internship hos Senter for \u00f8konomisk forskning, en avdeling ved NTNU Samfunnsforskning. Erfaringen fra internshipet og studiet generelt bidro til at jeg \u00f8nsket en jobb i skj\u00e6ringspunktet mellom analyse og politikk. Min arbeidshverdag Min arbeidshverdag i KDD\u2026<\/p>\n","protected":false},"author":3325,"featured_media":394,"parent":37,"menu_order":0,"comment_status":"closed","ping_status":"closed","template":"","meta":{"dss_simple_post_excerpt":"Samfunns\u00f8konom | Kommunal- og distriktsdepartementet","dss_show_featured_image":false,"dss_show_title":true,"footnotes":""},"class_list":["post-340","page","type-page","status-publish","has-post-thumbnail","hentry"],"language":"nb-NO","_links":{"self":[{"href":"https:\/\/teststeder.regjeringen.no\/jobbidepartementene\/wp-json\/wp\/v2\/pages\/340","targetHints":{"allow":["GET"]}}],"collection":[{"href":"https:\/\/teststeder.regjeringen.no\/jobbidepartementene\/wp-json\/wp\/v2\/pages"}],"about":[{"href":"https:\/\/teststeder.regjeringen.no\/jobbidepartementene\/wp-json\/wp\/v2\/types\/page"}],"author":[{"embeddable":true,"href":"https:\/\/teststeder.regjeringen.no\/jobbidepartementene\/wp-json\/wp\/v2\/users\/3325"}],"replies":[{"embeddable":true,"href":"https:\/\/teststeder.regjeringen.no\/jobbidepartementene\/wp-json\/wp\/v2\/comments?post=340"}],"version-history":[{"count":3,"href":"https:\/\/teststeder.regjeringen.no\/jobbidepartementene\/wp-json\/wp\/v2\/pages\/340\/revisions"}],"predecessor-version":[{"id":395,"href":"https:\/\/teststeder.regjeringen.no\/jobbidepartementene\/wp-json\/wp\/v2\/pages\/340\/revisions\/395"}],"up":[{"embeddable":true,"href":"https:\/\/teststeder.regjeringen.no\/jobbidepartementene\/wp-json\/wp\/v2\/pages\/37"}],"wp:featuredmedia":[{"embeddable":true,"href":"https:\/\/teststeder.regjeringen.no\/jobbidepartementene\/wp-json\/wp\/v2\/media\/394"}],"wp:attachment":[{"href":"https:\/\/teststeder.regjeringen.no\/jobbidepartementene\/wp-json\/wp\/v2\/media?parent=340"}],"curies":[{"name":"wp","href":"https:\/\/api.w.org\/{rel}","templated":true}]}}