{"id":49,"date":"2022-12-12T12:38:36","date_gmt":"2022-12-12T11:38:36","guid":{"rendered":"https:\/\/nettsteder.regjeringen.no\/jobbikdd\/?page_id=49"},"modified":"2024-01-26T12:41:04","modified_gmt":"2024-01-26T11:41:04","slug":"ledige-stillinger","status":"publish","type":"page","link":"https:\/\/teststeder.regjeringen.no\/jobbikdd\/ledige-stillinger\/","title":{"rendered":"Ledige stillinger"},"content":{"rendered":"\n<div class=\"wp-block-media-text alignfull is-stacked-on-mobile is-image-fill has-black-color has-background-100-background-color has-text-color has-background\" style=\"grid-template-columns:40% auto\"><figure class=\"wp-block-media-text__media\" style=\"background-image:url(https:\/\/files.teststeder.regjeringen.no\/wpuploads01\/sites\/529\/2023\/03\/E3A4229.jpg);background-position:50% 50%\"><div class=\"t2-image-credit-wrapper\"><img loading=\"lazy\" decoding=\"async\" width=\"800\" height=\"533\" src=\"https:\/\/files.teststeder.regjeringen.no\/wpuploads01\/sites\/529\/2023\/03\/E3A4229.jpg\" alt=\"\" class=\"wp-image-474 size-full\" srcset=\"https:\/\/files.teststeder.regjeringen.no\/wpuploads01\/sites\/529\/2023\/03\/E3A4229.jpg 800w, https:\/\/files.teststeder.regjeringen.no\/wpuploads01\/sites\/529\/2023\/03\/E3A4229-300x200.jpg 300w, https:\/\/files.teststeder.regjeringen.no\/wpuploads01\/sites\/529\/2023\/03\/E3A4229-768x512.jpg 768w\" sizes=\"auto, (max-width: 800px) 100vw, 800px\" \/><span class=\"t2-image-credit\">\n\t\t\t\t<button type=\"button\" class=\"t2-image-credit-toggle\" aria-expanded=\"false\" aria-controls=\"image-credit\" aria-label=\"Toggle image credit\"><svg xmlns=\"http:\/\/www.w3.org\/2000\/svg\" viewBox=\"0 0 24 24\" height=\"24\" width=\"24\" class=\"t2-icon t2-icon-info\" aria-hidden=\"true\" focusable=\"false\"><path d=\"M12 17c.3 0 .5-.1.7-.3s.3-.4.3-.7v-4c0-.3-.1-.5-.3-.7-.2-.2-.4-.3-.7-.3s-.5.1-.7.3c-.2.2-.3.4-.3.7v4c0 .3.1.5.3.7s.4.3.7.3zm0-8c.3 0 .5-.1.7-.3.2-.2.3-.4.3-.7 0-.3-.1-.5-.3-.7-.2-.2-.4-.3-.7-.3s-.5.1-.7.3c-.2.2-.3.4-.3.7 0 .3.1.5.3.7.2.2.4.3.7.3zm0 13c-1.4 0-2.7-.3-3.9-.8-1.2-.5-2.3-1.2-3.2-2.1s-1.6-2-2.1-3.2S2 13.4 2 12s.3-2.7.8-3.9S4 5.8 4.9 4.9s2-1.6 3.2-2.1S10.6 2 12 2s2.7.3 3.9.8 2.3 1.2 3.2 2.1 1.6 2 2.1 3.2c.5 1.2.8 2.5.8 3.9s-.3 2.7-.8 3.9c-.5 1.2-1.2 2.3-2.1 3.2s-2 1.6-3.2 2.1c-1.2.5-2.5.8-3.9.8z\" fill=\"currentColor\" \/><\/svg><\/button>\n\t\t\t\t<span class=\"t2-image-credit-text wp-element-caption\" id=\"image-credit\" hidden>Foto: Anne Lise Nordheim<\/span>\n\t\t\t<\/span><\/div><\/figure><div class=\"wp-block-media-text__content\">\n<p class=\"has-large-font-size\"><strong>Ledige stillinger<\/strong><\/p>\n\n\n\n<div class=\"wp-block-columns is-layout-flex wp-container-core-columns-is-layout-9d6595d7 wp-block-columns-is-layout-flex\">\n<div class=\"wp-block-column is-layout-flow wp-block-column-is-layout-flow\"><p class=\"t2-ingress wp-block-t2-ingress\">Du kan s\u00f8ke jobb i Kommunal- og distriktsdepartementet via v\u00e5r elektroniske jobbportal JobbNorge. Der kan du registrere din CV, skrive s\u00f8knad, legge ved elektroniske attester og vitnem\u00e5l og sende alt elektronisk.<\/p>\n\n\n<div style=\"height:31px\" aria-hidden=\"true\" class=\"wp-block-spacer\"><\/div>\n<\/div>\n\n\n\n<div class=\"wp-block-column is-layout-flow wp-block-column-is-layout-flow\"><\/div>\n<\/div>\n<\/div><\/div>\n\n\n\n<div class=\"wp-block-group alignwide has-background-100-background-color has-background is-layout-flow wp-block-group-is-layout-flow\">\n<h3 class=\"wp-block-heading\">Ledige stillinger i Kommunal- og distriktsdepartementet<\/h3>\n\n\n<div class=\"wp-block-dss-jobbnorge__wrapper has-pagination wp-block-dss-jobbnorge\" aria-live=\"polite\" data-block-instance=\"jobbnorge-1-5296\" data-autoscroll-threshold=\"0.25\"><div class=\"jobbnorge-pagination-status screen-reader-text\" aria-live=\"polite\" role=\"status\" data-status-for=\"jobbnorge-1-5296\">Showing 1\u20131 of 1 jobs. Page 1 of 1.<\/div><ul class=\"wp-block-dss-jobbnorge\" data-attributes=\"{&quot;employerID&quot;:&quot;1996&quot;,&quot;displayEmployer&quot;:false,&quot;displayDate&quot;:true,&quot;displayDeadline&quot;:false,&quot;displayScope&quot;:false,&quot;displayExcerpt&quot;:true,&quot;excerptLength&quot;:55,&quot;blockLayout&quot;:&quot;list&quot;,&quot;orderBy&quot;:&quot;Deadline&quot;,&quot;columns&quot;:3,&quot;itemsToShow&quot;:10,&quot;enablePagination&quot;:true,&quot;jobsPerPage&quot;:10,&quot;disableAutoScroll&quot;:false,&quot;noJobsMessage&quot;:&quot;&quot;,&quot;instanceId&quot;:&quot;jobbnorge-1-5296&quot;}\"><li class=\"wp-block-dss-jobbnorge__item\"><div class=\"wp-block-dss-jobbnorge__item-title\"><a href=\"https:\/\/www.jobbnorge.no\/ledige-stillinger\/stilling\/296722\">Utgreiingsleiar\/fagdirekt\u00f8r<\/a><\/div><div class=\"wp-block-dss-jobbnorge__item-excerpt\">Er du oppteken av samspelet mellom staten og kommunesektoren? <a href=\"https:\/\/www.jobbnorge.no\/ledige-stillinger\/stilling\/296722\">Les mer<\/a><\/div><\/li><\/ul><\/div><\/div>\n","protected":false},"excerpt":{"rendered":"<p>Ledige stillinger i Kommunal- og distriktsdepartementet<\/p>\n","protected":false},"author":357,"featured_media":0,"parent":0,"menu_order":0,"comment_status":"closed","ping_status":"closed","template":"","meta":{"dss_simple_post_excerpt":"","dss_show_featured_image":false,"dss_show_title":true,"footnotes":""},"class_list":["post-49","page","type-page","status-publish","hentry"],"language":"nb-NO","_links":{"self":[{"href":"https:\/\/teststeder.regjeringen.no\/jobbikdd\/wp-json\/wp\/v2\/pages\/49","targetHints":{"allow":["GET"]}}],"collection":[{"href":"https:\/\/teststeder.regjeringen.no\/jobbikdd\/wp-json\/wp\/v2\/pages"}],"about":[{"href":"https:\/\/teststeder.regjeringen.no\/jobbikdd\/wp-json\/wp\/v2\/types\/page"}],"author":[{"embeddable":true,"href":"https:\/\/teststeder.regjeringen.no\/jobbikdd\/wp-json\/wp\/v2\/users\/357"}],"replies":[{"embeddable":true,"href":"https:\/\/teststeder.regjeringen.no\/jobbikdd\/wp-json\/wp\/v2\/comments?post=49"}],"version-history":[{"count":3,"href":"https:\/\/teststeder.regjeringen.no\/jobbikdd\/wp-json\/wp\/v2\/pages\/49\/revisions"}],"predecessor-version":[{"id":595,"href":"https:\/\/teststeder.regjeringen.no\/jobbikdd\/wp-json\/wp\/v2\/pages\/49\/revisions\/595"}],"wp:attachment":[{"href":"https:\/\/teststeder.regjeringen.no\/jobbikdd\/wp-json\/wp\/v2\/media?parent=49"}],"curies":[{"name":"wp","href":"https:\/\/api.w.org\/{rel}","templated":true}]}}