{"id":636,"date":"2025-01-02T15:43:38","date_gmt":"2025-01-02T14:43:38","guid":{"rendered":"https:\/\/nettsteder.regjeringen.no\/jobbikdd\/?page_id=636"},"modified":"2025-01-02T15:45:13","modified_gmt":"2025-01-02T14:45:13","slug":"hilde-olea","status":"publish","type":"page","link":"https:\/\/teststeder.regjeringen.no\/jobbikdd\/ansatte-om-kdd\/hilde-olea\/","title":{"rendered":"Hilde Olea"},"content":{"rendered":"\n<div class=\"wp-block-media-text alignwide is-stacked-on-mobile is-vertically-aligned-center has-black-color has-background-100-background-color has-text-color has-background\" style=\"grid-template-columns:48% auto\"><figure class=\"wp-block-media-text__media\"><div class=\"t2-image-credit-wrapper\"><img loading=\"lazy\" decoding=\"async\" width=\"1024\" height=\"683\" src=\"https:\/\/files.teststeder.regjeringen.no\/wpuploads01\/sites\/529\/2025\/01\/1E3A6585-1024x683.jpg\" alt=\"portrett av kvinne med blazer og briller\" class=\"wp-image-637 size-large\" srcset=\"https:\/\/files.teststeder.regjeringen.no\/wpuploads01\/sites\/529\/2025\/01\/1E3A6585-1024x683.jpg 1024w, https:\/\/files.teststeder.regjeringen.no\/wpuploads01\/sites\/529\/2025\/01\/1E3A6585-300x200.jpg 300w, https:\/\/files.teststeder.regjeringen.no\/wpuploads01\/sites\/529\/2025\/01\/1E3A6585-768x512.jpg 768w, https:\/\/files.teststeder.regjeringen.no\/wpuploads01\/sites\/529\/2025\/01\/1E3A6585-1536x1025.jpg 1536w, https:\/\/files.teststeder.regjeringen.no\/wpuploads01\/sites\/529\/2025\/01\/1E3A6585-2048x1366.jpg 2048w\" sizes=\"auto, (max-width: 1024px) 100vw, 1024px\" \/><span class=\"t2-image-credit\">\n\t\t\t\t<button type=\"button\" class=\"t2-image-credit-toggle\" aria-expanded=\"false\" aria-controls=\"image-credit\" aria-label=\"Toggle image credit\"><svg xmlns=\"http:\/\/www.w3.org\/2000\/svg\" viewBox=\"0 0 24 24\" height=\"24\" width=\"24\" class=\"t2-icon t2-icon-info\" aria-hidden=\"true\" focusable=\"false\"><path d=\"M12 17c.3 0 .5-.1.7-.3s.3-.4.3-.7v-4c0-.3-.1-.5-.3-.7-.2-.2-.4-.3-.7-.3s-.5.1-.7.3c-.2.2-.3.4-.3.7v4c0 .3.1.5.3.7s.4.3.7.3zm0-8c.3 0 .5-.1.7-.3.2-.2.3-.4.3-.7 0-.3-.1-.5-.3-.7-.2-.2-.4-.3-.7-.3s-.5.1-.7.3c-.2.2-.3.4-.3.7 0 .3.1.5.3.7.2.2.4.3.7.3zm0 13c-1.4 0-2.7-.3-3.9-.8-1.2-.5-2.3-1.2-3.2-2.1s-1.6-2-2.1-3.2S2 13.4 2 12s.3-2.7.8-3.9S4 5.8 4.9 4.9s2-1.6 3.2-2.1S10.6 2 12 2s2.7.3 3.9.8 2.3 1.2 3.2 2.1 1.6 2 2.1 3.2c.5 1.2.8 2.5.8 3.9s-.3 2.7-.8 3.9c-.5 1.2-1.2 2.3-2.1 3.2s-2 1.6-3.2 2.1c-1.2.5-2.5.8-3.9.8z\" fill=\"currentColor\" \/><\/svg><\/button>\n\t\t\t\t<span class=\"t2-image-credit-text wp-element-caption\" id=\"image-credit\" hidden>Foto: \u00a9 FOTO TROND ISAKSEN<\/span>\n\t\t\t<\/span><\/div><\/figure><div class=\"wp-block-media-text__content\">\n<h2 class=\"wp-block-heading\">Hilde Olea<\/h2>\n\n\n\n<p>Jurist<\/p>\n\n\n<p class=\"t2-ingress wp-block-t2-ingress\">Avdelingsdirekt\u00f8r for seksjon for forvaltning og lovutvikling i Planavdelingen<\/p>\n\n\n<div class=\"wp-block-buttons is-layout-flex wp-block-buttons-is-layout-flex\">\n<div class=\"wp-block-button\"><a class=\"wp-block-button__link has-background wp-element-button\" href=\"https:\/\/teststeder.regjeringen.no\/jobbikdd\/ansatte-om-kdd\/\" style=\"--border-color:#029aa2;border-radius:10px;background-color:#029aa2\">Les om andre ansatte i KDD<\/a><\/div>\n<\/div>\n<\/div><\/div>\n\n\n\n<h3 class=\"wp-block-heading\">Bakgrunn<\/h3>\n\n\n\n<p>Jeg er jurist fra universitetet i Oslo og var ferdig utdannet i 1998, men har jobbet med ledelse i n\u00e6rmere 20 \u00e5r.<\/p>\n\n\n\n<h3 class=\"wp-block-heading\">Min arbeidshverdag<\/h3>\n\n\n\n<p>Seksjonens hovedansvar er \u00e5 v\u00e6re landets \u00f8verste planmyndighet. Vi besvarer tolkningssp\u00f8rsm\u00e5l knyttet til plandelen av plan- og bygningsloven og behandler klagesaker, omgj\u00f8ringssaker og erstatningskrav. Vi representerer ogs\u00e5 staten i rettsprosesser p\u00e5 saksomr\u00e5det. Videre har vi ansvaret for \u00e5 passe p\u00e5 at plan- og bygningsloven, med tilh\u00f8rende forskrifter, utvikler seg i tr\u00e5d med samfunnets behov og at vi utvikler veiledning som gj\u00f8r loven forst\u00e5elig og tilgjengelig for brukerne. Dette gir oss en viktig rolle i arealplanleggingsarbeidet som gj\u00f8res over hele landet.<\/p>\n\n\n\n<h3 class=\"wp-block-heading\">Bruk av faglig bakgrunn<\/h3>\n\n\n\n<p>Denne jobben er for meg som et kinderegg. Jeg f\u00e5r jobbe med spennende juridiske problemstillinger og v\u00e6re med \u00e5 p\u00e5virke samfunnsutviklingen ved at jeg f\u00e5r delta i viktig lovarbeid, her blir jeg utfordret p\u00e5 min juridiske kompetanse og f\u00e5r l\u00e6re og utviklet jussen min. Jeg f\u00e5r ogs\u00e5 brukt, utfordret og utviklet lederegenskapene mine. Endelig f\u00e5r jeg tilfredsstilt behovet for \u00e5 jobbe i et trygt og hyggelig arbeidsmilj\u00f8 med mange trivelige kolleger.<\/p>\n","protected":false},"excerpt":{"rendered":"<p>Bakgrunn Jeg er jurist fra universitetet i Oslo og var ferdig utdannet i 1998, men har jobbet med ledelse i n\u00e6rmere 20 \u00e5r. Min arbeidshverdag Seksjonens hovedansvar er \u00e5 v\u00e6re landets \u00f8verste planmyndighet. Vi besvarer tolkningssp\u00f8rsm\u00e5l knyttet til plandelen av plan- og bygningsloven og behandler klagesaker, omgj\u00f8ringssaker og erstatningskrav. Vi representerer ogs\u00e5 staten i rettsprosesser\u2026<\/p>\n","protected":false},"author":3270,"featured_media":637,"parent":355,"menu_order":0,"comment_status":"closed","ping_status":"closed","template":"","meta":{"dss_simple_post_excerpt":"Jurist | Avdelingsdirekt\u00f8r for seksjon for forvaltning og lovutvikling i Planavdelingen","dss_show_featured_image":false,"dss_show_title":true,"footnotes":""},"class_list":["post-636","page","type-page","status-publish","has-post-thumbnail","hentry"],"language":"nb-NO","_links":{"self":[{"href":"https:\/\/teststeder.regjeringen.no\/jobbikdd\/wp-json\/wp\/v2\/pages\/636","targetHints":{"allow":["GET"]}}],"collection":[{"href":"https:\/\/teststeder.regjeringen.no\/jobbikdd\/wp-json\/wp\/v2\/pages"}],"about":[{"href":"https:\/\/teststeder.regjeringen.no\/jobbikdd\/wp-json\/wp\/v2\/types\/page"}],"author":[{"embeddable":true,"href":"https:\/\/teststeder.regjeringen.no\/jobbikdd\/wp-json\/wp\/v2\/users\/3270"}],"replies":[{"embeddable":true,"href":"https:\/\/teststeder.regjeringen.no\/jobbikdd\/wp-json\/wp\/v2\/comments?post=636"}],"version-history":[{"count":1,"href":"https:\/\/teststeder.regjeringen.no\/jobbikdd\/wp-json\/wp\/v2\/pages\/636\/revisions"}],"predecessor-version":[{"id":638,"href":"https:\/\/teststeder.regjeringen.no\/jobbikdd\/wp-json\/wp\/v2\/pages\/636\/revisions\/638"}],"up":[{"embeddable":true,"href":"https:\/\/teststeder.regjeringen.no\/jobbikdd\/wp-json\/wp\/v2\/pages\/355"}],"wp:featuredmedia":[{"embeddable":true,"href":"https:\/\/teststeder.regjeringen.no\/jobbikdd\/wp-json\/wp\/v2\/media\/637"}],"wp:attachment":[{"href":"https:\/\/teststeder.regjeringen.no\/jobbikdd\/wp-json\/wp\/v2\/media?parent=636"}],"curies":[{"name":"wp","href":"https:\/\/api.w.org\/{rel}","templated":true}]}}