{"id":29,"date":"2020-12-02T09:46:56","date_gmt":"2020-12-02T08:46:56","guid":{"rendered":"https:\/\/nettsteder.regjeringen.no\/kontaktkonferansen\/?page_id=29"},"modified":"2021-09-16T14:11:47","modified_gmt":"2021-09-16T12:11:47","slug":"kontaktkonferansen-2021","status":"publish","type":"page","link":"https:\/\/teststeder.regjeringen.no\/kontaktkonferansen\/kontaktkonferansen-2021\/","title":{"rendered":"Kontaktkonferansen 2021"},"content":{"rendered":"<div id=\"module-0\" class=\"hogan-module hogan-module-banner hogan-module-0 hogan-banner-content-left hogan-module-width-full hogan-banner-theme-none-transparent hogan-banner-layout-full hogan-banner-text-left module-no-gap container-full-width\"><div class=\"hogan-module-inner banner-height-50 tagline-fontsize-16 heading-fontsize-32 content-fontsize-16\"><div class=\"hogan-banner\">\n\t<div class=\"hogan-banner-column hogan-banner-image hogan-banner-dim-image\">\n\t\t<img loading=\"lazy\" decoding=\"async\" width=\"1920\" height=\"500\" src=\"https:\/\/files.teststeder.regjeringen.no\/wpuploads01\/blogs.dir\/443\/files\/2020\/12\/banner-2.jpg\" class=\"attachment-browser-full-width size-browser-full-width\" alt=\"\" srcset=\"https:\/\/files.teststeder.regjeringen.no\/wpuploads01\/blogs.dir\/443\/files\/2020\/12\/banner-2.jpg 1920w, https:\/\/files.teststeder.regjeringen.no\/wpuploads01\/blogs.dir\/443\/files\/2020\/12\/banner-2-300x78.jpg 300w, https:\/\/files.teststeder.regjeringen.no\/wpuploads01\/blogs.dir\/443\/files\/2020\/12\/banner-2-1024x267.jpg 1024w, https:\/\/files.teststeder.regjeringen.no\/wpuploads01\/blogs.dir\/443\/files\/2020\/12\/banner-2-768x200.jpg 768w, https:\/\/files.teststeder.regjeringen.no\/wpuploads01\/blogs.dir\/443\/files\/2020\/12\/banner-2-1536x400.jpg 1536w, https:\/\/files.teststeder.regjeringen.no\/wpuploads01\/blogs.dir\/443\/files\/2020\/12\/banner-2-1130x294.jpg 1130w, https:\/\/files.teststeder.regjeringen.no\/wpuploads01\/blogs.dir\/443\/files\/2020\/12\/banner-2-1500x391.jpg 1500w, https:\/\/files.teststeder.regjeringen.no\/wpuploads01\/blogs.dir\/443\/files\/2020\/12\/banner-2-400x104.jpg 400w, https:\/\/files.teststeder.regjeringen.no\/wpuploads01\/blogs.dir\/443\/files\/2020\/12\/banner-2-800x208.jpg 800w\" sizes=\"auto, (max-width: 1920px) 100vw, 1920px\" \/>\t<\/div>\n\t\t\t<div class=\"hogan-banner-column hogan-banner-content\">\n\t\t\t<div class=\"hogan-banner-content-inner\">\n\t\t\t\t<h2 class=\"hogan-heading\">Velkommen til digital kontaktkonferanse for forskning og h\u00f8yere utdanning<\/h2><p>Tirsdag 12. januar 2021 kl. 09:00\u201312:00<\/p>\n<p>\u00c5rets konferanse vil bli \u00e5pnet av statsminister Erna Solberg. Videre vil forsknings- og h\u00f8yere utdanningsminister Henrik Asheim og kommunikasjonsr\u00e5dgiver Hanne Roald ta oss gjennom dagen. Det vil bli mange interessante innlegg som belyser \u00e5rets temaer livslang l\u00e6ring, innovasjon\/nytt n\u00e6ringsliv, digitalisering, b\u00e6rekraft og korona.<\/p>\n\t\t\t<\/div>\n\t\t<\/div>\n\t<\/div>\n<\/div><\/div><div id=\"module-1\" class=\"hogan-module hogan-module-embed hogan-module-1 text-wrap\"><div class=\"wp-caption size-large-pull\"><div class=\"size-large-pull video\"><div class=\"img-flow \" style=\"padding-bottom: 56.25%;\"><iframe title=\"Nett-tv-sending\" src=\"https:\/\/regjeringen_live.23video.com\/kontaktkonferanse-for-forskning-og\" frameborder=\"0\" border=\"0\" scrolling=\"no\" mozallowfullscreen=\"1\" webkitallowfullscreen=\"1\" allowfullscreen=\"1\" allow=\"autoplay; fullscreen\"><\/iframe><\/div><\/div><\/div><\/div>","protected":false},"excerpt":{"rendered":"<p>Velkommen til digital kontaktkonferanse for forskning og h\u00f8yere utdanningTirsdag 12. januar 2021 kl. 09:00\u201312:00 \u00c5rets konferanse vil bli \u00e5pnet av &#8230;<\/p>\n","protected":false},"author":181,"featured_media":0,"parent":0,"menu_order":0,"comment_status":"closed","ping_status":"closed","template":"","meta":{"_acf_changed":false,"footnotes":""},"class_list":["post-29","page","type-page","status-publish","hentry"],"language":"nb-NO","acf":[],"_links":{"self":[{"href":"https:\/\/teststeder.regjeringen.no\/kontaktkonferansen\/wp-json\/wp\/v2\/pages\/29","targetHints":{"allow":["GET"]}}],"collection":[{"href":"https:\/\/teststeder.regjeringen.no\/kontaktkonferansen\/wp-json\/wp\/v2\/pages"}],"about":[{"href":"https:\/\/teststeder.regjeringen.no\/kontaktkonferansen\/wp-json\/wp\/v2\/types\/page"}],"author":[{"embeddable":true,"href":"https:\/\/teststeder.regjeringen.no\/kontaktkonferansen\/wp-json\/wp\/v2\/users\/181"}],"replies":[{"embeddable":true,"href":"https:\/\/teststeder.regjeringen.no\/kontaktkonferansen\/wp-json\/wp\/v2\/comments?post=29"}],"version-history":[{"count":5,"href":"https:\/\/teststeder.regjeringen.no\/kontaktkonferansen\/wp-json\/wp\/v2\/pages\/29\/revisions"}],"predecessor-version":[{"id":825,"href":"https:\/\/teststeder.regjeringen.no\/kontaktkonferansen\/wp-json\/wp\/v2\/pages\/29\/revisions\/825"}],"wp:attachment":[{"href":"https:\/\/teststeder.regjeringen.no\/kontaktkonferansen\/wp-json\/wp\/v2\/media?parent=29"}],"curies":[{"name":"wp","href":"https:\/\/api.w.org\/{rel}","templated":true}]}}