{"id":827,"date":"2021-09-16T14:17:42","date_gmt":"2021-09-16T12:17:42","guid":{"rendered":"https:\/\/nettsteder.regjeringen.no\/kontaktkonferansen\/?page_id=827"},"modified":"2023-01-10T09:15:01","modified_gmt":"2023-01-10T08:15:01","slug":"program-2023","status":"publish","type":"page","link":"https:\/\/teststeder.regjeringen.no\/kontaktkonferansen\/program-2023\/","title":{"rendered":"Program 2023"},"content":{"rendered":"<div id=\"module-0\" class=\"hogan-module hogan-module-text hogan-module-0 text-wrap\"><div class=\"hogan-module-inner clearfix\"><h3><strong>Med kunnskap skal landet ombygges<\/strong><br \/>\nNye tider &#8211; nye l\u00f8sninger<\/h3>\n<p><strong><span style=\"color: #084f63;font-size: 18px\">Tirsdag 10. januar 2023 Clarion Hotel &amp; Congress Oslo Airport<\/span><\/strong><\/p>\n<p><em>Konferansen for forskning og h\u00f8yere utdanning omhandler bruk av forskning og utdanning i arbeidet med \u00e5 gj\u00f8re oss best mulig i stand til \u00e5 m\u00f8te nye kriser, samtidig som vi skal h\u00e5ndtere vedvarende utfordringer og utvikle samfunnet i en b\u00e6rekraftig retning. Programmet er relevant i lys av ny revidert langtidsplan for forskning og h\u00f8yere utdanning og arbeidet med utsynsmeldingen.<\/em><\/p>\n<p><strong>M\u00f8teleder:<\/strong> Hanne Roald, Kunnskapsdepartementet<\/p>\n<p><strong><span style=\"color: #084f63;font-size: 18px\">10:00<\/span><\/strong><br \/>\n<strong><span style=\"color: #084f63;font-size: 16px\">Forsknings- og h\u00f8yere utdanningsminister Ola Borten Moes dialog med universitets- og h\u00f8gskolesektoren og instituttsektoren<\/span><\/strong><\/p>\n<ul>\n<li>statsr\u00e5den innleder<\/li>\n<li>sp\u00f8rsm\u00e5l og kommentarer fra salen<\/li>\n<li>oppsummering ved statsr\u00e5den<\/li>\n<\/ul>\n<p><strong><span style=\"color: #f39a78;font-size: 18px\">12:00 Lunsj<\/span><\/strong><\/p>\n<p><strong><span style=\"color: #084f63;font-size: 18px\">13:00<\/span><\/strong><br \/>\n<strong><span style=\"color: #084f63;font-size: 16px\">Ny teknologi, nye l\u00f8sninger og ny kunnskap<\/span><\/strong><\/p>\n<p><em>Hvordan kan forskningsinstitutter, universiteter og h\u00f8gskoler bidra til \u00e5 gj\u00f8re Norge internasjonalt ledende n\u00e5r det gjelder utvikling av ny teknologi, nye l\u00f8sninger og ny kunnskap? Hvordan sikre at kunnskap tas i bruk og bidrar til b\u00e6rekraft, gr\u00f8nn vekst, en bedre offentlig sektor, verdiskaping og omstilling i hele landet?<\/em><\/p>\n<p><strong><span style=\"color: #084f63;font-size: 16px\">Hva trenger norsk n\u00e6ringsliv? Hvordan gj\u00f8re Norge internasjonalt ledende?<\/span><\/strong><\/p>\n<ul>\n<li>Innlegg ved n\u00e6ringsminister Jan Christian Vestre<\/li>\n<li>Sp\u00f8rsm\u00e5l \/ kommentarer fra salen<\/li>\n<\/ul>\n<p><strong><span style=\"color: #084f63;font-size: 16px\">Paneldiskusjon med sp\u00f8rsm\u00e5l \/ kommentarer fra salen<\/span><\/strong><\/p>\n<ul>\n<li>statsr\u00e5d Ola Borten Moe<\/li>\n<li>Ole Erik Almlid, administrerende direkt\u00f8r NHO<\/li>\n<li>Julie L\u00f8drup, f\u00f8rstesekret\u00e6r LO<\/li>\n<li>Birgitte Engebretsen, administrerende direkt\u00f8r Telenor<strong><br \/>\n<\/strong><\/li>\n<\/ul>\n<p><strong><span style=\"color: #084f63;font-size: 16px\">Hva kan Norges forskningsr\u00e5d, Direktoratet for h\u00f8yere utdanning og kompetanse og Innovasjon Norge gj\u00f8re? Hvordan kan verkt\u00f8yene fungere enda bedre?<\/span><\/strong><\/p>\n<p>Innlegg ved<\/p>\n<ul>\n<li>Mari Sundli Tveit, administrerende direkt\u00f8r Norges forskningsr\u00e5d<\/li>\n<li>Sveinung Skule, direkt\u00f8r Direktoratet for h\u00f8yere utdanning og kompetanse<\/li>\n<li>Eva Camerer, direkt\u00f8r for strategisk stab Innovasjon Norge<\/li>\n<\/ul>\n<p><strong><span style=\"color: #084f63;font-size: 16px\">Sp\u00f8rsm\u00e5l \/ kommentarer fra salen<\/span><\/strong><\/p>\n<p><strong><span style=\"color: #f39a78;font-size: 18px\">14:30 Pause<\/span><\/strong><\/p>\n<p><strong><span style=\"color: #084f63;font-size: 18px\">15:00<\/span><\/strong><br \/>\n<strong><span style=\"color: #084f63;font-size: 16px\">Kunstnerisk innslag ved studenter fra H\u00f8yskolen Kristiania<\/span><\/strong><\/p>\n<p><strong><span style=\"color: #084f63;font-size: 18px\">15:05<\/span><\/strong><br \/>\n<strong><span style=\"color: #084f63;font-size: 16px\">Forskning og h\u00f8yere utdannings rolle i utviklingen av hele landet<\/span><\/strong><br \/>\n<em>Hvordan kan en gjennom nasjonal politikk for forskning og h\u00f8yere utdanning bidra til \u00e5 m\u00f8te utfordringene i hele landet? Hvordan kan nasjonale og internasjonale prosesser brukes aktivt til \u00e5 utvikle alle deler av landet? Hvordan kan forskning og utdanning bidra til \u00e5 l\u00f8se utfordringer knyttet til offentlig sektor?<\/em><\/p>\n<p>Innlegg ved<\/p>\n<ul>\n<li>Maika Godal Dam, leder av Norsk studentorganisasjon (NSO)<\/li>\n<li>Oscar Alexander Undahl\u00a0og Regine Schaug, studenter fra desentralisert og fleksibel utdanning<\/li>\n<li>Innlegg ved statssekret\u00e6r Ole Gustav Narud, Kommunal- og distriktsdpartementet<\/li>\n<li>Innlegg ved Anne-Lise Sagen Major, avdelingsleder \u00c5lesund kommune<\/li>\n<\/ul>\n<p>Sp\u00f8rsm\u00e5l \/ kommentarer fra salen<\/p>\n<p><strong><span style=\"color: #084f63;font-size: 16px\">Paneldiskusjon med sp\u00f8rsm\u00e5l \/ kommentarer fra salen <\/span><\/strong><\/p>\n<ul>\n<li>Anne Marit Panengstuen, styreleder Universitetet i Stavanger<\/li>\n<li>Marianne Marthinsen, styreleder NORCE<\/li>\n<li>H\u00e5vard Teigen, prof. emerit. H\u00f8gskolen i Innlandet<\/li>\n<li>Skjalg Fjellheim, politisk redakt\u00f8r Avisa Nordlys<\/li>\n<li>Oddmund L\u00f8kensgard Hoel, statssekret\u00e6r Kunnskapsdepartementet<\/li>\n<\/ul>\n<p><strong><span style=\"color: #084f63;font-size: 18px\">16:30<\/span><\/strong><br \/>\n<strong><span style=\"color: #084f63;font-size: 16px\">Oppsummering ved forsknings- og h\u00f8yere utdanningsminister Ola Borten Moe<\/span><\/strong><\/p>\n<p><em>Aperitiff kl. 18:00 og middag kl. 18:30 (samme lokale som konferansen)<\/em><\/p>\n<p>&nbsp;<\/p><\/div><\/div>","protected":false},"excerpt":{"rendered":"<p>Med kunnskap skal landet ombygges Nye tider &#8211; nye l\u00f8sninger Tirsdag 10. januar 2023 Clarion Hotel &amp; Congress Oslo Airport &#8230;<\/p>\n","protected":false},"author":357,"featured_media":0,"parent":0,"menu_order":0,"comment_status":"closed","ping_status":"closed","template":"","meta":{"_acf_changed":false,"footnotes":""},"class_list":["post-827","page","type-page","status-publish","hentry"],"language":"nb-NO","acf":[],"_links":{"self":[{"href":"https:\/\/teststeder.regjeringen.no\/kontaktkonferansen\/wp-json\/wp\/v2\/pages\/827","targetHints":{"allow":["GET"]}}],"collection":[{"href":"https:\/\/teststeder.regjeringen.no\/kontaktkonferansen\/wp-json\/wp\/v2\/pages"}],"about":[{"href":"https:\/\/teststeder.regjeringen.no\/kontaktkonferansen\/wp-json\/wp\/v2\/types\/page"}],"author":[{"embeddable":true,"href":"https:\/\/teststeder.regjeringen.no\/kontaktkonferansen\/wp-json\/wp\/v2\/users\/357"}],"replies":[{"embeddable":true,"href":"https:\/\/teststeder.regjeringen.no\/kontaktkonferansen\/wp-json\/wp\/v2\/comments?post=827"}],"version-history":[{"count":3,"href":"https:\/\/teststeder.regjeringen.no\/kontaktkonferansen\/wp-json\/wp\/v2\/pages\/827\/revisions"}],"predecessor-version":[{"id":1150,"href":"https:\/\/teststeder.regjeringen.no\/kontaktkonferansen\/wp-json\/wp\/v2\/pages\/827\/revisions\/1150"}],"wp:attachment":[{"href":"https:\/\/teststeder.regjeringen.no\/kontaktkonferansen\/wp-json\/wp\/v2\/media?parent=827"}],"curies":[{"name":"wp","href":"https:\/\/api.w.org\/{rel}","templated":true}]}}