{"id":75,"date":"2019-04-15T10:50:03","date_gmt":"2019-04-15T08:50:03","guid":{"rendered":"https:\/\/nettsteder.regjeringen.no\/miljorapport\/?page_id=75"},"modified":"2024-10-09T10:58:26","modified_gmt":"2024-10-09T08:58:26","slug":"miljoledelse","status":"publish","type":"page","link":"https:\/\/teststeder.regjeringen.no\/miljorapport\/miljoledelse\/","title":{"rendered":"Milj\u00f8ledelse"},"content":{"rendered":"<div id=\"module-0\" class=\"hogan-module hogan-module-banner hogan-module-0 hogan-banner-content-left hogan-module-width-full hogan-banner-theme-dark hogan-banner-layout-columns hogan-banner-text-left container-full-width\"><div class=\"hogan-module-inner banner-height-30 tagline-fontsize-20 heading-fontsize-36 content-fontsize-16\"><div class=\"hogan-banner\">\n\t<div class=\"hogan-banner-column hogan-banner-image\">\n\t\t<img loading=\"lazy\" decoding=\"async\" width=\"800\" height=\"450\" src=\"https:\/\/files.teststeder.regjeringen.no\/wpuploads01\/blogs.dir\/367\/files\/2019\/09\/milj\u00f8ledelse_banner-800x450.jpg\" class=\"attachment-medium-full size-medium-full\" alt=\"\" srcset=\"https:\/\/files.teststeder.regjeringen.no\/wpuploads01\/blogs.dir\/367\/files\/2019\/09\/milj\u00f8ledelse_banner.jpg 800w, https:\/\/files.teststeder.regjeringen.no\/wpuploads01\/blogs.dir\/367\/files\/2019\/09\/milj\u00f8ledelse_banner-300x169.jpg 300w, https:\/\/files.teststeder.regjeringen.no\/wpuploads01\/blogs.dir\/367\/files\/2019\/09\/milj\u00f8ledelse_banner-768x432.jpg 768w, https:\/\/files.teststeder.regjeringen.no\/wpuploads01\/blogs.dir\/367\/files\/2019\/09\/milj\u00f8ledelse_banner-400x225.jpg 400w\" sizes=\"auto, (max-width: 800px) 100vw, 800px\" \/>\t<\/div>\n\t\t\t<div class=\"hogan-banner-column hogan-banner-content\">\n\t\t\t<div class=\"hogan-banner-content-inner\">\n\t\t\t\t<div class=\"hogan-tagline\">MILJ\u00d8RAPPORT 2023<\/div><h2 class=\"hogan-heading\">Milj\u00f8ledelse<\/h2><p>Systematisk arbeid som beskriver hvordan departementsfellesskapet leder, m\u00e5ler og begrenser milj\u00f8p\u00e5virkning. <\/p>\n\t\t\t<\/div>\n\t\t<\/div>\n\t<\/div>\n<\/div><\/div><div id=\"module-1\" class=\"hogan-module hogan-module-text hogan-module-1 text-wrap\"><div class=\"hogan-module-inner clearfix\"><p>Eco Management and Audit Scheme (EMAS) er et styringsverkt\u00f8y for \u00e5 evaluere, rapportere og forbedre milj\u00f8prestasjon. EMAS er en frivillig ordning for milj\u00f8ledelse og bygger p\u00e5 kravene i ISO 14001-standarden, men har ogs\u00e5 ytterligere krav om blant annet en \u00e5rlig milj\u00f8rapport.<\/p>\n<p>Milj\u00f8ledelse i departementsfellesskapet er et samarbeid mellom departementene, Statsministerens kontor og DSS. Milj\u00f8ledelsessystemets overordnede oppgave er \u00e5 v\u00e6re departementsfellesskapets verkt\u00f8y for \u00e5 forbedre milj\u00f8prestasjonen og \u00e5 begrense departementsfelleskapets negative milj\u00f8p\u00e5virkning.<\/p>\n<p>Milj\u00f8ledelsessystemet er avgrenset til arbeidsprosessene i departementsfellesskapet. Arbeidet konsentrerer seg om forbedring av milj\u00f8prestasjon i driftsrelaterte prosesser, departementenes arbeidsprosesser og oppgaver. Dette omfatter departementenes virke med utarbeidelse av for eksempel lovforslag, mens innholdet i lovforslagene omfattes ikke av milj\u00f8ledelsessystemet.<\/p>\n<p>Milj\u00f8ledelsessystemet revideres \u00e5rlig av Kiwa AS, som er en akkreditert EMAS-milj\u00f8kontroll\u00f8r.<\/p>\n<h2>Organisering og beslutningstagning for milj\u00f8ledelse<\/h2>\n<p>&nbsp;<\/p>\n<p>Milj\u00f8ledelse er en administrativ fellestjeneste DSS koordinerer p\u00e5 vegne av departementsfellesskapet.<\/p>\n<p>EMAS-arbeidet f\u00f8lger den generelle styrings- og beslutningsmodellen for administrative fellestjenester i departementsfellesskapet som illustrert under.<\/p>\n<p>Modellen best\u00e5r av 3 niv\u00e5er.<\/p>\n<ul>\n<li>Digitaliserings- og forvaltningsdepartementet som etatsstyrer<\/li>\n<li>Strategisk forum \u2013 det sentrale samordningsorganet for styring og utvikling av administrative fellestjenester i departementsfellesskapet<\/li>\n<li>Tjenesteforum \u2013 faglig medvirkning og diskusjon, oppf\u00f8lging av de enkelte tjenestene<\/li>\n<\/ul>\n<p>&nbsp;<\/p>\n<figure id=\"attachment_2839\" style=\"max-width: 642px;\" class=\"wp-caption alignnone\"><img loading=\"lazy\" decoding=\"async\" class=\"alignnone wp-image-2839\" src=\"https:\/\/files.teststeder.regjeringen.no\/wpuploads01\/sites\/367\/2024\/10\/modell-for-styringsstruktur-300x218.png\" alt=\"\" width=\"642\" height=\"467\" srcset=\"https:\/\/files.teststeder.regjeringen.no\/wpuploads01\/sites\/367\/2024\/10\/modell-for-styringsstruktur-300x218.png 300w, https:\/\/files.teststeder.regjeringen.no\/wpuploads01\/sites\/367\/2024\/10\/modell-for-styringsstruktur-400x291.png 400w, https:\/\/files.teststeder.regjeringen.no\/wpuploads01\/sites\/367\/2024\/10\/modell-for-styringsstruktur.png 659w\" sizes=\"auto, (max-width: 642px) 100vw, 642px\" \/><\/figure>\n<h2>Styringsstruktur<\/h2>\n<p>&nbsp;<\/p>\n<p>Digitaliserings- og forvaltningsdepartementet (DFD) er gjennom rollen som etatsstyrer for DSS tillagt en koordinerings- og samordningsfunksjon p\u00e5 vegne av departementsfellesskapet. Ansvaret inneb\u00e6rer ogs\u00e5 at DFD gis beslutningsmyndighet til \u00e5 treffe beslutninger p\u00e5 vegne av fellesskapet, samtidig er det et m\u00e5l \u00e5 etablere konsensus om felles prioriteringer.<\/p>\n<p>Strategisk forum er DFDs viktigste r\u00e5dgivningsorgan i styringen og utviklingen av fellestjenestene. Strategisk forums form\u00e5l er \u00e5 ivareta ansvar og medvirkning p\u00e5 et strategisk niv\u00e5.<\/p>\n<p>Hensikten med tjenesteforum er \u00e5 sikre god faglig medvirkning fra departementsfellesskapet i utviklingen av fellestjenestene. Den faglige diskusjonen og utvikling av tjenestene starter ofte i dette forumet. Tjenesteforum har ingen selvstendig beslutningsmyndighet, derfor g\u00e5r sakene som dr\u00f8ftes der enten direkte til DFD for beslutning eller l\u00f8ftes videre til strategisk forum.<\/p>\n<p>I tillegg til foraene nevnt, leder DSS det interne milj\u00f8ledelsessarbeidet med departementene gjennom et faglig milj\u00f8nettverk. Nettverket ledes av milj\u00f8leder i DSS og hvert departement stiller med sine milj\u00f8kontakter. DSS arrangerer nettverksm\u00f8ter, workshop, interne revisjoner, driver milj\u00f8rapportering og avholder ledelsens gjennomg\u00e5else av milj\u00f8ledelsessystemet p\u00e5 vegne av departementsfellesskapet.<\/p>\n<p>God tjenesteutvikling avhenger av n\u00e6rt samarbeid med departementene og SMK. DSS utvikler stadig bedre og mer milj\u00f8vennlig tjenester p\u00e5 bakgrunn av dette samarbeidet. Samarbeidet ligger sentralt i milj\u00f8ledelsessystemet og det tette avhengighetsforholdet er et viktig premiss for kontinuerlig forbedring av v\u00e5r felles milj\u00f8prestasjon. I tillegg er et godt samarbeid mellom departementsfellesskapets g\u00e5rdeiere og leverand\u00f8rer en forutsetning for at vi n\u00e5r v\u00e5re m\u00e5l innenfor milj\u00f8.<\/p>\n<h3><\/h3>\n<h3>Ledelsens gjennomg\u00e5else<\/h3>\n<p>&nbsp;<\/p>\n<p>DSS fasiliterer og organiserer ledelsens gjennomg\u00e5else av milj\u00f8ledelsessystemet i strategisk forum hvert \u00e5r. Her gjennomg\u00e5s status p\u00e5 departementsfellesskapets interne milj\u00f8arbeid p\u00e5 overordnet niv\u00e5.<\/p>\n<p>&nbsp;<\/p>\n<div class=\"highlight\">\n<h3>Deltakere i departementsfelleskapets EMAS-arbeid<\/h3>\n<p>&nbsp;<\/p>\n<p>Departementene er kontorene til regjeringen. De ledes av statsr\u00e5dene. Departementene bist\u00e5r regjeringen og statsr\u00e5dene i arbeidet med \u00e5 lede de ulike sektorene i statsforvaltningen. Departementene har ansvaret for saksforberedelse av statsbudsjett, nasjonalbudsjett og lovforslag, og har ogs\u00e5 ansvaret for iverksettelsen av Stortingets budsjett- og lovvedtak.<\/p>\n<p>Under f\u00f8lger en beskrivelse av departementsfellesskapets ulike ansvarsomr\u00e5der.<\/p>\n<p><strong>Arbeids- og inkluderingsdepartementet (AID) Akersgata 64, Oslo<\/strong><br \/>\nHar ansvaret for politikken knyttet til arbeidsmarked, arbeidsmilj\u00f8, inkludering, pensjoner og velferd.<\/p>\n<p><strong>Barne- og familiedepartementet (BFD) Akersgata 59, Oslo<\/strong><br \/>\nHar ansvaret for politikkutformingen p\u00e5 omr\u00e5dene barnevern, oppvekst og levek\u00e5r, barn og unge, familie og samliv, tro og livssyn og forbrukerpolitikk.<\/p>\n<p><strong>Digitaliserings- og forvaltningsdepartementet (DFD) Akersgata 59, Oslo\u00a0 <\/strong>Har ansvar for IKT- og forvaltningspolitikk, elektronisk kommunikasjon, statlig arbeidsgiverpolitikk, statlig bygg- og eiendomsforvaltning, det administrative ansvaret for statsforvalterne og arbeid med FNs b\u00e6rekraftsm\u00e5l. Moderdepartementet til DSS.<\/p>\n<p><strong>Finansdepartementet (FIN) Akersgata 40, Oslo<\/strong><br \/>\nHar ansvaret for \u00e5 planlegge og iverksette den \u00f8konomiske politikken i Norge, budsjettpolitikken, skatte- og avgiftspolitikken, stabilitet i finansmarkedene og forvaltningen av Statens Pensjonsfond.<\/p>\n<p><strong>Justis- og beredskapsdepartementet (JD) Gullhaug Torg 4a, Oslo<\/strong><br \/>\nHar ansvar for rettsvesenet, kriminalomsorgen, politi- og p\u00e5talemyndigheten, redningstjenesten, samfunnssikkerhet, utlendingsmyndigheter og polaromr\u00e5dene.<\/p>\n<p><strong>Kunnskapsdepartementet (KD) Kirkegata 18, Oslo<\/strong><br \/>\nHar ansvaret for barnehager, grunnskole, kulturskole, videreg\u00e5ende oppl\u00e6ring, fagskoleutdanning, h\u00f8yere utdanning, forskning, voksnes l\u00e6ring og kompetansepolitikk.<\/p>\n<p><strong>Helse- og omsorgsdepartementet (HOD) Teatergata 9, Oslo<\/strong><br \/>\nHar det overordnede ansvaret for at befolkningen f\u00e5r gode og likeverdige helse- og omsorgstjenester<\/p>\n<p><strong>Klima- og milj\u00f8departementet (KLD) Kongens gate 18, Oslo<\/strong><br \/>\nIvaretar helheten i regjeringens klima- og milj\u00f8politikk.<\/p>\n<p><strong>Kommunal- og distriktsdepartementet (KDD) Akersgata 59, Oslo<\/strong><br \/>\nHar ansvar for bostedspolitikk, plan- og bygningsloven, kart- og geodatapolitikken, kommune\u00f8konomi og lokalforvaltning, regional- og distriktspolitikk, valggjennomf\u00f8ring og politikken overfor samer og nasjonale minoriteter.<\/p>\n<p><strong>Kultur- og likestillingsdepartementet (KUD) Grubbegata 1, Oslo<\/strong><br \/>\nHar ansvar for den statlige politikken og forvaltningen p\u00e5 omr\u00e5dene kultur, likestilling og diskriminering, opphavsrett, medier, idrett, frivillig virksomhet og pengespill og lotteri.<\/p>\n<p><strong>Landbruks- og matdepartementet (LMD) Teatergata 9, Oslo<\/strong><br \/>\nHar hovedansvaret for mat- og landbrukspolitikken. Det omfatter arealforvaltning, jord- og skogbruk, husdyrhold, reindrift og utvikling av nye n\u00e6ringer med utgangspunkt i landbruket.<\/p>\n<p><strong>N\u00e6rings- og fiskeridepartementet (NFD) Kongens gate 8, Oslo<\/strong><br \/>\nHar ansvaret for \u00e5 utforme en framtidsrettet n\u00e6rings- og havpolitikk.<\/p>\n<p><strong>Olje- og Energidepartementet (OED) Akersgata 59, Oslo<\/strong><br \/>\nHovedoppgaven er \u00e5 tilrettelegge for en samordnet og helhetlig energipolitikk.<\/p>\n<p><strong>Samferdselsdepartementet (SD) Akersgata 59, Oslo<\/strong><br \/>\nHar det overordnede ansvaret for rammevilk\u00e5r for postvirksomheten, for luftfarts-, vei- og jernbanesektoren og for riksveiferjene.<\/p>\n<p><strong>Forsvarsdepartementet (FD) Glacisgata 1, Oslo<\/strong><br \/>\nHar ansvar for utforming og iverksetting av norsk sikkerhet- og forsvarspolitikk.<\/p>\n<p><strong>Utenriksdepartementet (UD) 7.juni-plassen 1, Oslo<\/strong><br \/>\nHovedoppgave er \u00e5 arbeide for Norges interesse internasjonalt.<\/p>\n<p><strong>Statsministerens kontor (SMK) Glacisgata 1, Oslo<\/strong><br \/>\nHar ansvaret for \u00e5 samordne og lede arbeidet i Regjeringen.<\/p>\n<p><strong>Departementenes sikkerhets- og serviceorganisasjon (DSS) Akersgata 59, Akersgata 64, Grubbegata 14, Teatergata 5, Kongens gate 18-20 og Victoria Terrasse, Oslo<\/strong><br \/>\nLeverer fellestjenester for departementene og Statsministerens Kontor, ved kj\u00f8p eller egen produksjon. Dette omfatter bl.a. sikkerhetstjenester, renholdstjenester, digitale tjenester og formidlingstjenester, samt milj\u00f8ledelse.<\/p>\n<\/div>\n<h2>Forpliktelser og krav<\/h2>\n<p>&nbsp;<\/p>\n<p>Alle relevante krav gjeldende ytre milj\u00f8 som ber\u00f8rer departementsfellesskapets drift vurderes kontinuerlig gjennom samsvarsevalueringer. Den fullstendige og detaljerte oversikten over alle krav departementsfellesskapet vurderer samsvar mot, gjennomg\u00e5s \u00e5rlig under eksterne revisjoner.<\/p>\n<p>Med krav menes lovkrav, forskriftskrav, kontraktskrav, avtalekrav, forpliktelser og standardkrav, som departementsfellesskapet m\u00e5 ta til f\u00f8lge og vise samsvar til.<\/p>\n<p>Under f\u00f8lger sentrale lov- og forskriftskrav, gjengitt p\u00e5 lov- og forskriftsniv\u00e5, som departementsfellesskapet vurderer samsvar med:<\/p>\n<ul>\n<li>Forurensningsloven, kapittel 2, 5, 6<\/li>\n<li>Produktkontrolloven, \u00a7\u00a73-3a<\/li>\n<li>Milj\u00f8informasjonsloven, kapittel 2 og 3<\/li>\n<li>Lov om offentlige anskaffelser, \u00a75<\/li>\n<li>Klimaloven, \u00a72<\/li>\n<li>Avfallsforskriften, kapittel 7, 10, 11<\/li>\n<li>Forskrift om offentlige anskaffelser, kapittel 7<\/li>\n<li>Produktforskriften, kapittel 6<\/li>\n<\/ul><\/div><\/div>","protected":false},"excerpt":{"rendered":"<p>Roller, organisering og beslutningstaking for \u00e5 forbedre milj\u00f8prestasjonen.<\/p>\n","protected":false},"author":573,"featured_media":1083,"parent":0,"menu_order":0,"comment_status":"closed","ping_status":"closed","template":"","meta":{"_acf_changed":false,"footnotes":""},"class_list":["post-75","page","type-page","status-publish","has-post-thumbnail","hentry"],"language":"nb-NO","acf":[],"_links":{"self":[{"href":"https:\/\/teststeder.regjeringen.no\/miljorapport\/wp-json\/wp\/v2\/pages\/75","targetHints":{"allow":["GET"]}}],"collection":[{"href":"https:\/\/teststeder.regjeringen.no\/miljorapport\/wp-json\/wp\/v2\/pages"}],"about":[{"href":"https:\/\/teststeder.regjeringen.no\/miljorapport\/wp-json\/wp\/v2\/types\/page"}],"author":[{"embeddable":true,"href":"https:\/\/teststeder.regjeringen.no\/miljorapport\/wp-json\/wp\/v2\/users\/573"}],"replies":[{"embeddable":true,"href":"https:\/\/teststeder.regjeringen.no\/miljorapport\/wp-json\/wp\/v2\/comments?post=75"}],"version-history":[{"count":7,"href":"https:\/\/teststeder.regjeringen.no\/miljorapport\/wp-json\/wp\/v2\/pages\/75\/revisions"}],"predecessor-version":[{"id":2843,"href":"https:\/\/teststeder.regjeringen.no\/miljorapport\/wp-json\/wp\/v2\/pages\/75\/revisions\/2843"}],"wp:featuredmedia":[{"embeddable":true,"href":"https:\/\/teststeder.regjeringen.no\/miljorapport\/wp-json\/wp\/v2\/media\/1083"}],"wp:attachment":[{"href":"https:\/\/teststeder.regjeringen.no\/miljorapport\/wp-json\/wp\/v2\/media?parent=75"}],"curies":[{"name":"wp","href":"https:\/\/api.w.org\/{rel}","templated":true}]}}