{"id":47,"date":"2023-10-10T10:14:22","date_gmt":"2023-10-10T08:14:22","guid":{"rendered":"https:\/\/nettsteder.regjeringen.no\/musikkutvalget\/?page_id=47"},"modified":"2024-03-15T14:15:33","modified_gmt":"2024-03-15T13:15:33","slug":"information-in-english","status":"publish","type":"page","link":"https:\/\/teststeder.regjeringen.no\/musikkutvalget\/information-in-english\/","title":{"rendered":"S\u00e1megillii \/ English"},"content":{"rendered":"\n<p><\/p>\n\n\n\n<h2 class=\"wp-block-heading\">Die\u0111ut s\u00e1megillii<\/h2>\n\n\n\n<p><\/p>\n\n\n\n<p>Musihkkal\u00e1vdegoddi lea kommi\u0161uvdna maid r\u00e1\u0111\u0111ehus lea nammadan Kultur- ja d\u00e1sse\u00e1rvodepartemeantta mand\u00e1htain guorahallat olles musihkkasuorggi. L\u00e1vdegottis leat 16 miellahtu, individu\u00e1lala\u010d\u010dat nammaduvvon gonagasla\u0161 resolu\u0161uvnna bokte geassem\u00e1nus 2023, ja jo\u0111iheaddji lea professor Sigrid R\u00f8yseng.<\/p>\n\n\n\n<p>L\u00e1vdegoddi almmuha loahpparaportta Norgga almmola\u0161 \u010dielggadeamis (NA\u010c) loahpas 2025 gi\u0111a. L\u00e1vdegoddi boaht\u00e1 ovdanbuktit loahpparaporttas musihkkasuorggi ollisla\u0161 \u010dielggadeami. Dat mearkka\u0161a earret ear\u00e1 ahte \u00e1sahusat, organisa\u0161uvnnat, f\u00e1gala\u0161 ja eaktod\u00e1htola\u0161 doaimmat, musihkk\u00e1rat ja d\u00e1hkkit, ja almmola\u0161 veahkkeappar\u00e1htta musihkkasuorggis galget guorahallojuvvot nubbi nuppi ektui.<\/p>\n\n\n\n<p>R\u00e1\u0111\u0111ehusa mihtut leat buoridit musihkkadoaimma eavttuid, oa\u017e\u017eut beaktilet geavaheami almmola\u0161 doarjjavuog\u00e1dagas, ja ain ovddidit ealli musihkkaeallima mieht\u00e1 riikkas.<\/p>\n\n\n\n<p>Guorahallama vuolggasadji lea k\u00e1rtet d\u00e1l\u00e1 musihkkasuorggi dili Norggas ja guorahallat d\u00e1rbbuid ja vejola\u0161vuo\u0111aid ovd\u00e1nit guhkes\u00e1iggeperspektiivvas. Guorahallan galg\u00e1 gok\u010dat buot Norgga osiid musihka ja f\u00e1tmmastit Norgga musihkkadoaimmaid riikkaidgaskasa\u0161 oktavuo\u0111as. L\u00e1vdegoddi \u00e1igu \u010dielggadit musihkkadoaimmaid doarjjaortnegiid, politihka ja l\u00e1hka\u00e1sahusaid geavaheami olu politihkkasurggiid ja departemeanttaid rast\u00e1, earret ear\u00e1 kultuvrras, oahpahusas, dearvva\u0161vuo\u0111as, eal\u00e1husain ja ear\u00e1 surggiin.<\/p>\n\n\n\n<p>L\u00e1vdegotti barggu jo\u0111iha \u010d\u00e1llingoddi:<\/p>\n\n\n\n<p>Anja Nylund Hagen (Head of Secretariat):&nbsp;<a href=\"mailto:anja-nylund.hagen@kud.dep.no\">anja-nylund.hagen@kud.dep.no<\/a><br>Mari Opsahl (Senior Adviser):&nbsp;<a href=\"mailto:mari.opsahl@kud.dep.no\">mari.opsahl@kud.dep.no<\/a><\/p>\n\n\n\n<p><\/p>\n\n\n\n<h2 class=\"wp-block-heading\">Information in English<\/h2>\n\n\n\n\n\n<p>The Music Commission (Musikkutvalget) is a government-appointed commission mandated by the Ministry of Culture and Gender Equality to review the entire field of music. The Commission consists of 16 members, individually appointed by Royal Decree in June 2023, and is chaired by Professor Sigrid R\u00f8yseng.<\/p>\n\n\n\n<p>The Commission will publish its final report in the series of Official Norwegian Reports (NOU) in late spring 2025. In the final report, the Commission will present a comprehensive review of the music sector as a whole. This means, among other things, that the institutions, organisations, professional and voluntary activities, musicians and creators, and the public support system in the music field will be examined in relation to each other.<\/p>\n\n\n\n<p>The Norwegian government&#8217;s aim is to improve the conditions for music activities, the efficient use of the public support system and the continuation of a vibrant music life throughout the country.<\/p>\n\n\n\n<p>The starting point for the review will be a mapping of the current situation of the music field in Norway and assessments that examine the needs and opportunities for development in a long-term perspective. The review must cover music in all parts of Norway and include Norwegian music activities in an international context. The Commission will examine the use of support schemes, policies and legislation related to music activities across a range of policy areas and ministries, including culture, education, health, industry and others.<\/p>\n\n\n\n<p>The Commission&#8217;s work is managed by a secretariat:<br>Anja Nylund Hagen (Head of Secretariat):&nbsp;<a href=\"mailto:anja-nylund.hagen@kud.dep.no\">anja-nylund.hagen@kud.dep.no<\/a><br>Mari Opsahl (Senior Adviser):&nbsp;<a href=\"mailto:mari.opsahl@kud.dep.no\">mari.opsahl@kud.dep.no<\/a><\/p>\n\n\n\n<h2 class=\"wp-block-heading\"> <\/h2>\n","protected":false},"excerpt":{"rendered":"<p>Die\u0111ut s\u00e1megillii Musihkkal\u00e1vdegoddi lea kommi\u0161uvdna maid r\u00e1\u0111\u0111ehus lea nammadan Kultur- ja d\u00e1sse\u00e1rvodepartemeantta mand\u00e1htain guorahallat olles musihkkasuorggi. L\u00e1vdegottis leat 16 miellahtu, individu\u00e1lala\u010d\u010dat nammaduvvon gonagasla\u0161 resolu\u0161uvnna bokte geassem\u00e1nus 2023, ja jo\u0111iheaddji lea professor Sigrid R\u00f8yseng. L\u00e1vdegoddi almmuha loahpparaportta Norgga almmola\u0161 \u010dielggadeamis (NA\u010c) loahpas 2025 gi\u0111a. L\u00e1vdegoddi boaht\u00e1 ovdanbuktit loahpparaporttas musihkkasuorggi ollisla\u0161 \u010dielggadeami. Dat mearkka\u0161a earret ear\u00e1 ahte\u2026<\/p>\n","protected":false},"author":2877,"featured_media":0,"parent":0,"menu_order":0,"comment_status":"closed","ping_status":"closed","template":"","meta":{"dss_simple_post_excerpt":"","dss_show_featured_image":true,"footnotes":""},"class_list":["post-47","page","type-page","status-publish","hentry"],"language":"nb-NO","_links":{"self":[{"href":"https:\/\/teststeder.regjeringen.no\/musikkutvalget\/wp-json\/wp\/v2\/pages\/47","targetHints":{"allow":["GET"]}}],"collection":[{"href":"https:\/\/teststeder.regjeringen.no\/musikkutvalget\/wp-json\/wp\/v2\/pages"}],"about":[{"href":"https:\/\/teststeder.regjeringen.no\/musikkutvalget\/wp-json\/wp\/v2\/types\/page"}],"author":[{"embeddable":true,"href":"https:\/\/teststeder.regjeringen.no\/musikkutvalget\/wp-json\/wp\/v2\/users\/2877"}],"replies":[{"embeddable":true,"href":"https:\/\/teststeder.regjeringen.no\/musikkutvalget\/wp-json\/wp\/v2\/comments?post=47"}],"version-history":[{"count":4,"href":"https:\/\/teststeder.regjeringen.no\/musikkutvalget\/wp-json\/wp\/v2\/pages\/47\/revisions"}],"predecessor-version":[{"id":749,"href":"https:\/\/teststeder.regjeringen.no\/musikkutvalget\/wp-json\/wp\/v2\/pages\/47\/revisions\/749"}],"wp:attachment":[{"href":"https:\/\/teststeder.regjeringen.no\/musikkutvalget\/wp-json\/wp\/v2\/media?parent=47"}],"curies":[{"name":"wp","href":"https:\/\/api.w.org\/{rel}","templated":true}]}}