{"id":359,"date":"2018-10-09T13:23:50","date_gmt":"2018-10-09T11:23:50","guid":{"rendered":"https:\/\/nettsteder.regjeringen.no\/personvern\/?page_id=359"},"modified":"2018-10-09T13:23:50","modified_gmt":"2018-10-09T11:23:50","slug":"overview-of-websites","status":"publish","type":"page","link":"https:\/\/teststeder.regjeringen.no\/personvern\/overview-of-websites\/","title":{"rendered":"Overview of websites"},"content":{"rendered":"<div id=\"module-0\" class=\"hogan-module hogan-module-text hogan-module-0 text-wrap\"><div class=\"hogan-module-inner clearfix\"><ul class=\"network-portfolio-list\"><li><a href=\"https:\/\/helenorgeeksporterer.no\"><\/a><\/li><li><a href=\"https:\/\/teststeder.regjeringen.no\/actest\">AC sandkasse<\/a><\/li><li><a href=\"https:\/\/anskaffelsesutvalget.no\">Anskaffelsesutvalget<\/a><\/li><li><a href=\"https:\/\/ansvarlignaringsliv2.teststeder.regjeringen.no\">Ansvarlig N\u00e6ringsliv<\/a><\/li><li><a href=\"https:\/\/teststeder.regjeringen.no\/stylu\">Arbeid med mer overordnet styring av l\u00e6rerutdanningene<\/a><\/li><li><a href=\"https:\/\/teststeder.regjeringen.no\/attache\">Attach\u00e9 Portal<\/a><\/li><li><a href=\"https:\/\/avkommersialiseringsutvalget.no\">Avkommersialiseringsutvalget<\/a><\/li><li><a href=\"https:\/\/bluejustice.org\">Blue Justice<\/a><\/li><li><a href=\"https:\/\/berekraft.regjeringen.no\">B\u00e6rekraftsm\u00e5lene for Norge<\/a><\/li><li><a href=\"https:\/\/teststeder.regjeringen.no\/standarddesign\">design.dep.no<\/a><\/li><li><a href=\"https:\/\/teststeder.regjeringen.no\/designdep\">Designprogrammet for departementene<\/a><\/li><li><a href=\"https:\/\/www.dio.dep.no\">DIO<\/a><\/li><li><a href=\"https:\/\/teststeder.regjeringen.no\/diokickoff2024\">DIO KICKOFF 2024<\/a><\/li><li><a href=\"https:\/\/teststeder.regjeringen.no\">DIO Teststeder<\/a><\/li><li><a href=\"https:\/\/teststeder.regjeringen.no\/diotest\">DIO-test<\/a><\/li><li><a href=\"https:\/\/drosjeutvalget.no\">Drosjeutvalget<\/a><\/li><li><a href=\"https:\/\/www.dss.dep.no\">DSS - Sammen for fellesskapet<\/a><\/li><li><a href=\"https:\/\/nettsteder.regjeringen.no\/dss\">DSS - Sammen for fellesskapet<\/a><\/li><li><a href=\"https:\/\/eierskapskonferansen.no\">EIERSKAPSKONFERANSEN 2025<\/a><\/li><li><a href=\"https:\/\/teststeder.regjeringen.no\/etakbu\">Ekspertgruppe om tiltak mot alvorlig kriminalitet blant barn og unge<\/a><\/li><li><a href=\"https:\/\/teststeder.regjeringen.no\/ekspertsirkulaer\">Ekspertgruppen for virkemidler for \u00e5 fremme sirkul\u00e6re aktiviteter <\/a><\/li><li><a href=\"https:\/\/barnifattigefamilier.no\">Ekspertgruppen om barn i fattige familier<\/a><\/li><li><a href=\"https:\/\/sosialulikhetogutdanning.no\">Ekspertgruppen om betydningen av barnehage, skole og SFO for sosial utjevning og sosial mobilitet<\/a><\/li><li><a href=\"https:\/\/teststeder.regjeringen.no\/klimatilpasning\">Ekspertutvalget om klimatilpasning<\/a><\/li><li><a href=\"https:\/\/www.ekstremismekommisjonen.no\">Ekstremismekommisjonen<\/a><\/li><li><a href=\"https:\/\/etikkradet.no\">Etikkr\u00e5det<\/a><\/li><li><a href=\"https:\/\/teststeder.regjeringen.no\/frlu\">Faglig r\u00e5d for L\u00e6rerutdanning 2025<\/a><\/li><li><a href=\"https:\/\/teststeder.regjeringen.no\/fryu\">Faglige r\u00e5d for yrkesfaglige utdanningsprogram<\/a><\/li><li><a href=\"https:\/\/familieportalen.mfa.no\">Familieportalen<\/a><\/li><li><a href=\"https:\/\/teststeder.regjeringen.no\/fdarrangement\">FD arrangement og m\u00f8ter<\/a><\/li><li><a href=\"https:\/\/teststeder.regjeringen.no\/foodfromtheocean2\">Foods from the Ocean<\/a><\/li><li><a href=\"https:\/\/www.forsvarsfondet.no\">Forsvarsfondet<\/a><\/li><li><a href=\"https:\/\/utenlandsadopsjonsutvalget.no\">Granskingsutvalget for utenlandsadopsjoner<\/a><\/li><li><a href=\"https:\/\/teststeder.regjeringen.no\/husleielovutvalget\">Husleielovutvalget<\/a><\/li><li><a href=\"https:\/\/idrettsanlegg.no\">idrettsanlegg.no<\/a><\/li><li><a href=\"https:\/\/teststeder.regjeringen.no\/isu\">Innovasjons- og samskapingsutvalget<\/a><\/li><li><a href=\"https:\/\/interreg.no\">Interreg.no<\/a><\/li><li><a href=\"https:\/\/teststeder.regjeringen.no\/jobbidepartementene\">Jobb i departementene<\/a><\/li><li><a href=\"https:\/\/teststeder.regjeringen.no\/jobbidfd\">Jobb i DFD<\/a><\/li><li><a href=\"https:\/\/www.jobbienergidepartementet.no\">Jobb i Energidepartementet<\/a><\/li><li><a href=\"https:\/\/jobbifin.dep.no\">Jobb i FIN<\/a><\/li><li><a href=\"https:\/\/teststeder.regjeringen.no\/jobbikdd\">Jobb i KDD<\/a><\/li><li><a href=\"https:\/\/teststeder.regjeringen.no\/kjernekraftutvalget\">Kjernekraftutvalget<\/a><\/li><li><a href=\"https:\/\/klimautvalget2050.no\">Klimautvalget 2050<\/a><\/li><li><a href=\"https:\/\/konkurranselovutvalget.no\">Konkurranselovutvalget<\/a><\/li><li><a href=\"https:\/\/teststeder.regjeringen.no\/kontaktkonferansen\">Kontaktkonferansen 2025<\/a><\/li><li><a href=\"https:\/\/www.koronakommisjonen.no\">Koronakommisjonen<\/a><\/li><li><a href=\"https:\/\/kulturmiljolovutvalet.no\">Kulturmilj\u00f8lovutvalet<\/a><\/li><li><a href=\"https:\/\/teststeder.regjeringen.no\/kvinnearbeidshelseutvalget\">Kvinnearbeidshelseutvalget<\/a><\/li><li><a href=\"https:\/\/teststeder.regjeringen.no\/lavlonnsutvalget\">Lavl\u00f8nnsutvalget<\/a><\/li><li><a href=\"https:\/\/lovutvalg-negativ-sosial-kontroll.no\">Lovutvalg om negativ sosial kontroll, \u00e6resrelatert vold, tvangsekteskap, kj\u00f8nnslemlestelse og psykisk vold<\/a><\/li><li><a href=\"https:\/\/malthesorenssenutvalget.no\">Malthe-S\u00f8renssen-utvalget<\/a><\/li><li><a href=\"https:\/\/mannsutvalget.no\">Mannsutvalget<\/a><\/li><li><a href=\"https:\/\/matgledekorpset.no\">Matgledekorpset<\/a><\/li><li><a href=\"https:\/\/teststeder.regjeringen.no\/matsystemutvalget\">Matsystemutvalget<\/a><\/li><li><a href=\"https:\/\/teststeder.regjeringen.no\/miljorapport\">Milj\u00f8rapport<\/a><\/li><li><a href=\"https:\/\/motorferdsellovutvalget.no\">Motorferdsellovutvalget<\/a><\/li><li><a href=\"https:\/\/teststeder.regjeringen.no\/musikkutvalget\">Musikkutvalget<\/a><\/li><li><a href=\"https:\/\/folkepanel.regjeringen.no\">Nasjonalt folkepanel om b\u00e6rekraftig forbruk<\/a><\/li><li><a href=\"https:\/\/naturrisikoutvalget.no\">Naturrisikoutvalget<\/a><\/li><li><a href=\"https:\/\/activecitizensfund.no\">NGO Norway<\/a><\/li><li><a href=\"https:\/\/teststeder.regjeringen.no\/nmlam\">NORDIC MILITARY LEGAL ADVISORS&#039; MEETING<\/a><\/li><li><a href=\"https:\/\/norwayunesco.no\">Norway&#039;s Candidacy to the UNESCO Board<\/a><\/li><li><a href=\"https:\/\/www.nicfi.no\">Norway&#039;s International Climate and Forest Initiative<\/a><\/li><li><a href=\"https:\/\/punktskriftutvalget.no\">Offentlig utvalg for punktskrift, OUP<\/a><\/li><li><a href=\"https:\/\/teststeder.regjeringen.no\/open\">Openheit i forvaltninga<\/a><\/li><li><a href=\"https:\/\/teststeder.regjeringen.no\/peder-dekode-test\">Peder Dekode Test<\/a><\/li><li><a href=\"https:\/\/teststeder.regjeringen.no\/pertest\">Per sin sandkasse<\/a><\/li><li><a href=\"https:\/\/teststeder.regjeringen.no\/persandbox\">Per tester<\/a><\/li><li><a href=\"https:\/\/teststeder.regjeringen.no\/personvern\">Personvernerkl\u00e6ring<\/a><\/li><li><a href=\"https:\/\/personvernnemnda.no\">Personvernnemnda<\/a><\/li><li><a href=\"https:\/\/www.planutdanning.no\">Planutdanning<\/a><\/li><li><a href=\"https:\/\/postutvalget.no\">Postutvalget<\/a><\/li><li><a href=\"https:\/\/publikasjoner.dep.no\">Publikasjoner.dep.no<\/a><\/li><li><a href=\"https:\/\/teststeder.regjeringen.no\/reserve\">Regjeringen.no<\/a><\/li><li><a href=\"https:\/\/teststeder.regjeringen.no\/rnik\">Regjeringens nasjonale integreringskonferanse<\/a><\/li><li><a href=\"https:\/\/riksvalgstyret.no\">Riksvalgstyret<\/a><\/li><li><a href=\"https:\/\/teststeder.regjeringen.no\/rushandhevingsutvalget\">Rush\u00e5ndhevingsutvalget<\/a><\/li><li><a href=\"https:\/\/teststeder.regjeringen.no\/rsu\">R\u00e5det for studieforberedende utdanningsprogram<\/a><\/li><li><a href=\"https:\/\/finanspolitikkutvalget.no\">R\u00e5dgivende utvalg for finanspolitiske analyser<\/a><\/li><li><a href=\"https:\/\/teststeder.regjeringen.no\/sry\">Samarbeidsr\u00e5det for fag- og yrkesoppl\u00e6ringen (SRY)<\/a><\/li><li><a href=\"https:\/\/teststeder.regjeringen.no\/samboerlovutvalget\">Samboerlovutvalget<\/a><\/li><li><a href=\"https:\/\/sivilklareringsmyndighet.no\">Sivil klareringsmyndighet<\/a><\/li><li><a href=\"https:\/\/skjermbrukutvalget.no\">Skjermbrukutvalget<\/a><\/li><li><a href=\"https:\/\/statenslonnsutvalg.no\">Statens l\u00f8nnsutvalg (SLU)<\/a><\/li><li><a href=\"https:\/\/teststeder.regjeringen.no\/foodfromtheocean\">Sustainable Food from the Oceans and Inland Waters for Food Security and Nutrition<\/a><\/li><li><a href=\"https:\/\/teststeder.regjeringen.no\/seedvault\">Svalbard Global Seed Vault<\/a><\/li><li><a href=\"https:\/\/www.seedvault.no\">Svalbard Global Seed Vault <\/a><\/li><li><a href=\"https:\/\/teststeder.regjeringen.no\/tannhelseutvalget\">Tannhelseutvalget<\/a><\/li><li><a href=\"https:\/\/teststeder.regjeringen.no\/tbu\">Teknisk beregningsutvalg for kommunal og fylkeskommunal \u00f8konomi (TBU)<\/a><\/li><li><a href=\"https:\/\/teststeder.regjeringen.no\/yngviltest\">Test<\/a><\/li><li><a href=\"https:\/\/teststeder.regjeringen.no\/testdekode\">Test Dekode<\/a><\/li><li><a href=\"https:\/\/ud2024.no\">UD2024<\/a><\/li><li><a href=\"https:\/\/unesco.no\">UNESCO<\/a><\/li><li><a href=\"https:\/\/teststeder.regjeringen.no\/idskjermingsutvalget\">Utvalg for utredning om identitetsskjerming for ansatte i politiet og kriminalomsorgen<\/a><\/li><li><a href=\"https:\/\/teststeder.regjeringen.no\/ufvb\">Utvalg om f\u00f8dselstall og velferdsordninger for barnefamilier <\/a><\/li><li><a href=\"https:\/\/fellesskoleutvalget.no\">Utvalget for framtidens fellesskole<\/a><\/li><li><a href=\"https:\/\/teststeder.regjeringen.no\/visum\">Visum til tjenestereiser og utenlandsopphold<\/a><\/li><li><a href=\"https:\/\/teststeder.regjeringen.no\/voldtektsutvalget\">Voldtektsutvalget<\/a><\/li><li><a href=\"https:\/\/open.regjeringa.no\">\u00c5penhet i forvaltningen<\/a><\/li><\/ul><\/div><\/div>","protected":false},"excerpt":{"rendered":"<p>AC sandkasseAnskaffelsesutvalgetAnsvarlig N\u00e6ringslivArbeid med mer overordnet styring av l\u00e6rerutdanningeneAttach\u00e9 PortalAvkommersialiseringsutvalgetBlue JusticeB\u00e6rekraftsm\u00e5lene for Norgedesign.dep.noDesignprogrammet for departementeneDIODIO KICKOFF 2024DIO TeststederDIO-testDrosjeutvalgetDSS &#8211; Sammen &#8230;<\/p>\n","protected":false},"author":533,"featured_media":0,"parent":0,"menu_order":0,"comment_status":"closed","ping_status":"closed","template":"","meta":{"_acf_changed":false,"footnotes":""},"class_list":["post-359","page","type-page","status-publish","hentry"],"language":"en-GB","acf":[],"_links":{"self":[{"href":"https:\/\/teststeder.regjeringen.no\/personvern\/wp-json\/wp\/v2\/pages\/359","targetHints":{"allow":["GET"]}}],"collection":[{"href":"https:\/\/teststeder.regjeringen.no\/personvern\/wp-json\/wp\/v2\/pages"}],"about":[{"href":"https:\/\/teststeder.regjeringen.no\/personvern\/wp-json\/wp\/v2\/types\/page"}],"author":[{"embeddable":true,"href":"https:\/\/teststeder.regjeringen.no\/personvern\/wp-json\/wp\/v2\/users\/533"}],"replies":[{"embeddable":true,"href":"https:\/\/teststeder.regjeringen.no\/personvern\/wp-json\/wp\/v2\/comments?post=359"}],"version-history":[{"count":1,"href":"https:\/\/teststeder.regjeringen.no\/personvern\/wp-json\/wp\/v2\/pages\/359\/revisions"}],"predecessor-version":[{"id":361,"href":"https:\/\/teststeder.regjeringen.no\/personvern\/wp-json\/wp\/v2\/pages\/359\/revisions\/361"}],"wp:attachment":[{"href":"https:\/\/teststeder.regjeringen.no\/personvern\/wp-json\/wp\/v2\/media?parent=359"}],"curies":[{"name":"wp","href":"https:\/\/api.w.org\/{rel}","templated":true}]}}