{"id":6,"date":"2023-09-28T08:22:31","date_gmt":"2023-09-28T06:22:31","guid":{"rendered":"https:\/\/nettsteder.regjeringen.no\/rushandhevingsutvalget\/?page_id=6"},"modified":"2024-09-04T09:17:47","modified_gmt":"2024-09-04T07:17:47","slug":"om-utvalget","status":"publish","type":"page","link":"https:\/\/teststeder.regjeringen.no\/rushandhevingsutvalget\/","title":{"rendered":"Om utvalget"},"content":{"rendered":"\n<p>Utvalget ble oppnevnt av regjeringen 11. mai 2023 for \u00e5 utrede utvalgte strafferettslige og straffeprosessuelle sp\u00f8rsm\u00e5l i tilknytning til regjeringens forebyggings- og behandlingsreform for rusfeltet. <\/p>\n\n\n\n<p>Utvalget har valgt kortnavnet Rush\u00e5ndhevingsutvalget.<\/p>\n\n\n\n<p>Utvalget overleverte sin utredning, NOU 2024:12 <em>H\u00e5ndheving av mindre narkotikaovertredelser<\/em>, til justis- og beredskapsministeren 18. juni 2024. Utredningen finnes her: <a href=\"https:\/\/www.regjeringen.no\/no\/dokumenter\/nou-2024-12\/id3045610\/\">NOU 2024: 12 &#8211; regjeringen.no<\/a><\/p>\n","protected":false},"excerpt":{"rendered":"<p>Utvalget ble oppnevnt av regjeringen 11. mai 2023 for \u00e5 utrede utvalgte strafferettslige og straffeprosessuelle sp\u00f8rsm\u00e5l i tilknytning til regjeringens forebyggings- og behandlingsreform for rusfeltet. Utvalget har valgt kortnavnet Rush\u00e5ndhevingsutvalget. Utvalget overleverte sin utredning, NOU 2024:12 H\u00e5ndheving av mindre narkotikaovertredelser, til justis- og beredskapsministeren 18. juni 2024. Utredningen finnes her: NOU 2024: 12 &#8211; regjeringen.no<\/p>\n","protected":false},"author":2877,"featured_media":0,"parent":0,"menu_order":0,"comment_status":"closed","ping_status":"closed","template":"","meta":{"dss_simple_post_excerpt":"","dss_show_featured_image":true,"footnotes":""},"class_list":["post-6","page","type-page","status-publish","hentry"],"language":"nb-NO","_links":{"self":[{"href":"https:\/\/teststeder.regjeringen.no\/rushandhevingsutvalget\/wp-json\/wp\/v2\/pages\/6","targetHints":{"allow":["GET"]}}],"collection":[{"href":"https:\/\/teststeder.regjeringen.no\/rushandhevingsutvalget\/wp-json\/wp\/v2\/pages"}],"about":[{"href":"https:\/\/teststeder.regjeringen.no\/rushandhevingsutvalget\/wp-json\/wp\/v2\/types\/page"}],"author":[{"embeddable":true,"href":"https:\/\/teststeder.regjeringen.no\/rushandhevingsutvalget\/wp-json\/wp\/v2\/users\/2877"}],"replies":[{"embeddable":true,"href":"https:\/\/teststeder.regjeringen.no\/rushandhevingsutvalget\/wp-json\/wp\/v2\/comments?post=6"}],"version-history":[{"count":3,"href":"https:\/\/teststeder.regjeringen.no\/rushandhevingsutvalget\/wp-json\/wp\/v2\/pages\/6\/revisions"}],"predecessor-version":[{"id":897,"href":"https:\/\/teststeder.regjeringen.no\/rushandhevingsutvalget\/wp-json\/wp\/v2\/pages\/6\/revisions\/897"}],"wp:attachment":[{"href":"https:\/\/teststeder.regjeringen.no\/rushandhevingsutvalget\/wp-json\/wp\/v2\/media?parent=6"}],"curies":[{"name":"wp","href":"https:\/\/api.w.org\/{rel}","templated":true}]}}