{"id":11721,"date":"2019-08-26T15:35:30","date_gmt":"2019-08-26T13:35:30","guid":{"rendered":"https:\/\/nettsteder.regjeringen.no\/standarddesign\/?page_id=11721"},"modified":"2020-02-19T09:31:57","modified_gmt":"2020-02-19T08:31:57","slug":"det-norske-flagg","status":"publish","type":"page","link":"https:\/\/teststeder.regjeringen.no\/standarddesign\/det-norske-flagg\/","title":{"rendered":"Det norske flagg"},"content":{"rendered":"<div id=\"module-0\" class=\"hogan-module hogan-module-text hogan-module-0 text-wrap\"><div class=\"hogan-module-inner clearfix\"><p>Det norske flagg har et m\u00f8rkebl\u00e5tt nordisk kors med hvite kanter p\u00e5 r\u00f8d bunn.\u00a0 Flagget ble utformet av Frederik Meltzer\u00a0og vedtatt av\u00a0Stortinget 17. mai 1821.<\/p>\n<p>Nasjonalflagget har forholdet 16:22 (h\u00f8yde til bredde).<\/p>\n<p><span style=\"font-size: 9pt;\"><span style=\"font-family: 'Open Sans', Arial, sans-serif; font-style: normal;\">Kilder: <\/span><a href=\"https:\/\/snl.no\/Norges_flagg#-Farge_og_proporsjoner\">https:\/\/snl.no\/Norges_flagg<\/a> og <a href=\"https:\/\/www.regjeringen.no\/no\/dep\/ud\/dep\/norges-flagg-forskrift\/id449230\/\">UD<\/a><\/span><\/p>\n<p>&nbsp;<\/p>\n<p><a style=\"font-weight: inherit;\" href=\"https:\/\/files.teststeder.regjeringen.no\/wpuploads01\/blogs.dir\/337\/files\/2019\/08\/1920px-Flag_of_Norway_with_proportions.svg.png\"><img loading=\"lazy\" decoding=\"async\" class=\"wp-image-11723 size-medium-full\" src=\"https:\/\/files.teststeder.regjeringen.no\/wpuploads01\/blogs.dir\/337\/files\/2019\/08\/1920px-Flag_of_Norway_with_proportions.svg-800x594.png\" alt=\"\" width=\"800\" height=\"594\" srcset=\"https:\/\/files.teststeder.regjeringen.no\/wpuploads01\/blogs.dir\/337\/files\/2019\/08\/1920px-Flag_of_Norway_with_proportions.svg-800x594.png 800w, https:\/\/files.teststeder.regjeringen.no\/wpuploads01\/blogs.dir\/337\/files\/2019\/08\/1920px-Flag_of_Norway_with_proportions.svg-300x223.png 300w, https:\/\/files.teststeder.regjeringen.no\/wpuploads01\/blogs.dir\/337\/files\/2019\/08\/1920px-Flag_of_Norway_with_proportions.svg-768x570.png 768w, https:\/\/files.teststeder.regjeringen.no\/wpuploads01\/blogs.dir\/337\/files\/2019\/08\/1920px-Flag_of_Norway_with_proportions.svg-1024x761.png 1024w, https:\/\/files.teststeder.regjeringen.no\/wpuploads01\/blogs.dir\/337\/files\/2019\/08\/1920px-Flag_of_Norway_with_proportions.svg-1130x839.png 1130w, https:\/\/files.teststeder.regjeringen.no\/wpuploads01\/blogs.dir\/337\/files\/2019\/08\/1920px-Flag_of_Norway_with_proportions.svg-400x297.png 400w, https:\/\/files.teststeder.regjeringen.no\/wpuploads01\/blogs.dir\/337\/files\/2019\/08\/1920px-Flag_of_Norway_with_proportions.svg.png 1920w\" sizes=\"auto, (max-width: 800px) 100vw, 800px\" \/><\/a><\/p>\n<p><strong>R\u00f8d:<\/strong> PMS: 186C, CMYK: 2, 100, 85, 6\u00a0 \u00a0 \u00a0 \u00a0 \u00a0 \u00a0 \u00a0<strong>Bl\u00e5:<\/strong> PMS: 281C, CMYK: 100, 85, 5, 36<\/p><\/div><\/div>\n<div class=\"module module-was-this-helpful\">\n\t<div class=\"text-wrap\">\n\t\t<h2>Var dette nyttig?<\/h2>\n\t\t<form id=\"dekode-wth-form\">\n\t\t\t<button id=\"dekode-wth-yes\" class=\"button\" name=\"dekode-wth-feedback\" type=\"submit\"\n\t\t\t\t\tvalue=\"1\">Ja<\/button>\n\t\t\t<button id=\"dekode-wth-no\" class=\"button\" name=\"dekode-wth-feedback\" type=\"submit\"\n\t\t\t\t\tvalue=\"0\">Nei<\/button>\n\t\t\t<input type=\"hidden\" name=\"post_id\" value=\"11721\"\/>\n\t\t<\/form>\n\t<\/div>\n<\/div>\n","protected":false},"excerpt":{"rendered":"<p>Det norske flagg har et m\u00f8rkebl\u00e5tt nordisk kors med hvite kanter p\u00e5 r\u00f8d bunn.\u00a0 Flagget ble utformet av Frederik Meltzer\u00a0og &#8230;<\/p>\n","protected":false},"author":357,"featured_media":0,"parent":0,"menu_order":0,"comment_status":"closed","ping_status":"closed","template":"","meta":{"_acf_changed":false,"footnotes":""},"class_list":["post-11721","page","type-page","status-publish","hentry"],"language":"nb-NO","acf":[],"_links":{"self":[{"href":"https:\/\/teststeder.regjeringen.no\/standarddesign\/wp-json\/wp\/v2\/pages\/11721","targetHints":{"allow":["GET"]}}],"collection":[{"href":"https:\/\/teststeder.regjeringen.no\/standarddesign\/wp-json\/wp\/v2\/pages"}],"about":[{"href":"https:\/\/teststeder.regjeringen.no\/standarddesign\/wp-json\/wp\/v2\/types\/page"}],"author":[{"embeddable":true,"href":"https:\/\/teststeder.regjeringen.no\/standarddesign\/wp-json\/wp\/v2\/users\/357"}],"replies":[{"embeddable":true,"href":"https:\/\/teststeder.regjeringen.no\/standarddesign\/wp-json\/wp\/v2\/comments?post=11721"}],"version-history":[{"count":10,"href":"https:\/\/teststeder.regjeringen.no\/standarddesign\/wp-json\/wp\/v2\/pages\/11721\/revisions"}],"predecessor-version":[{"id":15747,"href":"https:\/\/teststeder.regjeringen.no\/standarddesign\/wp-json\/wp\/v2\/pages\/11721\/revisions\/15747"}],"wp:attachment":[{"href":"https:\/\/teststeder.regjeringen.no\/standarddesign\/wp-json\/wp\/v2\/media?parent=11721"}],"curies":[{"name":"wp","href":"https:\/\/api.w.org\/{rel}","templated":true}]}}