{"id":125,"date":"2018-11-19T17:03:42","date_gmt":"2018-11-19T16:03:42","guid":{"rendered":"https:\/\/nettsteder.regjeringen.no\/standarddesign\/?page_id=125"},"modified":"2023-10-11T09:36:39","modified_gmt":"2023-10-11T07:36:39","slug":"naerings-og-fiskeridepartementet-nfd","status":"publish","type":"page","link":"https:\/\/teststeder.regjeringen.no\/standarddesign\/profiler\/naerings-og-fiskeridepartementet-nfd\/","title":{"rendered":"N\u00e6rings- og fiskeridepartementet (NFD)"},"content":{"rendered":"<div id=\"module-0\" class=\"hogan-module hogan-module-banner hogan-module-0 hogan-banner-content-left hogan-module-width-full hogan-banner-theme-dark hogan-banner-layout-columns hogan-banner-text-left container-full-width\"><div class=\"hogan-module-inner banner-height-30 tagline-fontsize-16 heading-fontsize-32 content-fontsize-16\"><div class=\"hogan-banner\">\n\t<div class=\"hogan-banner-column hogan-banner-image\">\n\t\t<img loading=\"lazy\" decoding=\"async\" width=\"800\" height=\"305\" src=\"https:\/\/files.teststeder.regjeringen.no\/wpuploads01\/blogs.dir\/337\/files\/2019\/08\/aaaaaa19620398_1358048184260444_3401811256474656575_o-800x305.jpg\" class=\"attachment-medium-full size-medium-full\" alt=\"\" srcset=\"https:\/\/files.teststeder.regjeringen.no\/wpuploads01\/blogs.dir\/337\/files\/2019\/08\/aaaaaa19620398_1358048184260444_3401811256474656575_o-800x305.jpg 800w, https:\/\/files.teststeder.regjeringen.no\/wpuploads01\/blogs.dir\/337\/files\/2019\/08\/aaaaaa19620398_1358048184260444_3401811256474656575_o-300x114.jpg 300w, https:\/\/files.teststeder.regjeringen.no\/wpuploads01\/blogs.dir\/337\/files\/2019\/08\/aaaaaa19620398_1358048184260444_3401811256474656575_o-768x292.jpg 768w, https:\/\/files.teststeder.regjeringen.no\/wpuploads01\/blogs.dir\/337\/files\/2019\/08\/aaaaaa19620398_1358048184260444_3401811256474656575_o-1024x390.jpg 1024w, https:\/\/files.teststeder.regjeringen.no\/wpuploads01\/blogs.dir\/337\/files\/2019\/08\/aaaaaa19620398_1358048184260444_3401811256474656575_o-1130x430.jpg 1130w, https:\/\/files.teststeder.regjeringen.no\/wpuploads01\/blogs.dir\/337\/files\/2019\/08\/aaaaaa19620398_1358048184260444_3401811256474656575_o-400x152.jpg 400w, https:\/\/files.teststeder.regjeringen.no\/wpuploads01\/blogs.dir\/337\/files\/2019\/08\/aaaaaa19620398_1358048184260444_3401811256474656575_o.jpg 1600w\" sizes=\"auto, (max-width: 800px) 100vw, 800px\" \/>\t<\/div>\n\t\t\t<div class=\"hogan-banner-column hogan-banner-content\">\n\t\t\t<div class=\"hogan-banner-content-inner\">\n\t\t\t\t<div class=\"hogan-tagline\">Supplererende designprofil<\/div><h2 class=\"hogan-heading\">N\u00e6rings- og fiskeridepartementet<\/h2><p>NFDs designprofil skal brukes p\u00e5 alle kommunikasjonsflater.<\/p>\n\t\t\t<\/div>\n\t\t<\/div>\n\t<\/div>\n<\/div><\/div><div id=\"module-1\" class=\"hogan-module hogan-module-text hogan-module-1 text-wrap\"><div class=\"hogan-module-inner clearfix\"><p><img loading=\"lazy\" decoding=\"async\" class=\"noOutline wp-image-9661 size-medium-half alignnone no-image-border\" src=\"https:\/\/files.teststeder.regjeringen.no\/wpuploads01\/blogs.dir\/337\/files\/2019\/07\/NFD2Cbm_sort-400x104.jpg\" alt=\"NFD logo bokm\u00e5l\" width=\"400\" height=\"104\" srcset=\"https:\/\/files.teststeder.regjeringen.no\/wpuploads01\/blogs.dir\/337\/files\/2019\/07\/NFD2Cbm_sort-400x104.jpg 400w, https:\/\/files.teststeder.regjeringen.no\/wpuploads01\/blogs.dir\/337\/files\/2019\/07\/NFD2Cbm_sort-300x78.jpg 300w, https:\/\/files.teststeder.regjeringen.no\/wpuploads01\/blogs.dir\/337\/files\/2019\/07\/NFD2Cbm_sort.jpg 695w\" sizes=\"auto, (max-width: 400px) 100vw, 400px\" \/><\/p>\n<p>Form\u00e5let med supplerende designprofil er \u00e5 bidra til \u00e5 skape identitet som gj\u00f8r v\u00e5r informasjon lett \u00e5 kjenne igjen. NFDs visuelle profil er utarbeidet innenfor rammen av det overordnede designprogrammet for departementene.<\/p>\n<p><a class=\"button\" href=\"mailto:40000@dss.dep.no\">Kontakt DSS for profilelementer<\/a><\/p><\/div><\/div><div id=\"module-2\" class=\"hogan-module hogan-module-expandable_list hogan-module-2\"><div class=\"hogan-module-inner text-wrap list-items\"><h2 class=\"hogan-heading\">Profilelementer<\/h2>\t<div class=\"hogan-expandable-list-item list-item\">\n\t\t<div class=\"anchor\" id=\"panel-2-0\">&nbsp;<\/div>\n\t\t<a href=\"#panel-2-0\">\n\t\t\t<div class=\"hogan-expandable-list-item-title\">Formell logo<\/div>\t\t\t<span><\/span>\n\t\t<\/a>\n\t\t<div aria-expanded=\"false\">\n\t\t\t<div class=\"tmce-column\"><img loading=\"lazy\" decoding=\"async\" class=\"noOutline alignleft wp-image-9113 size-medium-half\" src=\"https:\/\/files.teststeder.regjeringen.no\/wpuploads01\/blogs.dir\/337\/files\/2019\/07\/NFD1RB00-400x128.jpg\" alt=\"\" width=\"400\" height=\"128\" srcset=\"https:\/\/files.teststeder.regjeringen.no\/wpuploads01\/blogs.dir\/337\/files\/2019\/07\/NFD1RB00-400x128.jpg 400w, https:\/\/files.teststeder.regjeringen.no\/wpuploads01\/blogs.dir\/337\/files\/2019\/07\/NFD1RB00-300x96.jpg 300w, https:\/\/files.teststeder.regjeringen.no\/wpuploads01\/blogs.dir\/337\/files\/2019\/07\/NFD1RB00-768x245.jpg 768w, https:\/\/files.teststeder.regjeringen.no\/wpuploads01\/blogs.dir\/337\/files\/2019\/07\/NFD1RB00-800x256.jpg 800w, https:\/\/files.teststeder.regjeringen.no\/wpuploads01\/blogs.dir\/337\/files\/2019\/07\/NFD1RB00.jpg 1005w\" sizes=\"auto, (max-width: 400px) 100vw, 400px\" \/><\/div>\n<div class=\"tmce-column\"><img loading=\"lazy\" decoding=\"async\" class=\"noOutline alignleft wp-image-9111 size-medium-half\" src=\"https:\/\/files.teststeder.regjeringen.no\/wpuploads01\/blogs.dir\/337\/files\/2019\/07\/NFD1KB00-400x128.jpg\" alt=\"\" width=\"400\" height=\"128\" srcset=\"https:\/\/files.teststeder.regjeringen.no\/wpuploads01\/blogs.dir\/337\/files\/2019\/07\/NFD1KB00-400x128.jpg 400w, https:\/\/files.teststeder.regjeringen.no\/wpuploads01\/blogs.dir\/337\/files\/2019\/07\/NFD1KB00-300x96.jpg 300w, https:\/\/files.teststeder.regjeringen.no\/wpuploads01\/blogs.dir\/337\/files\/2019\/07\/NFD1KB00-768x245.jpg 768w, https:\/\/files.teststeder.regjeringen.no\/wpuploads01\/blogs.dir\/337\/files\/2019\/07\/NFD1KB00-800x256.jpg 800w, https:\/\/files.teststeder.regjeringen.no\/wpuploads01\/blogs.dir\/337\/files\/2019\/07\/NFD1KB00.jpg 1005w\" sizes=\"auto, (max-width: 400px) 100vw, 400px\" \/><\/div>\n<div class=\"tmce-column\"><img loading=\"lazy\" decoding=\"async\" class=\"noOutline alignleft wp-image-9109 size-medium-half\" src=\"https:\/\/files.teststeder.regjeringen.no\/wpuploads01\/blogs.dir\/337\/files\/2019\/07\/NFD1CN00-400x128.jpg\" alt=\"\" width=\"400\" height=\"128\" srcset=\"https:\/\/files.teststeder.regjeringen.no\/wpuploads01\/blogs.dir\/337\/files\/2019\/07\/NFD1CN00-400x128.jpg 400w, https:\/\/files.teststeder.regjeringen.no\/wpuploads01\/blogs.dir\/337\/files\/2019\/07\/NFD1CN00-300x96.jpg 300w, https:\/\/files.teststeder.regjeringen.no\/wpuploads01\/blogs.dir\/337\/files\/2019\/07\/NFD1CN00-768x245.jpg 768w, https:\/\/files.teststeder.regjeringen.no\/wpuploads01\/blogs.dir\/337\/files\/2019\/07\/NFD1CN00-1024x327.jpg 1024w, https:\/\/files.teststeder.regjeringen.no\/wpuploads01\/blogs.dir\/337\/files\/2019\/07\/NFD1CN00-1130x361.jpg 1130w, https:\/\/files.teststeder.regjeringen.no\/wpuploads01\/blogs.dir\/337\/files\/2019\/07\/NFD1CN00-800x255.jpg 800w\" sizes=\"auto, (max-width: 400px) 100vw, 400px\" \/><\/div>\n<h3>Formell logo brukes p\u00e5:<\/h3>\n<ul>\n<li>Strategier, stortingsmeldinger og stortingsproposisjoner<\/li>\n<li>Formelle skriv og invitasjoner<\/li>\n<\/ul>\n<p>Logoen kan brukes i fargene:<\/p>\n<ul>\n<li>Bl\u00e5, R\u00f8d, gul og hvit (se fargekoder p\u00e5 denne siden)<\/li>\n<li>Sort\/hvitt<\/li>\n<\/ul>\n<p>\u00abDet kongelige\u00bb\/\u00abDet kongelege\u00bbbrukes f\u00f8rst i teksten med departementets navn.<\/p>\n<p><em>Se ogs\u00e5<br \/>\n<\/em><strong><a href=\"https:\/\/teststeder.regjeringen.no\/standarddesign\/designprogrammet\/\">Designprogrammets f\u00f8ringer for formell logo<\/a><br \/>\n<\/strong><a href=\"https:\/\/teststeder.regjeringen.no\/standarddesign\/maler\/omslag\/\">Oversikt over publikasjoner med formell logo<\/a><\/p>\n\t\t<\/div>\n\t<\/div>\n\t<div class=\"hogan-expandable-list-item list-item\">\n\t\t<div class=\"anchor\" id=\"panel-2-1\">&nbsp;<\/div>\n\t\t<a href=\"#panel-2-1\">\n\t\t\t<div class=\"hogan-expandable-list-item-title\">Standardlogo<\/div>\t\t\t<span><\/span>\n\t\t<\/a>\n\t\t<div aria-expanded=\"false\">\n\t\t\t<p><img loading=\"lazy\" decoding=\"async\" class=\"noOutline alignleft wp-image-9695 size-medium-half\" src=\"https:\/\/files.teststeder.regjeringen.no\/wpuploads01\/blogs.dir\/337\/files\/2019\/07\/NFD2Cbm_sort-400x82.png\" alt=\"NFD bokm\u00e5l logo\" width=\"400\" height=\"82\" srcset=\"https:\/\/files.teststeder.regjeringen.no\/wpuploads01\/blogs.dir\/337\/files\/2019\/07\/NFD2Cbm_sort-400x82.png 400w, https:\/\/files.teststeder.regjeringen.no\/wpuploads01\/blogs.dir\/337\/files\/2019\/07\/NFD2Cbm_sort-300x62.png 300w, https:\/\/files.teststeder.regjeringen.no\/wpuploads01\/blogs.dir\/337\/files\/2019\/07\/NFD2Cbm_sort-768x157.png 768w, https:\/\/files.teststeder.regjeringen.no\/wpuploads01\/blogs.dir\/337\/files\/2019\/07\/NFD2Cbm_sort-800x164.png 800w, https:\/\/files.teststeder.regjeringen.no\/wpuploads01\/blogs.dir\/337\/files\/2019\/07\/NFD2Cbm_sort.png 878w\" sizes=\"auto, (max-width: 400px) 100vw, 400px\" \/> <img loading=\"lazy\" decoding=\"async\" class=\"noOutline alignleft wp-image-9697 size-medium-half\" src=\"https:\/\/files.teststeder.regjeringen.no\/wpuploads01\/blogs.dir\/337\/files\/2019\/07\/NFD2Cen-2-400x82.png\" alt=\"NFD engelsk log\" width=\"400\" height=\"82\" srcset=\"https:\/\/files.teststeder.regjeringen.no\/wpuploads01\/blogs.dir\/337\/files\/2019\/07\/NFD2Cen-2-400x82.png 400w, https:\/\/files.teststeder.regjeringen.no\/wpuploads01\/blogs.dir\/337\/files\/2019\/07\/NFD2Cen-2-300x62.png 300w, https:\/\/files.teststeder.regjeringen.no\/wpuploads01\/blogs.dir\/337\/files\/2019\/07\/NFD2Cen-2-768x157.png 768w, https:\/\/files.teststeder.regjeringen.no\/wpuploads01\/blogs.dir\/337\/files\/2019\/07\/NFD2Cen-2-800x164.png 800w, https:\/\/files.teststeder.regjeringen.no\/wpuploads01\/blogs.dir\/337\/files\/2019\/07\/NFD2Cen-2.png 878w\" sizes=\"auto, (max-width: 400px) 100vw, 400px\" \/><\/p>\n<h3>Standardlogo skal brukes p\u00e5:<\/h3>\n<ul>\n<li>Strategier, handlingsplaner, veiledere, rapporter<\/li>\n<li>Uformelle publikasjoner: (Publikasjoner av mindre formell karakter) prosjektrapporter, rammeplaner, erfaringer, statistikksamlinger, kampanjetrykksaker, temaserier, populariserte forskrifter, informasjonsbrosjyrer<\/li>\n<li>Annonser, skilt, presentasjonsmateriell<\/li>\n<li>PowerPoint<\/li>\n<li>Rollups<\/li>\n<li>Nettsider<\/li>\n<\/ul>\n<p>Logoen skal kun brukes i sort eller hvitt (negativ versjon).<\/p>\n<p><em>Se ogs\u00e5<\/em><a href=\"https:\/\/teststeder.regjeringen.no\/standarddesign\/designprogrammet\/\"><strong><em><br \/>\n<\/em><\/strong><\/a><strong><a href=\"https:\/\/teststeder.regjeringen.no\/standarddesign\/designprogrammet\/\">Designprogrammets f\u00f8ringer for standardlogo<\/a><br \/>\n<a href=\"https:\/\/teststeder.regjeringen.no\/standarddesign\/maler\/omslag\/\">Oversikt over publikasjoner med standardlogo<\/a><\/strong><\/p>\n<p><a href=\"https:\/\/teststeder.regjeringen.no\/standarddesign\/maler\/\">Maler for plassering av standardlogo<\/a><\/p>\n\t\t<\/div>\n\t<\/div>\n\t<div class=\"hogan-expandable-list-item list-item\">\n\t\t<div class=\"anchor\" id=\"panel-2-2\">&nbsp;<\/div>\n\t\t<a href=\"#panel-2-2\">\n\t\t\t<div class=\"hogan-expandable-list-item-title\">Logo til sosiale medier<\/div>\t\t\t<span><\/span>\n\t\t<\/a>\n\t\t<div aria-expanded=\"false\">\n\t\t\t<p><strong><a href=\"https:\/\/files.teststeder.regjeringen.no\/wpuploads01\/blogs.dir\/337\/files\/2018\/11\/sosmedier_logo-e1437562128430.jpg\"><img loading=\"lazy\" decoding=\"async\" class=\"noOutline alignnone wp-image-519\" style=\"clear: left;\" src=\"https:\/\/files.teststeder.regjeringen.no\/wpuploads01\/blogs.dir\/337\/files\/2018\/11\/sosmedier_logo-e1437562128430.jpg\" alt=\"\" width=\"101\" height=\"100\" \/><\/a>Kun l\u00f8ven<\/strong> brukes som logo p\u00e5 sosiale medier (Facebook, Flickr, Linkedin, Instagram,Twitter og andre). Departementsnavnet skrives for seg.<\/p>\n<p><a href=\"https:\/\/teststeder.regjeringen.no\/standarddesign\/maler\/sosiale-medier\/\">F\u00f8ringer for logo i sosiale media<\/a><\/p>\n<p>&nbsp;<\/p>\n\t\t<\/div>\n\t<\/div>\n\t<div class=\"hogan-expandable-list-item list-item\">\n\t\t<div class=\"anchor\" id=\"panel-2-3\">&nbsp;<\/div>\n\t\t<a href=\"#panel-2-3\">\n\t\t\t<div class=\"hogan-expandable-list-item-title\">Farger<\/div>\t\t\t<span><\/span>\n\t\t<\/a>\n\t\t<div aria-expanded=\"false\">\n\t\t\t<p>NHDs fargepalett best\u00e5r av 8 PANTONE-farger hvorav \u00e9n er metallisk og <em>kun kan brukes som spesialfarge<\/em> (ikke cmyk). Den metalliske fargen vil gi best effekt i 100% raster, men kan ogs\u00e5 brukes p\u00e5 et enfargebilde, f.eks over en flat farge (se eksempel under).<br \/>\nPANTONE 8201 (metallisk) skal kun brukes i kombinasjon med de to bl\u00e5fargene, PANTONE 5405, 291 eller evt. hvit.<\/p>\n<p>PANTONE 5405 er NFDs hovedfarge og de andre fargene er tilleggsfarger og effektfarge til denne.<\/p>\n<p>VIKTIG: Bruk PANTONE fargekart for \u00e5 kvalitetssikre fargene.<\/p>\n<figure id=\"attachment_5869\" style=\"max-width: 200px;\" class=\"wp-caption alignleft\"><img loading=\"lazy\" decoding=\"async\" class=\"wp-image-5869\" style=\"background-color: #44697d;\" src=\"https:\/\/files.teststeder.regjeringen.no\/wpuploads01\/blogs.dir\/337\/files\/2019\/07\/transparent-background-200x200.png\" alt=\"\" width=\"200\" height=\"200\" \/><figcaption class=\"wp-caption-text\">PANTONE: 5405 C<br \/>CMYK: 72\/43\/31\/14<br \/>HEX: 4e748b <br \/>RGB:78\/116\/139<\/figcaption><\/figure>\n<figure id=\"attachment_5869\" style=\"max-width: 200px;\" class=\"wp-caption alignleft\"><img loading=\"lazy\" decoding=\"async\" class=\"wp-image-5869\" style=\"background-color: #a0cfeb;\" src=\"https:\/\/files.teststeder.regjeringen.no\/wpuploads01\/blogs.dir\/337\/files\/2019\/07\/transparent-background-200x200.png\" alt=\"\" width=\"200\" height=\"200\" \/><figcaption class=\"wp-caption-text\">PANTONE: 291 C<br \/>CMYK: 44\/8\/2\/0<br \/>HEX: 98caec<br \/>RGB: 152\/202\/236<\/figcaption><\/figure>\n<figure id=\"attachment_5869\" style=\"max-width: 200px;\" class=\"wp-caption alignleft\"><img loading=\"lazy\" decoding=\"async\" class=\"wp-image-5869\" style=\"background-color: #512b1b;\" src=\"https:\/\/files.teststeder.regjeringen.no\/wpuploads01\/blogs.dir\/337\/files\/2019\/07\/transparent-background-200x200.png\" alt=\"\" width=\"200\" height=\"200\" \/><figcaption class=\"wp-caption-text\">PANTONE: 4625 C<br \/>CMYK: 42\/73\/76\/66 <br \/>HEX: 512c1e<br \/>RGB: 81\/44\/30<\/figcaption><\/figure>\n<figure id=\"attachment_5869\" style=\"max-width: 200px;\" class=\"wp-caption alignleft\"><img loading=\"lazy\" decoding=\"async\" class=\"wp-image-5869\" style=\"background-color: #d2492a;\" src=\"https:\/\/files.teststeder.regjeringen.no\/wpuploads01\/blogs.dir\/337\/files\/2019\/07\/transparent-background-200x200.png\" alt=\"\" width=\"200\" height=\"200\" \/><figcaption class=\"wp-caption-text\">PANTONE: 173 C<br \/>CMYK: 11\/83\/96\/2 <br \/>HEX: d3461e<br \/>RGB: 211\/70\/30<\/figcaption><\/figure>\n<figure id=\"attachment_5869\" style=\"max-width: 200px;\" class=\"wp-caption alignleft\"><img loading=\"lazy\" decoding=\"async\" class=\"wp-image-5869\" style=\"background-color: #ffa100;\" src=\"https:\/\/files.teststeder.regjeringen.no\/wpuploads01\/blogs.dir\/337\/files\/2019\/07\/transparent-background-200x200.png\" alt=\"\" width=\"200\" height=\"200\" \/><figcaption class=\"wp-caption-text\">PANTONE: 137 C<br \/>CMYK: 0\/44\/93\/0<br \/>HEX: ffa400<br \/>RGB: 255\/164\/0<\/figcaption><\/figure>\n<figure id=\"attachment_5869\" style=\"max-width: 200px;\" class=\"wp-caption alignleft\"><img loading=\"lazy\" decoding=\"async\" class=\"wp-image-5869\" style=\"background-color: #206c49;\" src=\"https:\/\/files.teststeder.regjeringen.no\/wpuploads01\/blogs.dir\/337\/files\/2019\/07\/transparent-background-200x200.png\" alt=\"\" width=\"200\" height=\"200\" \/><figcaption class=\"wp-caption-text\">PANTONE: 553 C<br \/>CMYK: 80\/46\/74\/53<br \/>HEX: 294635 <br \/>RGB: 41\/70\/53<\/figcaption><\/figure>\n<figure id=\"attachment_5869\" style=\"max-width: 200px;\" class=\"wp-caption alignleft\"><img loading=\"lazy\" decoding=\"async\" class=\"wp-image-5869\" style=\"background-color: #a3a86b;\" src=\"https:\/\/files.teststeder.regjeringen.no\/wpuploads01\/blogs.dir\/337\/files\/2019\/07\/transparent-background-200x200.png\" alt=\"\" width=\"200\" height=\"200\" \/><figcaption class=\"wp-caption-text\">PANTONE: 5777 <br \/>CMYK: 41\/24\/66\/7 <br \/>HEX: a2a568 <br \/>RGB: 162\/165\/104<\/figcaption><\/figure>\n<figure id=\"attachment_5869\" style=\"max-width: 200px;\" class=\"wp-caption alignleft\"><img loading=\"lazy\" decoding=\"async\" class=\"wp-image-5869\" style=\"background-color: #6b828f;\" src=\"https:\/\/files.teststeder.regjeringen.no\/wpuploads01\/blogs.dir\/337\/files\/2019\/07\/transparent-background-200x200.png\" alt=\"\" width=\"200\" height=\"200\" \/><figcaption class=\"wp-caption-text\">PANTONE: 8201 C (metalic) <br \/><em>CMYK: 67\/38\/26\/9<\/em><br \/><em>HEX: 5c839c<\/em><br \/><em>RGB: 92\/131\/156<\/em><\/figcaption><\/figure>\n\t\t<\/div>\n\t<\/div>\n<\/div><\/div><div id=\"module-3\" class=\"hogan-module hogan-module-expandable_list hogan-module-3\"><div class=\"hogan-module-inner text-wrap list-items\"><h2 class=\"hogan-heading\">Bruk<\/h2>\t<div class=\"hogan-expandable-list-item list-item\">\n\t\t<div class=\"anchor\" id=\"panel-3-0\">&nbsp;<\/div>\n\t\t<a href=\"#panel-3-0\">\n\t\t\t<div class=\"hogan-expandable-list-item-title\">PowerPoint<\/div>\t\t\t<span><\/span>\n\t\t<\/a>\n\t\t<div aria-expanded=\"false\">\n\t\t\t<p><figure id=\"attachment_25902\" style=\"max-width: 1200px;\" class=\"wp-caption alignnone size-full\"><img loading=\"lazy\" decoding=\"async\" class=\"alignnone  wp-image-25902\" src=\"https:\/\/files.teststeder.regjeringen.no\/wpuploads01\/sites\/337\/2022\/03\/ppt-forside.jpg\" alt=\"\" width=\"1200\" height=\"674\" srcset=\"https:\/\/files.teststeder.regjeringen.no\/wpuploads01\/sites\/337\/2022\/03\/ppt-forside.jpg 1200w, https:\/\/files.teststeder.regjeringen.no\/wpuploads01\/sites\/337\/2022\/03\/ppt-forside-300x169.jpg 300w, https:\/\/files.teststeder.regjeringen.no\/wpuploads01\/sites\/337\/2022\/03\/ppt-forside-1024x575.jpg 1024w, https:\/\/files.teststeder.regjeringen.no\/wpuploads01\/sites\/337\/2022\/03\/ppt-forside-768x431.jpg 768w, https:\/\/files.teststeder.regjeringen.no\/wpuploads01\/sites\/337\/2022\/03\/ppt-forside-1130x635.jpg 1130w, https:\/\/files.teststeder.regjeringen.no\/wpuploads01\/sites\/337\/2022\/03\/ppt-forside-400x225.jpg 400w, https:\/\/files.teststeder.regjeringen.no\/wpuploads01\/sites\/337\/2022\/03\/ppt-forside-800x449.jpg 800w\" sizes=\"auto, (max-width: 1200px) 100vw, 1200px\" \/><\/figure>Powerpointmalen er tilpasset i samarbeid med NFD:<\/p>\n<ul>\n<li>16:9-format (Kompatibel med <a href=\"https:\/\/teststeder.regjeringen.no\/standarddesign\/maler\/powerpoint\/#panel-1-4\">pressemal<\/a>, nett-TV, digitale kanaler og regjeringen.no)<\/li>\n<li>Mal p\u00e5 norsk og engelsk<\/li>\n<li>Egen fellesmal for departementene<\/li>\n<li>Valgfri hvit eller bl\u00e5 bakgrunn<\/li>\n<li>Flere malsider til tekst, bilde, video og grafer<\/li>\n<li>Kreditering for foto<\/li>\n<\/ul>\n<div class=\"highlight\">\n<p><a href=\"https:\/\/files.teststeder.regjeringen.no\/wpuploads01\/blogs.dir\/337\/files\/2019\/05\/PowerPoint.png\"><img loading=\"lazy\" decoding=\"async\" class=\"alignnone wp-image-5073\" src=\"https:\/\/files.teststeder.regjeringen.no\/wpuploads01\/blogs.dir\/337\/files\/2019\/05\/PowerPoint.png\" alt=\"\" width=\"50\" height=\"49\" srcset=\"https:\/\/files.teststeder.regjeringen.no\/wpuploads01\/blogs.dir\/337\/files\/2019\/05\/PowerPoint.png 2000w, https:\/\/files.teststeder.regjeringen.no\/wpuploads01\/blogs.dir\/337\/files\/2019\/05\/PowerPoint-150x150.png 150w, https:\/\/files.teststeder.regjeringen.no\/wpuploads01\/blogs.dir\/337\/files\/2019\/05\/PowerPoint-300x295.png 300w, https:\/\/files.teststeder.regjeringen.no\/wpuploads01\/blogs.dir\/337\/files\/2019\/05\/PowerPoint-768x754.png 768w, https:\/\/files.teststeder.regjeringen.no\/wpuploads01\/blogs.dir\/337\/files\/2019\/05\/PowerPoint-1024x1006.png 1024w, https:\/\/files.teststeder.regjeringen.no\/wpuploads01\/blogs.dir\/337\/files\/2019\/05\/PowerPoint-400x393.png 400w, https:\/\/files.teststeder.regjeringen.no\/wpuploads01\/blogs.dir\/337\/files\/2019\/05\/PowerPoint-1130x1110.png 1130w, https:\/\/files.teststeder.regjeringen.no\/wpuploads01\/blogs.dir\/337\/files\/2019\/05\/PowerPoint-800x786.png 800w\" sizes=\"auto, (max-width: 50px) 100vw, 50px\" \/><\/a>NFD PowerPointmal (bokm\u00e5l) vil starte automatisk n\u00e5r du \u00e5pner PowerPoint. Har du ikke PowerPointikonet i startmenyen, klikk p\u00e5 utforsker, scroll ned til PowerPoint, h\u00f8yreklikk og klikk p\u00e5 <strong>Fest til Start.<\/strong><\/p>\n<p>Engelsk mal finner du i Dynamic Templates<\/p>\n<\/div>\n<h4>Trenger du en kjapp innf\u00f8ring?<\/h4>\n<p>Bli med p\u00e5 en guidet tur! Klikk gjerne p\u00e5 fullskjerm. Turen tar litt under 2 min.)<\/p>\n<p>http:\/\/nettv.regjeringen.no\/kom-igang-med-ny-powerpoint-mal<\/p>\n<p><a class=\"button\" href=\"https:\/\/teststeder.regjeringen.no\/standarddesign\/maler\/powerpoint\/\">Tips og bruksveiledning<\/a><\/p>\n\t\t<\/div>\n\t<\/div>\n\t<div class=\"hogan-expandable-list-item list-item\">\n\t\t<div class=\"anchor\" id=\"panel-3-1\">&nbsp;<\/div>\n\t\t<a href=\"#panel-3-1\">\n\t\t\t<div class=\"hogan-expandable-list-item-title\">Digital bakgrunn for Teams<\/div>\t\t\t<span><\/span>\n\t\t<\/a>\n\t\t<div aria-expanded=\"false\">\n\t\t\t<p>Bruk digital bakgrunn n\u00e5r du representerer departementet i formelle m\u00f8ter og for \u00e5 skjerme privatlivet p\u00e5 hjemmekontor.<\/p>\n<figure id=\"attachment_24943\" style=\"max-width: 1000px;\" class=\"wp-caption alignnone size-full\"><img loading=\"lazy\" decoding=\"async\" class=\"wp-image-24943 \" src=\"https:\/\/files.teststeder.regjeringen.no\/wpuploads01\/blogs.dir\/337\/files\/2021\/05\/16_9_teams_dep-ILLustrasjonsbilde.jpg\" alt=\"\" width=\"1000\" height=\"563\" srcset=\"https:\/\/files.teststeder.regjeringen.no\/wpuploads01\/blogs.dir\/337\/files\/2021\/05\/16_9_teams_dep-ILLustrasjonsbilde.jpg 1000w, https:\/\/files.teststeder.regjeringen.no\/wpuploads01\/blogs.dir\/337\/files\/2021\/05\/16_9_teams_dep-ILLustrasjonsbilde-300x169.jpg 300w, https:\/\/files.teststeder.regjeringen.no\/wpuploads01\/blogs.dir\/337\/files\/2021\/05\/16_9_teams_dep-ILLustrasjonsbilde-768x432.jpg 768w, https:\/\/files.teststeder.regjeringen.no\/wpuploads01\/blogs.dir\/337\/files\/2021\/05\/16_9_teams_dep-ILLustrasjonsbilde-400x225.jpg 400w, https:\/\/files.teststeder.regjeringen.no\/wpuploads01\/blogs.dir\/337\/files\/2021\/05\/16_9_teams_dep-ILLustrasjonsbilde-800x450.jpg 800w\" sizes=\"auto, (max-width: 1000px) 100vw, 1000px\" \/><figcaption class=\"wp-caption-text\">Illustrasjonsbilde<\/figcaption><\/figure>\n<p>For \u00e5 bruke bakgrunnsbildet i Teams m\u00e5 du f\u00f8rst laste ned filen.<\/p>\n<ul>\n<li><a href=\"https:\/\/teststeder.regjeringen.no\/standarddesign\/digital-bakgrunn\/\">Last ned bakgrunnsbildet<\/a> fra passordbeskyttet side.\u00a0 Kontakt DSS for passord.<\/li>\n<\/ul>\n\t\t<\/div>\n\t<\/div>\n<\/div><\/div>","protected":false},"excerpt":{"rendered":"<p>Supplererende designprofilN\u00e6rings- og fiskeridepartementetNFDs designprofil skal brukes p\u00e5 alle kommunikasjonsflater. Form\u00e5let med supplerende designprofil er \u00e5 bidra til \u00e5 skape &#8230;<\/p>\n","protected":false},"author":533,"featured_media":11283,"parent":17,"menu_order":0,"comment_status":"closed","ping_status":"closed","template":"","meta":{"_acf_changed":false,"footnotes":""},"class_list":["post-125","page","type-page","status-publish","has-post-thumbnail","hentry"],"language":"nb-NO","acf":[],"_links":{"self":[{"href":"https:\/\/teststeder.regjeringen.no\/standarddesign\/wp-json\/wp\/v2\/pages\/125","targetHints":{"allow":["GET"]}}],"collection":[{"href":"https:\/\/teststeder.regjeringen.no\/standarddesign\/wp-json\/wp\/v2\/pages"}],"about":[{"href":"https:\/\/teststeder.regjeringen.no\/standarddesign\/wp-json\/wp\/v2\/types\/page"}],"author":[{"embeddable":true,"href":"https:\/\/teststeder.regjeringen.no\/standarddesign\/wp-json\/wp\/v2\/users\/533"}],"replies":[{"embeddable":true,"href":"https:\/\/teststeder.regjeringen.no\/standarddesign\/wp-json\/wp\/v2\/comments?post=125"}],"version-history":[{"count":3,"href":"https:\/\/teststeder.regjeringen.no\/standarddesign\/wp-json\/wp\/v2\/pages\/125\/revisions"}],"predecessor-version":[{"id":26791,"href":"https:\/\/teststeder.regjeringen.no\/standarddesign\/wp-json\/wp\/v2\/pages\/125\/revisions\/26791"}],"up":[{"embeddable":true,"href":"https:\/\/teststeder.regjeringen.no\/standarddesign\/wp-json\/wp\/v2\/pages\/17"}],"wp:featuredmedia":[{"embeddable":true,"href":"https:\/\/teststeder.regjeringen.no\/standarddesign\/wp-json\/wp\/v2\/media\/11283"}],"wp:attachment":[{"href":"https:\/\/teststeder.regjeringen.no\/standarddesign\/wp-json\/wp\/v2\/media?parent=125"}],"curies":[{"name":"wp","href":"https:\/\/api.w.org\/{rel}","templated":true}]}}