{"id":247,"date":"2018-11-20T10:08:38","date_gmt":"2018-11-20T09:08:38","guid":{"rendered":"https:\/\/nettsteder.regjeringen.no\/standarddesign\/?page_id=247"},"modified":"2024-11-06T12:34:51","modified_gmt":"2024-11-06T11:34:51","slug":"rollups-og-pressevegg","status":"publish","type":"page","link":"https:\/\/teststeder.regjeringen.no\/standarddesign\/maler\/rollups-og-pressevegg\/","title":{"rendered":"Rollups og pressevegg"},"content":{"rendered":"<div id=\"module-0\" class=\"hogan-module hogan-module-text hogan-module-0 text-wrap\"><div class=\"hogan-module-inner clearfix\"><p><a class=\"button\" href=\"mailto:400000@dss.dep.no\">Kontakt DSS for bestilling<\/a> \u00a0<a class=\"button\" href=\"https:\/\/teststeder.regjeringen.no\/standarddesign\/maler\/konferansemateriell\/\">Se ogs\u00e5 konferansemateriell<\/a><\/p>\n<p>&nbsp;<\/p>\n<h2>Roll-ups<\/h2>\n<p>DSS lager roll-ups p\u00e5 bestilling. Design tilpasses innholdet. Roll-up&#8217;en m\u00e5ler 85&#215;200 cm. Dersom selve l\u00f8ven i logoen er skalert til 50 mm x 60 mm vil logoen v\u00e6re i korrekt st\u00f8rrelse. Se illustrasjonen under for korrekt plassering av logoen. Tekstst\u00f8rrelsen og plassering tilpasses \u00f8vrige innhold.<\/p>\n<p>Ta kontakt med <a href=\"https:\/\/intra.dep.no\/depweb\/tjenester\/design-og-trykk\/depmedia\/id7303\/\">DepMedia<\/a> for oversikt over pris og levering.<\/p>\n<div class=\"tmce-column\">\n<figure id=\"attachment_5805\" style=\"max-width: 400px;\" class=\"wp-caption alignnone\"><a href=\"https:\/\/files.teststeder.regjeringen.no\/wpuploads01\/blogs.dir\/337\/files\/2019\/05\/rollups.jpg\"><img loading=\"lazy\" decoding=\"async\" class=\"wp-image-5805\" src=\"https:\/\/files.teststeder.regjeringen.no\/wpuploads01\/blogs.dir\/337\/files\/2019\/05\/rollups-400x462.jpg\" alt=\"eksempel p\u00e5 logoplassering p\u00e5 rollups\" width=\"400\" height=\"462\" srcset=\"https:\/\/files.teststeder.regjeringen.no\/wpuploads01\/blogs.dir\/337\/files\/2019\/05\/rollups-400x462.jpg 400w, https:\/\/files.teststeder.regjeringen.no\/wpuploads01\/blogs.dir\/337\/files\/2019\/05\/rollups-260x300.jpg 260w, https:\/\/files.teststeder.regjeringen.no\/wpuploads01\/blogs.dir\/337\/files\/2019\/05\/rollups-300x347.jpg 300w, https:\/\/files.teststeder.regjeringen.no\/wpuploads01\/blogs.dir\/337\/files\/2019\/05\/rollups.jpg 687w\" sizes=\"auto, (max-width: 400px) 100vw, 400px\" \/><\/a><figcaption class=\"wp-caption-text\">Klikk for st\u00f8rre bilde og korrekt plassering av logo<\/figcaption><\/figure>\n<\/div>\n<p>&nbsp;<\/p>\n<h2>Pressevegg<\/h2>\n<p>DSS lager pressevegg (backdrop, bakvegg) etter egen mal og fargeprofil. Pressevegg-designet kan ikke overf\u00f8res til andre produkter. Pressevegg lages ved bestilling til Designprogrammet.<\/p>\n<p><a href=\"https:\/\/files.teststeder.regjeringen.no\/wpuploads01\/blogs.dir\/337\/files\/2019\/05\/DEP_450x300cm_skisse.jpg\"><img loading=\"lazy\" decoding=\"async\" class=\"alignnone wp-image-5899 size-medium-full\" src=\"https:\/\/files.teststeder.regjeringen.no\/wpuploads01\/blogs.dir\/337\/files\/2019\/05\/DEP_450x300cm_skisse-800x533.jpg\" alt=\"eksempel p\u00e5 pressevegg\" width=\"800\" height=\"533\" srcset=\"https:\/\/files.teststeder.regjeringen.no\/wpuploads01\/blogs.dir\/337\/files\/2019\/05\/DEP_450x300cm_skisse-800x533.jpg 800w, https:\/\/files.teststeder.regjeringen.no\/wpuploads01\/blogs.dir\/337\/files\/2019\/05\/DEP_450x300cm_skisse-300x200.jpg 300w, https:\/\/files.teststeder.regjeringen.no\/wpuploads01\/blogs.dir\/337\/files\/2019\/05\/DEP_450x300cm_skisse-768x512.jpg 768w, https:\/\/files.teststeder.regjeringen.no\/wpuploads01\/blogs.dir\/337\/files\/2019\/05\/DEP_450x300cm_skisse-1024x683.jpg 1024w, https:\/\/files.teststeder.regjeringen.no\/wpuploads01\/blogs.dir\/337\/files\/2019\/05\/DEP_450x300cm_skisse-432x288.jpg 432w, https:\/\/files.teststeder.regjeringen.no\/wpuploads01\/blogs.dir\/337\/files\/2019\/05\/DEP_450x300cm_skisse-1130x753.jpg 1130w, https:\/\/files.teststeder.regjeringen.no\/wpuploads01\/blogs.dir\/337\/files\/2019\/05\/DEP_450x300cm_skisse-400x267.jpg 400w\" sizes=\"auto, (max-width: 800px) 100vw, 800px\" \/><\/a><\/p>\n<p><a href=\"https:\/\/files.teststeder.regjeringen.no\/wpuploads01\/blogs.dir\/337\/files\/2019\/05\/Forsvaret_Glacisgt.jpg\"><img loading=\"lazy\" decoding=\"async\" class=\"alignnone size-medium-full wp-image-5897\" src=\"https:\/\/files.teststeder.regjeringen.no\/wpuploads01\/blogs.dir\/337\/files\/2019\/05\/Forsvaret_Glacisgt-800x523.jpg\" alt=\"\" width=\"800\" height=\"523\" srcset=\"https:\/\/files.teststeder.regjeringen.no\/wpuploads01\/blogs.dir\/337\/files\/2019\/05\/Forsvaret_Glacisgt-800x523.jpg 800w, https:\/\/files.teststeder.regjeringen.no\/wpuploads01\/blogs.dir\/337\/files\/2019\/05\/Forsvaret_Glacisgt-300x196.jpg 300w, https:\/\/files.teststeder.regjeringen.no\/wpuploads01\/blogs.dir\/337\/files\/2019\/05\/Forsvaret_Glacisgt-768x502.jpg 768w, https:\/\/files.teststeder.regjeringen.no\/wpuploads01\/blogs.dir\/337\/files\/2019\/05\/Forsvaret_Glacisgt-1024x670.jpg 1024w, https:\/\/files.teststeder.regjeringen.no\/wpuploads01\/blogs.dir\/337\/files\/2019\/05\/Forsvaret_Glacisgt-1130x739.jpg 1130w, https:\/\/files.teststeder.regjeringen.no\/wpuploads01\/blogs.dir\/337\/files\/2019\/05\/Forsvaret_Glacisgt-400x262.jpg 400w, https:\/\/files.teststeder.regjeringen.no\/wpuploads01\/blogs.dir\/337\/files\/2019\/05\/Forsvaret_Glacisgt.jpg 1500w\" sizes=\"auto, (max-width: 800px) 100vw, 800px\" \/><\/a><\/p><\/div><\/div>\n<div class=\"module module-was-this-helpful\">\n\t<div class=\"text-wrap\">\n\t\t<h2>Var dette nyttig?<\/h2>\n\t\t<form id=\"dekode-wth-form\">\n\t\t\t<button id=\"dekode-wth-yes\" class=\"button\" name=\"dekode-wth-feedback\" type=\"submit\"\n\t\t\t\t\tvalue=\"1\">Ja<\/button>\n\t\t\t<button id=\"dekode-wth-no\" class=\"button\" name=\"dekode-wth-feedback\" type=\"submit\"\n\t\t\t\t\tvalue=\"0\">Nei<\/button>\n\t\t\t<input type=\"hidden\" name=\"post_id\" value=\"247\"\/>\n\t\t<\/form>\n\t<\/div>\n<\/div>\n","protected":false},"excerpt":{"rendered":"<p>Kontakt DSS for bestilling \u00a0Se ogs\u00e5 konferansemateriell &nbsp; Roll-ups DSS lager roll-ups p\u00e5 bestilling. Design tilpasses innholdet. Roll-up&#8217;en m\u00e5ler 85&#215;200 &#8230;<\/p>\n","protected":false},"author":533,"featured_media":5385,"parent":21,"menu_order":0,"comment_status":"closed","ping_status":"closed","template":"","meta":{"_acf_changed":false,"footnotes":""},"class_list":["post-247","page","type-page","status-publish","has-post-thumbnail","hentry"],"language":"nb-NO","acf":[],"_links":{"self":[{"href":"https:\/\/teststeder.regjeringen.no\/standarddesign\/wp-json\/wp\/v2\/pages\/247","targetHints":{"allow":["GET"]}}],"collection":[{"href":"https:\/\/teststeder.regjeringen.no\/standarddesign\/wp-json\/wp\/v2\/pages"}],"about":[{"href":"https:\/\/teststeder.regjeringen.no\/standarddesign\/wp-json\/wp\/v2\/types\/page"}],"author":[{"embeddable":true,"href":"https:\/\/teststeder.regjeringen.no\/standarddesign\/wp-json\/wp\/v2\/users\/533"}],"replies":[{"embeddable":true,"href":"https:\/\/teststeder.regjeringen.no\/standarddesign\/wp-json\/wp\/v2\/comments?post=247"}],"version-history":[{"count":3,"href":"https:\/\/teststeder.regjeringen.no\/standarddesign\/wp-json\/wp\/v2\/pages\/247\/revisions"}],"predecessor-version":[{"id":27893,"href":"https:\/\/teststeder.regjeringen.no\/standarddesign\/wp-json\/wp\/v2\/pages\/247\/revisions\/27893"}],"up":[{"embeddable":true,"href":"https:\/\/teststeder.regjeringen.no\/standarddesign\/wp-json\/wp\/v2\/pages\/21"}],"wp:featuredmedia":[{"embeddable":true,"href":"https:\/\/teststeder.regjeringen.no\/standarddesign\/wp-json\/wp\/v2\/media\/5385"}],"wp:attachment":[{"href":"https:\/\/teststeder.regjeringen.no\/standarddesign\/wp-json\/wp\/v2\/media?parent=247"}],"curies":[{"name":"wp","href":"https:\/\/api.w.org\/{rel}","templated":true}]}}