{"id":2897,"date":"2019-02-07T12:43:03","date_gmt":"2019-02-07T11:43:03","guid":{"rendered":"https:\/\/nettsteder.regjeringen.no\/standarddesign\/?page_id=2897"},"modified":"2020-01-10T09:49:48","modified_gmt":"2020-01-10T08:49:48","slug":"baksidetekst-publikasjoner","status":"publish","type":"page","link":"https:\/\/teststeder.regjeringen.no\/standarddesign\/maler\/baksidetekst-publikasjoner\/","title":{"rendered":"Baksidetekst &#8211; publikasjoner"},"content":{"rendered":"<div id=\"module-0\" class=\"hogan-module hogan-module-text hogan-module-0 text-wrap\"><div class=\"hogan-module-inner clearfix\"><p>Baksidetekst skrives med\u00a0Open Sans Normal, 9\/11pt.<\/p><\/div><\/div><div id=\"module-1\" class=\"hogan-module hogan-module-expandable_list hogan-module-1\"><div class=\"hogan-module-inner text-wrap list-items\">\t<div class=\"hogan-expandable-list-item list-item\">\n\t\t<div class=\"anchor\" id=\"panel-1-0\">&nbsp;<\/div>\n\t\t<a href=\"#panel-1-0\">\n\t\t\t<div class=\"hogan-expandable-list-item-title\">Publikasjoner med standardlogo<\/div>\t\t\t<span><\/span>\n\t\t<\/a>\n\t\t<div aria-expanded=\"false\">\n\t\t\t<h2>Strategier, handlingsplaner, veiledere, rapporter, kampanjetrykksaker, temaserier, populariserte forskrifter, informasjonsbrosjyrer<\/h2>\n<p><em>Utgivelse og utforming administreres av <a href=\"mailto:Visuellpublisering@dss.dep.no\">VKP<\/a><\/em><\/p>\n<p><img loading=\"lazy\" decoding=\"async\" class=\"Outline wp-image-2971\" src=\"https:\/\/files.teststeder.regjeringen.no\/wpuploads01\/blogs.dir\/337\/files\/2019\/02\/forside-rapport-400x567.jpg\" alt=\"eksempel forside rapport\" width=\"200\" height=\"283\" srcset=\"https:\/\/files.teststeder.regjeringen.no\/wpuploads01\/blogs.dir\/337\/files\/2019\/02\/forside-rapport-400x567.jpg 400w, https:\/\/files.teststeder.regjeringen.no\/wpuploads01\/blogs.dir\/337\/files\/2019\/02\/forside-rapport-212x300.jpg 212w, https:\/\/files.teststeder.regjeringen.no\/wpuploads01\/blogs.dir\/337\/files\/2019\/02\/forside-rapport-768x1088.jpg 768w, https:\/\/files.teststeder.regjeringen.no\/wpuploads01\/blogs.dir\/337\/files\/2019\/02\/forside-rapport-723x1024.jpg 723w, https:\/\/files.teststeder.regjeringen.no\/wpuploads01\/blogs.dir\/337\/files\/2019\/02\/forside-rapport-300x425.jpg 300w, https:\/\/files.teststeder.regjeringen.no\/wpuploads01\/blogs.dir\/337\/files\/2019\/02\/forside-rapport-800x1133.jpg 800w, https:\/\/files.teststeder.regjeringen.no\/wpuploads01\/blogs.dir\/337\/files\/2019\/02\/forside-rapport.jpg 831w\" sizes=\"auto, (max-width: 200px) 100vw, 200px\" \/>\u00a0\u00a0<img loading=\"lazy\" decoding=\"async\" class=\"Outline wp-image-2941\" src=\"https:\/\/files.teststeder.regjeringen.no\/wpuploads01\/blogs.dir\/337\/files\/2019\/02\/Skjermbilde-400x566.jpg\" alt=\"eksempel p\u00e5 forside for kanpmanjetrykksaker\" width=\"200\" height=\"283\" srcset=\"https:\/\/files.teststeder.regjeringen.no\/wpuploads01\/blogs.dir\/337\/files\/2019\/02\/Skjermbilde-400x566.jpg 400w, https:\/\/files.teststeder.regjeringen.no\/wpuploads01\/blogs.dir\/337\/files\/2019\/02\/Skjermbilde-212x300.jpg 212w, https:\/\/files.teststeder.regjeringen.no\/wpuploads01\/blogs.dir\/337\/files\/2019\/02\/Skjermbilde-300x425.jpg 300w, https:\/\/files.teststeder.regjeringen.no\/wpuploads01\/blogs.dir\/337\/files\/2019\/02\/Skjermbilde.jpg 595w\" sizes=\"auto, (max-width: 200px) 100vw, 200px\" \/><\/p>\n<h3>Bokm\u00e5l<\/h3>\n<p>Utgitt av:<br \/>\nXxxxxxxxxxxxxdepartementet<\/p>\n<p>Bestilling av publikasjoner:<br \/>\nDepartementenes sikkerhets- og serviceorganisasjon<br \/>\n<a href=\"http:\/\/www.publikasjoner.dep.no\/\">www.publikasjoner.dep.no<\/a><br \/>\nTelefon: 22 24 00 00<br \/>\nPublikasjoner er ogs\u00e5 tilgjengelige p\u00e5:<br \/>\n<a href=\"http:\/\/www.regjeringen.no\/\">www.regjeringen.no<\/a><br \/>\nPublikasjonskode: X-0000 B<br \/>\nTrykk: Trykkerinavn xx\/20XX \u2013 opplag XXXX<\/p>\n<h3>Nynorsk<\/h3>\n<p>Utgjeve av:<br \/>\nXxxxxxxxxxxdepartementet<\/p>\n<p>Bestilling av publikasjonar:<br \/>\nService- og tryggingsorganisasjonen til departementa<br \/>\n<a href=\"http:\/\/www.publikasjoner.dep.no\/\">www.publikasjoner.dep.no<\/a><br \/>\nTelefon: 22 24 00 00<br \/>\nPublikasjonar er ogs\u00e5 tilgjengelige p\u00e5:<br \/>\n<a href=\"http:\/\/regjeringen.no\/\">www.regjeringa.no<\/a><br \/>\nPublikasjonskode: Y-0000 N<br \/>\nTrykk: Trykkerinavn xx\/20XX \u2013 opplag XXXX<\/p>\n<h3>Engelsk<\/h3>\n<p>Published by:<br \/>\nNorwegian Ministry of Xxxxxx<\/p>\n<p>Additional copies may be ordered from:<br \/>\nNorwegian Government Security and Service Organisation<br \/>\n<a href=\"http:\/\/www.publikasjoner.dep.no\/\">www.publikasjoner.dep.no<\/a><br \/>\nTelephone: + 47 22 24 00 00<br \/>\nPublications are also available on:<br \/>\nwww.government.no<br \/>\nPublication number: X-0000 E<br \/>\nPrint: Trykkerinavn xx\/201X \u2013 Impression XXXX<\/p>\n<h3>Samisk<\/h3>\n<p>Olggosadd\u00e1n:<br \/>\nXxxxxxxxxxxdepartemeanta<\/p>\n<p>Almmola\u0161 \u00e1sahusat s\u00e1httet di\u014bgot<br \/>\nlassig\u00e1hpp\u00e1lagaid d\u00e1ppe:<br \/>\nDepartemeanttaid sihkkarvuo\u0111a- jab\u00e1lvalusorganisa\u0161uvdna<br \/>\n<a href=\"http:\/\/www.publikasjoner.dep.no\/\">www.publikasjoner.dep.no<\/a><br \/>\nTelefovdna: 22 24 40 00<br \/>\nPrentehusnummir: Y-0000 S<br \/>\nDeaddileapmi: XXX xx\/20XX<br \/>\nPreantalohku: XXXX<\/p>\n\t\t<\/div>\n\t<\/div>\n\t<div class=\"hogan-expandable-list-item list-item\">\n\t\t<div class=\"anchor\" id=\"panel-1-1\">&nbsp;<\/div>\n\t\t<a href=\"#panel-1-1\">\n\t\t\t<div class=\"hogan-expandable-list-item-title\">Stortingsproposisjoner og meldinger \u2013 formell logo<\/div>\t\t\t<span><\/span>\n\t\t<\/a>\n\t\t<div aria-expanded=\"false\">\n\t\t\t<h2>Regjeringens dokumenter til Stortinget<\/h2>\n<h3><strong>Proposisjoner og meldinger til Stortinget<\/strong><\/h3>\n<p><em>Utgivelse og utforming administreres av\u00a0<a href=\"mailto:teknisk.redaksjon@dss.dep.no\">Teknisk redaksjon<\/a>.<\/em><strong><br \/>\n<\/strong><\/p>\n<p><a href=\"https:\/\/files.teststeder.regjeringen.no\/wpuploads01\/blogs.dir\/337\/files\/2019\/02\/ekempel-stortingsmelding.jpg\"><img loading=\"lazy\" decoding=\"async\" class=\"wp-image-2997\" src=\"https:\/\/files.teststeder.regjeringen.no\/wpuploads01\/blogs.dir\/337\/files\/2019\/02\/ekempel-stortingsmelding-1130x1569.jpg\" alt=\"Eksempel p\u00e5 stortingsmelding\" width=\"250\" height=\"347\" srcset=\"https:\/\/files.teststeder.regjeringen.no\/wpuploads01\/blogs.dir\/337\/files\/2019\/02\/ekempel-stortingsmelding-1130x1569.jpg 1130w, https:\/\/files.teststeder.regjeringen.no\/wpuploads01\/blogs.dir\/337\/files\/2019\/02\/ekempel-stortingsmelding-216x300.jpg 216w, https:\/\/files.teststeder.regjeringen.no\/wpuploads01\/blogs.dir\/337\/files\/2019\/02\/ekempel-stortingsmelding-768x1066.jpg 768w, https:\/\/files.teststeder.regjeringen.no\/wpuploads01\/blogs.dir\/337\/files\/2019\/02\/ekempel-stortingsmelding-738x1024.jpg 738w, https:\/\/files.teststeder.regjeringen.no\/wpuploads01\/blogs.dir\/337\/files\/2019\/02\/ekempel-stortingsmelding-300x416.jpg 300w, https:\/\/files.teststeder.regjeringen.no\/wpuploads01\/blogs.dir\/337\/files\/2019\/02\/ekempel-stortingsmelding-400x555.jpg 400w, https:\/\/files.teststeder.regjeringen.no\/wpuploads01\/blogs.dir\/337\/files\/2019\/02\/ekempel-stortingsmelding-800x1111.jpg 800w, https:\/\/files.teststeder.regjeringen.no\/wpuploads01\/blogs.dir\/337\/files\/2019\/02\/ekempel-stortingsmelding.jpg 1270w\" sizes=\"auto, (max-width: 250px) 100vw, 250px\" \/><\/a><\/p>\n<h4>Prp.\/meld. \u2013 bokm\u00e5l<\/h4>\n<p>Offentlige institusjoner kan bestille flere eksemplarer fra:<br \/>\nDepartementenes sikkerhets- og serviceorganisasjon<br \/>\nInternett: www.publikasjoner.dep.no<br \/>\nE-post: publikasjonsbestilling@dss.dep.no<br \/>\nTelefon: 222 40 000<\/p>\n<p>Publikasjonen er ogs\u00e5 tilgjengelig p\u00e5 www.regjeringen.no<br \/>\nTrykk: XXX xx\/201X<\/p>\n<h4>Prp.\/meld. \u2013 nynorsk<\/h4>\n<p>Offentlege institusjonar kan tinge fleire eksemplar fr\u00e5:<br \/>\nService- og tryggingsorganisasjonen til departementa<br \/>\nInternett: www.publikasjoner.dep.no<br \/>\nE-post: publikasjonsbestilling@dss.dep.no<br \/>\nTelefon: 222 40 000<\/p>\n<p>Publikasjonen er ogs\u00e5 tilgjengeleg p\u00e5 www.regjeringa.no<br \/>\nTrykk: XXX xx\/201X<\/p>\n<h4>Prp.\/meld. \u2013 engelsk<\/h4>\n<p>Public institutions may order additional copies from:<br \/>\nNorwegian Government Security and Service Organisation<br \/>\nDistribution Services<br \/>\nwww.publikasjoner.dep.no<br \/>\nE-mail: publikasjonsbestilling@dss.dep.no<br \/>\nTelephone: + 47 222 40 000<\/p>\n<p>This publication is also available at www.government.no<br \/>\nPrint: XXX xx\/201X<\/p>\n<h4>Prp.\/meld. \u2013 samisk<\/h4>\n<p>Almmola\u0161 \u00e1sahusat s\u00e1httet di\u014bgot lassig\u00e1hpp\u00e1lagaid d\u00e1ppe:<br \/>\nDepartemeanttaid sihkkarvuo\u0111a- ja b\u00e1lvalusorganisa\u0161uvdna<br \/>\nPoasta ja distribu\u0161uvdna<br \/>\nwww.publikasjoner.dep.no<br \/>\nE-poasta: publikasjonsbestilling@dss.dep.no<br \/>\nTelefovdna: 222 40 000<\/p>\n<p>\u010c\u00e1llosa g\u00e1vnnat d\u00e1n interneahtta\u010dujuhusas<br \/>\nwww.r\u00e1\u0111\u0111ehus.no<br \/>\nDeaddileapmi: XXX xx\/20XX<\/p>\n\t\t<\/div>\n\t<\/div>\n\t<div class=\"hogan-expandable-list-item list-item\">\n\t\t<div class=\"anchor\" id=\"panel-1-2\">&nbsp;<\/div>\n\t\t<a href=\"#panel-1-2\">\n\t\t\t<div class=\"hogan-expandable-list-item-title\">NOU (ingen logo)<\/div>\t\t\t<span><\/span>\n\t\t<\/a>\n\t\t<div aria-expanded=\"false\">\n\t\t\t<p><em>Utgivelse og utforming administreres av\u00a0<a href=\"mailto:teknisk.redaksjon@dss.dep.no\">Teknisk redaksjon<\/a>.<\/em><\/p>\n<p><img loading=\"lazy\" decoding=\"async\" class=\"wp-image-3007\" src=\"https:\/\/files.teststeder.regjeringen.no\/wpuploads01\/blogs.dir\/337\/files\/2019\/02\/eksempel-NOU-400x566.jpg\" alt=\"Eksempel p\u00e5 NOU forside\" width=\"250\" height=\"354\" srcset=\"https:\/\/files.teststeder.regjeringen.no\/wpuploads01\/blogs.dir\/337\/files\/2019\/02\/eksempel-NOU-400x566.jpg 400w, https:\/\/files.teststeder.regjeringen.no\/wpuploads01\/blogs.dir\/337\/files\/2019\/02\/eksempel-NOU-212x300.jpg 212w, https:\/\/files.teststeder.regjeringen.no\/wpuploads01\/blogs.dir\/337\/files\/2019\/02\/eksempel-NOU-768x1087.jpg 768w, https:\/\/files.teststeder.regjeringen.no\/wpuploads01\/blogs.dir\/337\/files\/2019\/02\/eksempel-NOU-724x1024.jpg 724w, https:\/\/files.teststeder.regjeringen.no\/wpuploads01\/blogs.dir\/337\/files\/2019\/02\/eksempel-NOU-300x424.jpg 300w, https:\/\/files.teststeder.regjeringen.no\/wpuploads01\/blogs.dir\/337\/files\/2019\/02\/eksempel-NOU.jpg 793w\" sizes=\"auto, (max-width: 250px) 100vw, 250px\" \/><\/p>\n<h4>NOU \u2013 bokm\u00e5l<\/h4>\n<p>Bestilling av publikasjoner<\/p>\n<p>Departementenes sikkerhets- og serviceorganisasjon<br \/>\nwww.publikasjoner.dep.no<br \/>\nTelefon: 22 24 00 00<\/p>\n<p>Publikasjonene er ogs\u00e5 tilgjengelige p\u00e5<br \/>\n<a href=\"http:\/\/www.regjeringen.no\/\">www.regjeringen.no<\/a><\/p>\n<p>Trykk: Trykksted \u2013 dato<\/p>\n<h4>NOU \u2013 nynorsk<\/h4>\n<p>Bestilling av publikasjonar<\/p>\n<p>Departementenes sikkerhets- og serviceorganisasjon<br \/>\nwww.publikasjoner.dep.no<br \/>\nTelefon: 22 24 00 00<\/p>\n<p>Publikasjonene er ogs\u00e5 tilgjengelige p\u00e5<br \/>\n<a href=\"http:\/\/www.regjeringen.no\/\">www.regjeringen.no<\/a><\/p>\n<p>Trykk: Trykksted \u2013 dato<\/p>\n<h4>NOU-samisk<\/h4>\n<p>Almmola\u0161 \u010dielggadusat<\/p>\n<p>Die\u0111uid di\u014bgojumi, g\u00e1vppiin vuovdima ja hattiid birra oa\u010d\u010dut d\u00e1ppe:<br \/>\nDepartementenes sikkerhets- og serviceorganisasjon<br \/>\nwww.publikasjoner.dep.no<br \/>\nTelefovdna: 22 24 00 00<\/p>\n<p>\u010c\u00e1llosa g\u00e1vnnat d\u00e1n interneahtta\u010dujuhusas www.r\u00e1\u0111\u0111ehus.no<\/p>\n<p>Deaddileapmi: XXX xx\/20XX<\/p>\n\t\t<\/div>\n\t<\/div>\n<\/div><\/div>\n<div class=\"module module-was-this-helpful\">\n\t<div class=\"text-wrap\">\n\t\t<h2>Var dette nyttig?<\/h2>\n\t\t<form id=\"dekode-wth-form\">\n\t\t\t<button id=\"dekode-wth-yes\" class=\"button\" name=\"dekode-wth-feedback\" type=\"submit\"\n\t\t\t\t\tvalue=\"1\">Ja<\/button>\n\t\t\t<button id=\"dekode-wth-no\" class=\"button\" name=\"dekode-wth-feedback\" type=\"submit\"\n\t\t\t\t\tvalue=\"0\">Nei<\/button>\n\t\t\t<input type=\"hidden\" name=\"post_id\" value=\"2897\"\/>\n\t\t<\/form>\n\t<\/div>\n<\/div>\n","protected":false},"excerpt":{"rendered":"","protected":false},"author":357,"featured_media":0,"parent":21,"menu_order":0,"comment_status":"closed","ping_status":"closed","template":"","meta":{"_acf_changed":false,"footnotes":""},"class_list":["post-2897","page","type-page","status-publish","hentry"],"language":"nb-NO","acf":[],"_links":{"self":[{"href":"https:\/\/teststeder.regjeringen.no\/standarddesign\/wp-json\/wp\/v2\/pages\/2897","targetHints":{"allow":["GET"]}}],"collection":[{"href":"https:\/\/teststeder.regjeringen.no\/standarddesign\/wp-json\/wp\/v2\/pages"}],"about":[{"href":"https:\/\/teststeder.regjeringen.no\/standarddesign\/wp-json\/wp\/v2\/types\/page"}],"author":[{"embeddable":true,"href":"https:\/\/teststeder.regjeringen.no\/standarddesign\/wp-json\/wp\/v2\/users\/357"}],"replies":[{"embeddable":true,"href":"https:\/\/teststeder.regjeringen.no\/standarddesign\/wp-json\/wp\/v2\/comments?post=2897"}],"version-history":[{"count":25,"href":"https:\/\/teststeder.regjeringen.no\/standarddesign\/wp-json\/wp\/v2\/pages\/2897\/revisions"}],"predecessor-version":[{"id":14837,"href":"https:\/\/teststeder.regjeringen.no\/standarddesign\/wp-json\/wp\/v2\/pages\/2897\/revisions\/14837"}],"up":[{"embeddable":true,"href":"https:\/\/teststeder.regjeringen.no\/standarddesign\/wp-json\/wp\/v2\/pages\/21"}],"wp:attachment":[{"href":"https:\/\/teststeder.regjeringen.no\/standarddesign\/wp-json\/wp\/v2\/media?parent=2897"}],"curies":[{"name":"wp","href":"https:\/\/api.w.org\/{rel}","templated":true}]}}