{"id":93,"date":"2018-11-19T17:00:07","date_gmt":"2018-11-19T16:00:07","guid":{"rendered":"https:\/\/nettsteder.regjeringen.no\/standarddesign\/?page_id=93"},"modified":"2023-10-11T09:29:50","modified_gmt":"2023-10-11T07:29:50","slug":"forsvarsdepartementet-fd","status":"publish","type":"page","link":"https:\/\/teststeder.regjeringen.no\/standarddesign\/profiler\/forsvarsdepartementet-fd\/","title":{"rendered":"Forsvarsdepartementet (FD)"},"content":{"rendered":"<div id=\"module-0\" class=\"hogan-module hogan-module-banner hogan-module-0 hogan-banner-content-left hogan-module-width-full hogan-banner-theme-dark hogan-banner-layout-columns hogan-banner-text-left container-full-width\"><div class=\"hogan-module-inner banner-height-30 tagline-fontsize-16 heading-fontsize-32 content-fontsize-18\"><div class=\"hogan-banner\">\n\t<div class=\"hogan-banner-column hogan-banner-image\">\n\t\t<img loading=\"lazy\" decoding=\"async\" width=\"800\" height=\"502\" src=\"https:\/\/files.teststeder.regjeringen.no\/wpuploads01\/blogs.dir\/337\/files\/2019\/08\/FD_banner3-800x502.jpg\" class=\"attachment-medium-full size-medium-full\" alt=\"\" srcset=\"https:\/\/files.teststeder.regjeringen.no\/wpuploads01\/blogs.dir\/337\/files\/2019\/08\/FD_banner3-800x502.jpg 800w, https:\/\/files.teststeder.regjeringen.no\/wpuploads01\/blogs.dir\/337\/files\/2019\/08\/FD_banner3-300x188.jpg 300w, https:\/\/files.teststeder.regjeringen.no\/wpuploads01\/blogs.dir\/337\/files\/2019\/08\/FD_banner3-768x482.jpg 768w, https:\/\/files.teststeder.regjeringen.no\/wpuploads01\/blogs.dir\/337\/files\/2019\/08\/FD_banner3-1024x642.jpg 1024w, https:\/\/files.teststeder.regjeringen.no\/wpuploads01\/blogs.dir\/337\/files\/2019\/08\/FD_banner3-1130x709.jpg 1130w, https:\/\/files.teststeder.regjeringen.no\/wpuploads01\/blogs.dir\/337\/files\/2019\/08\/FD_banner3-400x251.jpg 400w, https:\/\/files.teststeder.regjeringen.no\/wpuploads01\/blogs.dir\/337\/files\/2019\/08\/FD_banner3.jpg 1363w\" sizes=\"auto, (max-width: 800px) 100vw, 800px\" \/>\t<\/div>\n\t\t\t<div class=\"hogan-banner-column hogan-banner-content\">\n\t\t\t<div class=\"hogan-banner-content-inner\">\n\t\t\t\t<div class=\"hogan-tagline\">Supplererende designprofil<\/div><h2 class=\"hogan-heading\">Forsvarsdepartementet<\/h2><p>FDs designprofil skal brukes p\u00e5 alle kommunikasjonsflater<\/p>\n\t\t\t<\/div>\n\t\t<\/div>\n\t<\/div>\n<\/div><\/div><div id=\"module-1\" class=\"hogan-module hogan-module-text hogan-module-1 text-wrap\"><div class=\"hogan-module-inner clearfix\"><p><img loading=\"lazy\" decoding=\"async\" class=\"noOutline wp-image-9513 size-medium-half alignnone\" src=\"https:\/\/files.teststeder.regjeringen.no\/wpuploads01\/blogs.dir\/337\/files\/2019\/07\/FD2Cbm_sort-1-400x96.jpg\" alt=\"FD standard logo\" width=\"400\" height=\"96\" srcset=\"https:\/\/files.teststeder.regjeringen.no\/wpuploads01\/blogs.dir\/337\/files\/2019\/07\/FD2Cbm_sort-1-400x96.jpg 400w, https:\/\/files.teststeder.regjeringen.no\/wpuploads01\/blogs.dir\/337\/files\/2019\/07\/FD2Cbm_sort-1-300x72.jpg 300w, https:\/\/files.teststeder.regjeringen.no\/wpuploads01\/blogs.dir\/337\/files\/2019\/07\/FD2Cbm_sort-1.jpg 740w\" sizes=\"auto, (max-width: 400px) 100vw, 400px\" \/><\/p>\n<div class=\"entry-content\">\n<p>Kommunikasjonsenheten har ansvar for utforming og bruk av departementets visuelle profil. Ansvaret omfatter alle trykksaker, nettpubliseringer og andre kanalvalg. Endringer eller tilpasninger i den visuelle profilen m\u00e5 godkjennes av Kommunikasjonsenheten. Avdelingene har ansvar for innholdet i egne publikasjoner\/trykksaker, men skal alltid konsultere Kommunikasjonsenheten\u00a0 om utforming.<\/p>\n<\/div><\/div><\/div><div id=\"module-2\" class=\"hogan-module hogan-module-expandable_list hogan-module-2\"><div class=\"hogan-module-inner text-wrap list-items\"><h2 class=\"hogan-heading\">Profilelementer<\/h2>\t<div class=\"hogan-expandable-list-item list-item\">\n\t\t<div class=\"anchor\" id=\"panel-2-0\">&nbsp;<\/div>\n\t\t<a href=\"#panel-2-0\">\n\t\t\t<div class=\"hogan-expandable-list-item-title\">Formell logo<\/div>\t\t\t<span><\/span>\n\t\t<\/a>\n\t\t<div aria-expanded=\"false\">\n\t\t\t<div class=\"tmce-column\"><img loading=\"lazy\" decoding=\"async\" class=\"noOutline alignleft wp-image-9551 size-medium-half\" src=\"https:\/\/files.teststeder.regjeringen.no\/wpuploads01\/blogs.dir\/337\/files\/2019\/07\/FD_1CB00-400x187.jpg\" alt=\"FD bokm\u00e5l logo\" width=\"400\" height=\"187\" srcset=\"https:\/\/files.teststeder.regjeringen.no\/wpuploads01\/blogs.dir\/337\/files\/2019\/07\/FD_1CB00-400x187.jpg 400w, https:\/\/files.teststeder.regjeringen.no\/wpuploads01\/blogs.dir\/337\/files\/2019\/07\/FD_1CB00-300x140.jpg 300w, https:\/\/files.teststeder.regjeringen.no\/wpuploads01\/blogs.dir\/337\/files\/2019\/07\/FD_1CB00.jpg 686w\" sizes=\"auto, (max-width: 400px) 100vw, 400px\" \/><\/div>\n<div class=\"tmce-column\"><img loading=\"lazy\" decoding=\"async\" class=\"noOutline alignleft wp-image-9555 size-medium-half\" src=\"https:\/\/files.teststeder.regjeringen.no\/wpuploads01\/blogs.dir\/337\/files\/2019\/07\/FD_1KB00-400x187.jpg\" alt=\"FD bokm\u00e5l logo sort\" width=\"400\" height=\"187\" srcset=\"https:\/\/files.teststeder.regjeringen.no\/wpuploads01\/blogs.dir\/337\/files\/2019\/07\/FD_1KB00-400x187.jpg 400w, https:\/\/files.teststeder.regjeringen.no\/wpuploads01\/blogs.dir\/337\/files\/2019\/07\/FD_1KB00-300x140.jpg 300w, https:\/\/files.teststeder.regjeringen.no\/wpuploads01\/blogs.dir\/337\/files\/2019\/07\/FD_1KB00.jpg 686w\" sizes=\"auto, (max-width: 400px) 100vw, 400px\" \/><\/div>\n<div class=\"tmce-column\"><img loading=\"lazy\" decoding=\"async\" class=\"noOutline alignleft wp-image-9553 size-medium-half\" src=\"https:\/\/files.teststeder.regjeringen.no\/wpuploads01\/blogs.dir\/337\/files\/2019\/07\/FD_1CN00-400x187.jpg\" alt=\"FD nynorsk logo\" width=\"400\" height=\"187\" srcset=\"https:\/\/files.teststeder.regjeringen.no\/wpuploads01\/blogs.dir\/337\/files\/2019\/07\/FD_1CN00-400x187.jpg 400w, https:\/\/files.teststeder.regjeringen.no\/wpuploads01\/blogs.dir\/337\/files\/2019\/07\/FD_1CN00-300x140.jpg 300w, https:\/\/files.teststeder.regjeringen.no\/wpuploads01\/blogs.dir\/337\/files\/2019\/07\/FD_1CN00.jpg 686w\" sizes=\"auto, (max-width: 400px) 100vw, 400px\" \/><\/div>\n<p>&nbsp;<\/p>\n<h3>Formell logo brukes p\u00e5:<\/h3>\n<ul>\n<li>Strategier, stortingsmeldinger og stortingsproposisjoner<\/li>\n<li>Formelle skriv og invitasjoner<\/li>\n<\/ul>\n<p>Logoen kan brukes i fargene:<\/p>\n<ul>\n<li>Bl\u00e5, R\u00f8d, gul og hvit (se fargekoder p\u00e5 denne siden)<\/li>\n<li>Sort\/hvitt<\/li>\n<\/ul>\n<p>\u00abDet kongelige\u00bb\/\u00abDet kongelege\u00bbbrukes f\u00f8rst i teksten med departementets navn.<\/p>\n<p><em>Se ogs\u00e5<br \/>\n<\/em><strong><a href=\"https:\/\/teststeder.regjeringen.no\/standarddesign\/designprogrammet\/\">Designprogrammets f\u00f8ringer for formell logo<\/a><br \/>\n<\/strong><a href=\"https:\/\/teststeder.regjeringen.no\/standarddesign\/maler\/omslag\/\">Oversikt over publikasjoner med formell logo<\/a><\/p>\n\t\t<\/div>\n\t<\/div>\n\t<div class=\"hogan-expandable-list-item list-item\">\n\t\t<div class=\"anchor\" id=\"panel-2-1\">&nbsp;<\/div>\n\t\t<a href=\"#panel-2-1\">\n\t\t\t<div class=\"hogan-expandable-list-item-title\">Standardlogo<\/div>\t\t\t<span><\/span>\n\t\t<\/a>\n\t\t<div aria-expanded=\"false\">\n\t\t\t<p class=\"tmce-column\"><img loading=\"lazy\" decoding=\"async\" class=\"noOutline alignnone wp-image-7889 size-full\" src=\"https:\/\/files.teststeder.regjeringen.no\/wpuploads01\/blogs.dir\/337\/files\/2019\/07\/FD2Cbm_sort.jpg\" alt=\"\" width=\"740\" height=\"177\" srcset=\"https:\/\/files.teststeder.regjeringen.no\/wpuploads01\/blogs.dir\/337\/files\/2019\/07\/FD2Cbm_sort.jpg 740w, https:\/\/files.teststeder.regjeringen.no\/wpuploads01\/blogs.dir\/337\/files\/2019\/07\/FD2Cbm_sort-300x72.jpg 300w, https:\/\/files.teststeder.regjeringen.no\/wpuploads01\/blogs.dir\/337\/files\/2019\/07\/FD2Cbm_sort-400x96.jpg 400w\" sizes=\"auto, (max-width: 740px) 100vw, 740px\" \/><\/p>\n<h3>Standardlogo skal brukes p\u00e5:<\/h3>\n<ul>\n<li>Strategier, handlingsplaner, veiledere, rapporter<\/li>\n<li>Uformelle publikasjoner: (Publikasjoner av mindre formell karakter) prosjektrapporter, rammeplaner, erfaringer, statistikksamlinger, kampanjetrykksaker, temaserier, populariserte forskrifter, informasjonsbrosjyrer<\/li>\n<li>Annonser, skilt, presentasjonsmateriell<\/li>\n<li>PowerPoint<\/li>\n<li>Rollups<\/li>\n<li>Nettsider<\/li>\n<\/ul>\n<p>Logoen skal kun brukes i sort eller hvitt (negativ versjon).<\/p>\n<p><a href=\"https:\/\/teststeder.regjeringen.no\/standarddesign\/designprogrammet\/\"><em>Se ogs\u00e5<\/em><strong><em><br \/>\n<\/em><\/strong><\/a><strong><a href=\"https:\/\/teststeder.regjeringen.no\/standarddesign\/designprogrammet\/\">Designprogrammets f\u00f8ringer for standardlogo<\/a><br \/>\n<a href=\"https:\/\/teststeder.regjeringen.no\/standarddesign\/maler\/omslag\/\">Oversikt over publikasjoner med standardlogo<\/a><\/strong><\/p>\n<p><a href=\"https:\/\/teststeder.regjeringen.no\/standarddesign\/maler\/\">Maler for plassering av standardlogo<\/a><\/p>\n\t\t<\/div>\n\t<\/div>\n\t<div class=\"hogan-expandable-list-item list-item\">\n\t\t<div class=\"anchor\" id=\"panel-2-2\">&nbsp;<\/div>\n\t\t<a href=\"#panel-2-2\">\n\t\t\t<div class=\"hogan-expandable-list-item-title\">Logo til sosiale medier<\/div>\t\t\t<span><\/span>\n\t\t<\/a>\n\t\t<div aria-expanded=\"false\">\n\t\t\t<p><strong><a href=\"https:\/\/files.teststeder.regjeringen.no\/wpuploads01\/blogs.dir\/337\/files\/2018\/11\/sosmedier_logo-e1437562128430.jpg\"><img loading=\"lazy\" decoding=\"async\" class=\"noOutline alignnone wp-image-519\" style=\"clear: left;\" src=\"https:\/\/files.teststeder.regjeringen.no\/wpuploads01\/blogs.dir\/337\/files\/2018\/11\/sosmedier_logo-e1437562128430.jpg\" alt=\"\" width=\"101\" height=\"100\" \/><\/a>Kun l\u00f8ven<\/strong> brukes som logo p\u00e5 sosiale medier (Facebook, Flickr, Linkedin, Instagram,Twitter og andre). Departementsnavnet skrives for seg.<\/p>\n<p><a href=\"https:\/\/teststeder.regjeringen.no\/standarddesign\/maler\/sosiale-medier\/\">F\u00f8ringer for logo i sosiale media<\/a><\/p>\n<p>&nbsp;<\/p>\n\t\t<\/div>\n\t<\/div>\n\t<div class=\"hogan-expandable-list-item list-item\">\n\t\t<div class=\"anchor\" id=\"panel-2-3\">&nbsp;<\/div>\n\t\t<a href=\"#panel-2-3\">\n\t\t\t<div class=\"hogan-expandable-list-item-title\">Farger<\/div>\t\t\t<span><\/span>\n\t\t<\/a>\n\t\t<div aria-expanded=\"false\">\n\t\t\t<h2>Hovedfarger<\/h2>\n<p>Hovedfargene skal brukes p\u00e5 all kommunikasjon fra Forsvardepartementet. Alle farger kan bruke i transparens, men ikke mindre tetthet enn at fargen beholder sin karakter.<\/p>\n<p>Alle farger kan brukes i transparens, men ikke mindre tetthet enn at fargen beholder sin karakter.<\/p>\n<figure id=\"attachment_5869\" style=\"max-width: 200px;\" class=\"wp-caption alignleft\"><img loading=\"lazy\" decoding=\"async\" class=\"wp-image-5869\" style=\"background-color: #726e20;\" src=\"https:\/\/files.teststeder.regjeringen.no\/wpuploads01\/blogs.dir\/337\/files\/2019\/07\/transparent-background-200x200.png\" alt=\"\" width=\"200\" height=\"200\" \/><figcaption class=\"wp-caption-text\">RGB: 114\/110\/32<br \/>CMYK: 24\/13\/93\/60<br \/>HEX: 726E20<br \/>Pantone: 385<\/figcaption><\/figure>\n<figure id=\"attachment_5869\" style=\"max-width: 200px;\" class=\"wp-caption alignleft\"><img loading=\"lazy\" decoding=\"async\" class=\"wp-image-5869\" style=\"background-color: #c3d3df;\" src=\"https:\/\/files.teststeder.regjeringen.no\/wpuploads01\/blogs.dir\/337\/files\/2019\/07\/transparent-background-200x200.png\" alt=\"\" width=\"200\" height=\"200\" \/><figcaption class=\"wp-caption-text\">RGB: 195\/211\/223<br \/>CMYK: 20\/3\/1\/2<br \/>HEX: C3D3DF<br \/>Pantone 643<\/figcaption><\/figure>\n<figure id=\"attachment_5869\" style=\"max-width: 200px;\" class=\"wp-caption alignleft\"><img loading=\"lazy\" decoding=\"async\" class=\"wp-image-5869\" style=\"background-color: #002857;\" src=\"https:\/\/files.teststeder.regjeringen.no\/wpuploads01\/blogs.dir\/337\/files\/2019\/07\/transparent-background-200x200.png\" alt=\"\" width=\"200\" height=\"200\" \/><figcaption class=\"wp-caption-text\">RGB: 0\/40\/87<br \/>CMYK: 100\/71\/9\/58<br \/>HEX: 002857<br \/>Pantone 648<\/figcaption><\/figure>\n<figure id=\"attachment_5869\" style=\"max-width: 200px;\" class=\"wp-caption alignleft\"><img loading=\"lazy\" decoding=\"async\" class=\"wp-image-5869\" style=\"background-color: #d5d6d2;\" src=\"https:\/\/files.teststeder.regjeringen.no\/wpuploads01\/blogs.dir\/337\/files\/2019\/07\/transparent-background-200x200.png\" alt=\"\" width=\"200\" height=\"200\" \/><figcaption class=\"wp-caption-text\">RGB: 213\/214\/210<br \/>CMYK: 5\/3\/5\/11<br \/>HEX: D5D6D2<br \/>Pantone cool grey 2<\/figcaption><\/figure>\n<figure id=\"attachment_5869\" style=\"max-width: 200px;\" class=\"wp-caption alignleft\"><img loading=\"lazy\" decoding=\"async\" class=\"wp-image-5869\" style=\"background-color: #747678;\" src=\"https:\/\/files.teststeder.regjeringen.no\/wpuploads01\/blogs.dir\/337\/files\/2019\/07\/transparent-background-200x200.png\" alt=\"\" width=\"200\" height=\"200\" \/><figcaption class=\"wp-caption-text\">RGB: 116\/118\/120<br \/>CMYK: 30\/23\/17\/58<br \/>HEX: 747678<br \/>Pantone cool grey 9<\/figcaption><\/figure>\n<h2>Tilleggsfarger<\/h2>\n<figure id=\"attachment_5869\" style=\"max-width: 200px;\" class=\"wp-caption alignleft\"><img loading=\"lazy\" decoding=\"async\" class=\"wp-image-5869\" style=\"background-color: #ffffff;\" src=\"https:\/\/files.teststeder.regjeringen.no\/wpuploads01\/blogs.dir\/337\/files\/2019\/07\/transparent-background-200x200.png\" alt=\"\" width=\"200\" height=\"200\" \/><figcaption class=\"wp-caption-text\">RGB: 255\/255\/255<br \/>CMYK: 0\/0\/0\/0<br \/>HEX: FFFFFF<br \/>White<\/figcaption><\/figure>\n<figure id=\"attachment_5869\" style=\"max-width: 200px;\" class=\"wp-caption alignleft\"><img loading=\"lazy\" decoding=\"async\" class=\"wp-image-5869\" style=\"background-color: #703d29;\" src=\"https:\/\/files.teststeder.regjeringen.no\/wpuploads01\/blogs.dir\/337\/files\/2019\/07\/transparent-background-200x200.png\" alt=\"\" width=\"200\" height=\"200\" \/><figcaption class=\"wp-caption-text\">RGB: 112\/61\/41<br \/>CMYK: 19\/81\/83\/64<br \/>HEX: 703D29<br \/>Pantone 478<\/figcaption><\/figure>\n<figure id=\"attachment_5869\" style=\"max-width: 200px;\" class=\"wp-caption alignleft\"><img loading=\"lazy\" decoding=\"async\" class=\"wp-image-5869\" style=\"background-color: #394a58;\" src=\"https:\/\/files.teststeder.regjeringen.no\/wpuploads01\/blogs.dir\/337\/files\/2019\/07\/transparent-background-200x200.png\" alt=\"\" width=\"200\" height=\"200\" \/><figcaption class=\"wp-caption-text\">RGB: 57\/74\/88<br \/>CMYK: 71\/43\/23\/63<br \/>HEX: 394A58<br \/>Pantone 7546<\/figcaption><\/figure>\n<figure id=\"attachment_5869\" style=\"max-width: 200px;\" class=\"wp-caption alignleft\"><img loading=\"lazy\" decoding=\"async\" class=\"wp-image-5869\" style=\"background-color: #51626f;\" src=\"https:\/\/files.teststeder.regjeringen.no\/wpuploads01\/blogs.dir\/337\/files\/2019\/07\/transparent-background-200x200.png\" alt=\"\" width=\"200\" height=\"200\" \/><figcaption class=\"wp-caption-text\">RGB: 81\/98\/111<br \/>CMYK: 56\/30\/17\/52<br \/>HEX: 51626F<br \/>Pantone 7545<\/figcaption><\/figure>\n<figure id=\"attachment_5869\" style=\"max-width: 200px;\" class=\"wp-caption alignleft\"><img loading=\"lazy\" decoding=\"async\" class=\"wp-image-5869\" style=\"background-color: #a4aeb5;\" src=\"https:\/\/files.teststeder.regjeringen.no\/wpuploads01\/blogs.dir\/337\/files\/2019\/07\/transparent-background-200x200.png\" alt=\"\" width=\"200\" height=\"200\" \/><figcaption class=\"wp-caption-text\">RGB: 164\/174\/181<br \/>CMYK: 23\/9\/8\/21<br \/>HEX: A4AEB5<br \/>Pantone 7543<\/figcaption><\/figure>\n\t\t<\/div>\n\t<\/div>\n\t<div class=\"hogan-expandable-list-item list-item\">\n\t\t<div class=\"anchor\" id=\"panel-2-4\">&nbsp;<\/div>\n\t\t<a href=\"#panel-2-4\">\n\t\t\t<div class=\"hogan-expandable-list-item-title\"> Digital bakgrunn for Teams<\/div>\t\t\t<span><\/span>\n\t\t<\/a>\n\t\t<div aria-expanded=\"false\">\n\t\t\t<p>Bruk digital bakgrunn n\u00e5r du representerer departementet i formelle m\u00f8ter og for \u00e5 skjerme privatlivet p\u00e5 hjemmekontor.<\/p>\n<figure id=\"attachment_24943\" style=\"max-width: 1000px;\" class=\"wp-caption alignnone size-full\"><img loading=\"lazy\" decoding=\"async\" class=\"wp-image-24943 \" src=\"https:\/\/files.teststeder.regjeringen.no\/wpuploads01\/blogs.dir\/337\/files\/2021\/05\/16_9_teams_dep-ILLustrasjonsbilde.jpg\" alt=\"\" width=\"1000\" height=\"563\" srcset=\"https:\/\/files.teststeder.regjeringen.no\/wpuploads01\/blogs.dir\/337\/files\/2021\/05\/16_9_teams_dep-ILLustrasjonsbilde.jpg 1000w, https:\/\/files.teststeder.regjeringen.no\/wpuploads01\/blogs.dir\/337\/files\/2021\/05\/16_9_teams_dep-ILLustrasjonsbilde-300x169.jpg 300w, https:\/\/files.teststeder.regjeringen.no\/wpuploads01\/blogs.dir\/337\/files\/2021\/05\/16_9_teams_dep-ILLustrasjonsbilde-768x432.jpg 768w, https:\/\/files.teststeder.regjeringen.no\/wpuploads01\/blogs.dir\/337\/files\/2021\/05\/16_9_teams_dep-ILLustrasjonsbilde-400x225.jpg 400w, https:\/\/files.teststeder.regjeringen.no\/wpuploads01\/blogs.dir\/337\/files\/2021\/05\/16_9_teams_dep-ILLustrasjonsbilde-800x450.jpg 800w\" sizes=\"auto, (max-width: 1000px) 100vw, 1000px\" \/><figcaption class=\"wp-caption-text\">Illustrasjonsbilde<\/figcaption><\/figure>\n<p>For \u00e5 bruke bakgrunnsbildet i Teams m\u00e5 du f\u00f8rst laste ned filen.<\/p>\n<ul>\n<li><a href=\"https:\/\/teststeder.regjeringen.no\/standarddesign\/digital-bakgrunn\/\">Last ned bakgrunnsbildet<\/a> fra passordbeskyttet side.\u00a0 Kontakt DSS for passord.<\/li>\n<\/ul>\n<p>&nbsp;<\/p>\n\t\t<\/div>\n\t<\/div>\n<\/div><\/div><div id=\"module-3\" class=\"hogan-module hogan-module-expandable_list hogan-module-3\"><div class=\"hogan-module-inner text-wrap list-items\"><h2 class=\"hogan-heading\">Om FDs supplerende designprofil<\/h2>\t<div class=\"hogan-expandable-list-item list-item\">\n\t\t<div class=\"anchor\" id=\"panel-3-0\">&nbsp;<\/div>\n\t\t<a href=\"#panel-3-0\">\n\t\t\t<div class=\"hogan-expandable-list-item-title\">Bakgrunn<\/div>\t\t\t<span><\/span>\n\t\t<\/a>\n\t\t<div aria-expanded=\"false\">\n\t\t\t<p>Forsvarsdepartementets profilmanual er utviklet av Gazette 2007 og f\u00f8lger retningslinjene gitt i Designprogrammet for departementene.<\/p>\n\t\t<\/div>\n\t<\/div>\n<\/div><\/div>\n<div class=\"module module-was-this-helpful\">\n\t<div class=\"text-wrap\">\n\t\t<h2>Var dette nyttig?<\/h2>\n\t\t<form id=\"dekode-wth-form\">\n\t\t\t<button id=\"dekode-wth-yes\" class=\"button\" name=\"dekode-wth-feedback\" type=\"submit\"\n\t\t\t\t\tvalue=\"1\">Ja<\/button>\n\t\t\t<button id=\"dekode-wth-no\" class=\"button\" name=\"dekode-wth-feedback\" type=\"submit\"\n\t\t\t\t\tvalue=\"0\">Nei<\/button>\n\t\t\t<input type=\"hidden\" name=\"post_id\" value=\"93\"\/>\n\t\t<\/form>\n\t<\/div>\n<\/div>\n","protected":false},"excerpt":{"rendered":"","protected":false},"author":533,"featured_media":11185,"parent":17,"menu_order":0,"comment_status":"closed","ping_status":"closed","template":"","meta":{"_acf_changed":false,"footnotes":""},"class_list":["post-93","page","type-page","status-publish","has-post-thumbnail","hentry"],"language":"nb-NO","acf":[],"_links":{"self":[{"href":"https:\/\/teststeder.regjeringen.no\/standarddesign\/wp-json\/wp\/v2\/pages\/93","targetHints":{"allow":["GET"]}}],"collection":[{"href":"https:\/\/teststeder.regjeringen.no\/standarddesign\/wp-json\/wp\/v2\/pages"}],"about":[{"href":"https:\/\/teststeder.regjeringen.no\/standarddesign\/wp-json\/wp\/v2\/types\/page"}],"author":[{"embeddable":true,"href":"https:\/\/teststeder.regjeringen.no\/standarddesign\/wp-json\/wp\/v2\/users\/533"}],"replies":[{"embeddable":true,"href":"https:\/\/teststeder.regjeringen.no\/standarddesign\/wp-json\/wp\/v2\/comments?post=93"}],"version-history":[{"count":3,"href":"https:\/\/teststeder.regjeringen.no\/standarddesign\/wp-json\/wp\/v2\/pages\/93\/revisions"}],"predecessor-version":[{"id":26785,"href":"https:\/\/teststeder.regjeringen.no\/standarddesign\/wp-json\/wp\/v2\/pages\/93\/revisions\/26785"}],"up":[{"embeddable":true,"href":"https:\/\/teststeder.regjeringen.no\/standarddesign\/wp-json\/wp\/v2\/pages\/17"}],"wp:featuredmedia":[{"embeddable":true,"href":"https:\/\/teststeder.regjeringen.no\/standarddesign\/wp-json\/wp\/v2\/media\/11185"}],"wp:attachment":[{"href":"https:\/\/teststeder.regjeringen.no\/standarddesign\/wp-json\/wp\/v2\/media?parent=93"}],"curies":[{"name":"wp","href":"https:\/\/api.w.org\/{rel}","templated":true}]}}