{"id":41,"date":"2022-12-12T08:10:05","date_gmt":"2022-12-12T07:10:05","guid":{"rendered":"https:\/\/nettsteder.regjeringen.no\/stylu\/?page_id=41"},"modified":"2023-09-29T13:22:29","modified_gmt":"2023-09-29T11:22:29","slug":"rammeplanutvalg-2023","status":"publish","type":"page","link":"https:\/\/teststeder.regjeringen.no\/stylu\/rammeplanutvalg-2023\/","title":{"rendered":"Fase 1 &#8211; Rammeplanutvalg (avsluttet)"},"content":{"rendered":"\n<h3 class=\"wp-block-heading\"><strong>Forenklinger av rammeplanene for l\u00e6rerutdanningene<\/strong><\/h3>\n\n\n\n<p>I f\u00f8rste fase har et hurtigarbeidende rammeplanutvalg gitt anbefalinger til Kunnskapsdepartementet om forenklinger av rammeplanene for l\u00e6rerutdanningene. M\u00e5let var \u00e5 fjerne f\u00f8ringer som ble opplevd som hindre for kvalitet i utdanningene. Forslagene fra rammeplanutvalget ble sendt p\u00e5 h\u00f8ring som opplyste saken p\u00e5 en god m\u00e5te. Regjeringen fastsatte endringer i rammeplanene for l\u00e6rerutdanningene 30. juni 2023.<\/p>\n\n\n<ul class=\"is-style-list wp-block-dss-simple-posts\"><li class=\"wp-block-dss-simple-post\"><a href=\"https:\/\/teststeder.regjeringen.no\/stylu\/2023\/07\/03\/kunnskapsdepartementet-har-fastsatt-endringer-i-forskrifter-om-rammeplaner-for-laererutdanningene\/\" class=\"wp-block-dss-simple-post__link\"><div class=\"wp-block-dss-simple-post__content\"><h2>Kunnskapsdepartementet har fastsatt endringer i forskrifter om rammeplaner for l\u00e6rerutdanningene<\/h2><\/div><\/a><\/li><li class=\"wp-block-dss-simple-post\"><a href=\"https:\/\/teststeder.regjeringen.no\/stylu\/2023\/04\/21\/horing-om-rammeplanutvalgets-forslag-til-forenklinger-i-rammeplanene\/\" class=\"wp-block-dss-simple-post__link\"><div class=\"wp-block-dss-simple-post__content\"><h2>H\u00f8ring om rammeplanutvalgets forslag til forenklinger i rammeplanene<\/h2><\/div><\/a><\/li><li class=\"wp-block-dss-simple-post\"><a href=\"https:\/\/teststeder.regjeringen.no\/stylu\/2023\/03\/24\/anbefalinger-fra-rammeplanutvalget\/\" class=\"wp-block-dss-simple-post__link\"><div class=\"wp-block-dss-simple-post__content\"><h2>Anbefalinger fra rammeplanutvalget<\/h2><\/div><\/a><\/li><li class=\"wp-block-dss-simple-post\"><a href=\"https:\/\/teststeder.regjeringen.no\/stylu\/2023\/02\/07\/mandat-for-utvalgsarbeidet-for-fase-1\/\" class=\"wp-block-dss-simple-post__link\"><div class=\"wp-block-dss-simple-post__content\"><h2>Mandat (fase 1)<\/h2><\/div><\/a><\/li><li class=\"wp-block-dss-simple-post\"><a href=\"https:\/\/teststeder.regjeringen.no\/stylu\/2023\/01\/02\/sammensetning-rammeplanutvalg-fase-1\/\" class=\"wp-block-dss-simple-post__link\"><div class=\"wp-block-dss-simple-post__content\"><h2>Sammensetning rammeplanutvalg (fase 1)<\/h2><\/div><\/a><\/li><\/ul>\n\n\n<h3 class=\"wp-block-heading\">M\u00f8ter i rammeplanutvalget<\/h3>\n\n\n\n<ul class=\"wp-block-list is-layout-flow wp-block-list-is-layout-flow\">\n<li><a href=\"https:\/\/teststeder.regjeringen.no\/stylu\/2023\/02\/07\/forste-utvalgsmote\/\">14. februar 2023 <\/a><\/li>\n<\/ul>\n","protected":false},"excerpt":{"rendered":"<p>Forenklinger av rammeplanene for l\u00e6rerutdanningene I f\u00f8rste fase har et hurtigarbeidende rammeplanutvalg gitt anbefalinger til Kunnskapsdepartementet om forenklinger av rammeplanene for l\u00e6rerutdanningene. M\u00e5let var \u00e5 fjerne f\u00f8ringer som ble opplevd som hindre for kvalitet i utdanningene. Forslagene fra rammeplanutvalget ble sendt p\u00e5 h\u00f8ring som opplyste saken p\u00e5 en god m\u00e5te. Regjeringen fastsatte endringer i rammeplanene\u2026<\/p>\n","protected":false},"author":2877,"featured_media":0,"parent":0,"menu_order":0,"comment_status":"closed","ping_status":"closed","template":"","meta":{"dss_simple_post_excerpt":"","dss_show_featured_image":true,"footnotes":""},"class_list":["post-41","page","type-page","status-publish","hentry"],"language":"nb-NO","_links":{"self":[{"href":"https:\/\/teststeder.regjeringen.no\/stylu\/wp-json\/wp\/v2\/pages\/41","targetHints":{"allow":["GET"]}}],"collection":[{"href":"https:\/\/teststeder.regjeringen.no\/stylu\/wp-json\/wp\/v2\/pages"}],"about":[{"href":"https:\/\/teststeder.regjeringen.no\/stylu\/wp-json\/wp\/v2\/types\/page"}],"author":[{"embeddable":true,"href":"https:\/\/teststeder.regjeringen.no\/stylu\/wp-json\/wp\/v2\/users\/2877"}],"replies":[{"embeddable":true,"href":"https:\/\/teststeder.regjeringen.no\/stylu\/wp-json\/wp\/v2\/comments?post=41"}],"version-history":[{"count":3,"href":"https:\/\/teststeder.regjeringen.no\/stylu\/wp-json\/wp\/v2\/pages\/41\/revisions"}],"predecessor-version":[{"id":482,"href":"https:\/\/teststeder.regjeringen.no\/stylu\/wp-json\/wp\/v2\/pages\/41\/revisions\/482"}],"wp:attachment":[{"href":"https:\/\/teststeder.regjeringen.no\/stylu\/wp-json\/wp\/v2\/media?parent=41"}],"curies":[{"name":"wp","href":"https:\/\/api.w.org\/{rel}","templated":true}]}}