{"id":47,"date":"2022-12-12T08:10:36","date_gmt":"2022-12-12T07:10:36","guid":{"rendered":"https:\/\/nettsteder.regjeringen.no\/stylu\/?page_id=47"},"modified":"2023-02-09T12:53:21","modified_gmt":"2023-02-09T11:53:21","slug":"arrangementer","status":"publish","type":"page","link":"https:\/\/teststeder.regjeringen.no\/stylu\/arrangementer\/","title":{"rendered":"Arrangementer"},"content":{"rendered":"<ul class=\"is-style-list-image wp-block-dss-simple-posts\"><li class=\"wp-block-dss-simple-post\"><a href=\"https:\/\/teststeder.regjeringen.no\/stylu\/2023\/02\/09\/forste-innspillsmote-om-arbeid-med-a-redusererammeplanstyringen-av-laererutdanning-9-mai-2022\/\" class=\"wp-block-dss-simple-post__link\"><div class=\"wp-block-dss-simple-post__content\"><h2>9. mai 2022: Innspillsm\u00f8te om prosessen for arbeidet med \u00e5 redusere rammeplanstyringen av l\u00e6rerutdanningene<\/h2><\/div><\/a><\/li><\/ul>","protected":false},"excerpt":{"rendered":"","protected":false},"author":2877,"featured_media":0,"parent":0,"menu_order":0,"comment_status":"closed","ping_status":"closed","template":"","meta":{"dss_simple_post_excerpt":"","dss_show_featured_image":true,"footnotes":""},"class_list":["post-47","page","type-page","status-publish","hentry"],"language":"nb-NO","_links":{"self":[{"href":"https:\/\/teststeder.regjeringen.no\/stylu\/wp-json\/wp\/v2\/pages\/47","targetHints":{"allow":["GET"]}}],"collection":[{"href":"https:\/\/teststeder.regjeringen.no\/stylu\/wp-json\/wp\/v2\/pages"}],"about":[{"href":"https:\/\/teststeder.regjeringen.no\/stylu\/wp-json\/wp\/v2\/types\/page"}],"author":[{"embeddable":true,"href":"https:\/\/teststeder.regjeringen.no\/stylu\/wp-json\/wp\/v2\/users\/2877"}],"replies":[{"embeddable":true,"href":"https:\/\/teststeder.regjeringen.no\/stylu\/wp-json\/wp\/v2\/comments?post=47"}],"version-history":[{"count":4,"href":"https:\/\/teststeder.regjeringen.no\/stylu\/wp-json\/wp\/v2\/pages\/47\/revisions"}],"predecessor-version":[{"id":241,"href":"https:\/\/teststeder.regjeringen.no\/stylu\/wp-json\/wp\/v2\/pages\/47\/revisions\/241"}],"wp:attachment":[{"href":"https:\/\/teststeder.regjeringen.no\/stylu\/wp-json\/wp\/v2\/media?parent=47"}],"curies":[{"name":"wp","href":"https:\/\/api.w.org\/{rel}","templated":true}]}}