{"id":46,"date":"2025-02-04T14:21:21","date_gmt":"2025-02-04T13:21:21","guid":{"rendered":"https:\/\/nettsteder.regjeringen.no\/tbu\/?page_id=46"},"modified":"2025-03-31T11:20:15","modified_gmt":"2025-03-31T09:20:15","slug":"tbu-rapporter","status":"publish","type":"page","link":"https:\/\/teststeder.regjeringen.no\/tbu\/tbu-rapporter\/","title":{"rendered":"Rapporter fra utvalget"},"content":{"rendered":"<p class=\"t2-ingress wp-block-t2-ingress\">Utvalget utarbeider fra og med 2025 tre rapporter i \u00e5ret, to om v\u00e5ren og \u00e9n om h\u00f8sten. Utvalgets notater til konsultasjonsordningen mellom staten og kommunesektoren utgj\u00f8r n\u00e5 den f\u00f8rste v\u00e5rrapporten.<\/p>\n\n\n<figure class=\"wp-block-image size-large\"><img loading=\"lazy\" decoding=\"async\" width=\"1024\" height=\"590\" src=\"https:\/\/files.teststeder.regjeringen.no\/wpuploads01\/sites\/587\/2025\/03\/NOU-2024_TBU-1024x590.png\" alt=\"Forsiden p\u00e5 TBUs rapport\" class=\"wp-image-216\" srcset=\"https:\/\/files.teststeder.regjeringen.no\/wpuploads01\/sites\/587\/2025\/03\/NOU-2024_TBU-1024x590.png 1024w, https:\/\/files.teststeder.regjeringen.no\/wpuploads01\/sites\/587\/2025\/03\/NOU-2024_TBU-300x173.png 300w, https:\/\/files.teststeder.regjeringen.no\/wpuploads01\/sites\/587\/2025\/03\/NOU-2024_TBU-768x443.png 768w, https:\/\/files.teststeder.regjeringen.no\/wpuploads01\/sites\/587\/2025\/03\/NOU-2024_TBU.png 1074w\" sizes=\"auto, (max-width: 1024px) 100vw, 1024px\" \/><figcaption class=\"wp-element-caption\">Teknisk beregningsutvalg for kommunal og fylkeskommunal \u00f8konomi sin rapport for h\u00f8sten 2024.<\/figcaption><\/figure>\n\n\n\n<ul class=\"wp-block-list is-layout-flow wp-block-list-is-layout-flow\">\n<li><a href=\"https:\/\/www.regjeringen.no\/no\/dokumenter\/rapport-fra-det-tekniske-beregningsutvalg-for-kommunal-og-fylkeskommunal-okonomi\/id3090666\/\">Mars 2025&nbsp;<\/a><\/li>\n\n\n\n<li><a href=\"https:\/\/www.regjeringen.no\/no\/dokumenter\/nou-2024-23\/id3076113\/\">November 2024<\/a><\/li>\n\n\n\n<li><a href=\"https:\/\/www.regjeringen.no\/no\/dokumenter\/rapport-fra-det-tekniske-beregningsutvalg-for-kommunal-og-fylkeskommunal-okonomi\/id3047198\/\">Juni 2024<\/a><\/li>\n\n\n\n<li><a href=\"https:\/\/www.regjeringen.no\/no\/dokumenter\/rapport-fra-det-tekniske-beregningsutvalg-for-kommunal-og-fylkeskommunal-okonomi\/id3015560\/\">November 2023<\/a><\/li>\n\n\n\n<li><a href=\"https:\/\/www.regjeringen.no\/no\/dokumenter\/rapport-fra-det-tekniske-beregningsutvalg-for-kommunal-og-fylkeskommunal-okonomi-juni-2023\/id2987434\/\">Juni 2023<\/a><\/li>\n\n\n\n<li><a href=\"https:\/\/www.regjeringen.no\/no\/dokumenter\/rapport-fra-det-tekniske-beregningsutvalg-for-kommunal-og-fylkeskommunal-okonomi-november-2022\/id2948377\/\">November 2022<\/a><\/li>\n\n\n\n<li><a href=\"https:\/\/www.regjeringen.no\/no\/dokumenter\/rapport-fra-det-tekniske-beregningsutvalg-for-kommunal-og-fylkeskommunal-okonomi-juni-2022\/id2921596\/\">Juni 2022<\/a><\/li>\n\n\n\n<li><a href=\"https:\/\/www.regjeringen.no\/no\/dokumenter\/rapport-fra-det-tekniske-beregningsutvalg-for-kommunal-og-fylkeskommunal-okonomi-november-2021\/id2889822\/\">November 2021<\/a><\/li>\n\n\n\n<li><a href=\"https:\/\/www.regjeringen.no\/no\/dokumenter\/rapport-fra-det-tekniske-beregningsutvalg-for-kommunal-og-fylkeskommunal-okonomi-juni-2021\/id2864994\/\">Juni 2021<\/a><\/li>\n\n\n\n<li><a href=\"https:\/\/www.regjeringen.no\/no\/dokumenter\/rapport-fra-det-tekniske-beregningsutvalg-for-kommunal-og-fylkeskommunal-okonomi-november-2020\/id2786312\/\">November 2020<\/a><\/li>\n\n\n\n<li><a href=\"https:\/\/www.regjeringen.no\/no\/dokumenter\/rapport-fra-det-tekniske-beregningsutvalg-for-kommunal-og-fylkeskommunal-okonomi---juni-2020\/id2721286\/\">Juni 2020<\/a><\/li>\n\n\n\n<li><a href=\"https:\/\/www.regjeringen.no\/no\/dokumenter\/rapport-fra-det-tekniske-beregningsutvalg-for-kommunal-og-fylkeskommunal-okonomi---november-2019\/id2678145\/\">November 2019<\/a><\/li>\n\n\n\n<li><a href=\"https:\/\/www.regjeringen.no\/no\/dokumenter\/rapport-fra-det-tekniske-beregningsutvalg-for-kommunal-og-fylkeskommunal-okonomi---juni-2019\/id2662452\/\">Juni 2019&nbsp;<\/a><\/li>\n\n\n\n<li><a href=\"https:\/\/www.regjeringen.no\/no\/dokumenter\/rapport-fra-det-tekniske-beregningsutvalg-for-kommunal-og-fylkeskommunal-okonomi---november-2018\/id2619677\/\">November 2018<\/a><\/li>\n\n\n\n<li><a href=\"https:\/\/www.regjeringen.no\/no\/dokumenter\/rapport-fra-det-tekniske-beregningsutvalg-for-kommunal-og-fylkeskommunal-okonomi---juni-2018\/id2606826\/\">Juni 2018<\/a><\/li>\n\n\n\n<li><a href=\"https:\/\/www.regjeringen.no\/no\/dokumenter\/rapport-fra-det-tekniske-beregningsutvalget-for-kommunal-og-fylkeskommunal-okonomi---november-2017\/id2580410\/\">November 2017<\/a><\/li>\n\n\n\n<li><a href=\"https:\/\/www.regjeringen.no\/contentassets\/e7b6fc88b8ee447ca6b5b251e812418d\/tbu_juni_2017.pdf\">Juni 2017<\/a><\/li>\n\n\n\n<li><a href=\"https:\/\/www.regjeringen.no\/contentassets\/e7b6fc88b8ee447ca6b5b251e812418d\/tbu_november_2016.pdf\">November 2016<\/a><\/li>\n\n\n\n<li><a href=\"https:\/\/www.regjeringen.no\/contentassets\/e7b6fc88b8ee447ca6b5b251e812418d\/tbu-2016.pdf\">Juni 2016<\/a><\/li>\n\n\n\n<li><a href=\"https:\/\/www.regjeringen.no\/contentassets\/e7b6fc88b8ee447ca6b5b251e812418d\/tbu_nov_2015.pdf\">November 2015<\/a><\/li>\n\n\n\n<li><a href=\"https:\/\/www.regjeringen.no\/no\/dokumenter\/Rapport-TBU-for-kommunal-og-fylkeskommunal-okonomi_nov_2014\/id2340810\/\">April 2015<\/a><\/li>\n\n\n\n<li><a href=\"https:\/\/www.regjeringen.no\/contentassets\/e7b6fc88b8ee447ca6b5b251e812418d\/tbu-rapport_nov_2014.pdf\">November 2014<\/a><\/li>\n\n\n\n<li><a href=\"https:\/\/www.regjeringen.no\/no\/dokumenter\/Rapport-fra-Det-tekniske-beregningsutvalg-for-kommunal-og-fylkeskommunal-okonomi\/id759126\/\">Mai 2014<\/a><\/li>\n\n\n\n<li><a href=\"https:\/\/www.regjeringen.no\/no\/dokumenter\/rapport-fra-det-tekniske-beregningsutv-2\/id746909\/\">November 2013<\/a><\/li>\n\n\n\n<li><a href=\"https:\/\/www.regjeringen.no\/globalassets\/upload\/krd\/komm\/tbu_ny26042013.pdf\">April 2013<\/a><\/li>\n\n\n\n<li><a href=\"https:\/\/www.regjeringen.no\/globalassets\/upload\/krd\/komm\/tbu_rapport_26nov2012.pdf\">November 2012<\/a><\/li>\n\n\n\n<li><a href=\"https:\/\/www.regjeringen.no\/no\/dokumenter\/rapport-fra-det-tekniske-beregningsutval\/id680393\/\" target=\"_blank\" rel=\"noreferrer noopener\">April 2012<\/a><\/li>\n\n\n\n<li><a href=\"https:\/\/www.regjeringen.no\/no\/dokumenter\/rapport-fra-det-tekniske-beregningsutv-2\/id663742\/\" target=\"_blank\" rel=\"noreferrer noopener\">November 2011<\/a><\/li>\n\n\n\n<li><a href=\"https:\/\/www.regjeringen.no\/no\/dokumenter\/rapport-fra-det-tekniske-beregningsutval\/id641041\/\" target=\"_blank\" rel=\"noreferrer noopener\">April 2011<\/a><\/li>\n\n\n\n<li><a href=\"https:\/\/www.regjeringen.no\/no\/dokumenter\/rapport-fra-det-tekniske-beregningsutval\/id625501\/\">November 2010<\/a><\/li>\n\n\n\n<li><a href=\"https:\/\/www.regjeringen.no\/no\/dokumenter\/Rapport-fra-Det-tekniske-beregningsutvalg-for-kommunal-og-fylkeskommunal-okonomi\/id600328\/\">April 2010<\/a><\/li>\n\n\n\n<li><a href=\"https:\/\/www.regjeringen.no\/no\/dokumenter\/rapport-fra-det-tekniske-beregningsutval-2\/id587154\/\">November 2009<\/a><\/li>\n\n\n\n<li><a href=\"https:\/\/www.regjeringen.no\/no\/dokumenter\/rapport-fra-det-tekniske-beregningsutval\/id556195\/\">April 2009<\/a><\/li>\n\n\n\n<li><a href=\"https:\/\/www.regjeringen.no\/no\/dokumenter\/rapport-fra-det-tekniske-beregningsutval-2\/id536924\/\">November 2008<\/a><\/li>\n\n\n\n<li><a href=\"https:\/\/www.regjeringen.no\/no\/dokumenter\/rapport-fra-det-tekniske-beregningsutval\/id508306\/\">April 2008<\/a><\/li>\n\n\n\n<li><a href=\"https:\/\/www.regjeringen.no\/no\/dokumenter\/rapport-fra-det-tekniske-beregningsutval-2\/id489239\/\">November 2007<\/a><\/li>\n\n\n\n<li><a href=\"https:\/\/www.regjeringen.no\/no\/dokumenter\/rapport-fra-det-tekniske-beregningsutval\/id464843\/\">April 2007<\/a><\/li>\n\n\n\n<li><a href=\"https:\/\/www.regjeringen.no\/contentassets\/e7b6fc88b8ee447ca6b5b251e812418d\/tbu-tbu-november-2006.pdf\">November 2006 (PDF)<\/a><\/li>\n\n\n\n<li><a href=\"https:\/\/www.regjeringen.no\/contentassets\/e7b6fc88b8ee447ca6b5b251e812418d\/tbu-april-2006.pdf\">April 2006 (PDF)<\/a><\/li>\n\n\n\n<li><a href=\"https:\/\/www.regjeringen.no\/contentassets\/e7b6fc88b8ee447ca6b5b251e812418d\/tbu-april-2005.pdf\">April 2005 (PDF)<\/a><\/li>\n<\/ul>\n","protected":false},"excerpt":{"rendered":"","protected":false},"author":2877,"featured_media":0,"parent":0,"menu_order":0,"comment_status":"closed","ping_status":"closed","template":"","meta":{"dss_simple_post_excerpt":"","dss_show_featured_image":true,"footnotes":""},"class_list":["post-46","page","type-page","status-publish","hentry"],"language":"nb-NO","_links":{"self":[{"href":"https:\/\/teststeder.regjeringen.no\/tbu\/wp-json\/wp\/v2\/pages\/46","targetHints":{"allow":["GET"]}}],"collection":[{"href":"https:\/\/teststeder.regjeringen.no\/tbu\/wp-json\/wp\/v2\/pages"}],"about":[{"href":"https:\/\/teststeder.regjeringen.no\/tbu\/wp-json\/wp\/v2\/types\/page"}],"author":[{"embeddable":true,"href":"https:\/\/teststeder.regjeringen.no\/tbu\/wp-json\/wp\/v2\/users\/2877"}],"replies":[{"embeddable":true,"href":"https:\/\/teststeder.regjeringen.no\/tbu\/wp-json\/wp\/v2\/comments?post=46"}],"version-history":[{"count":3,"href":"https:\/\/teststeder.regjeringen.no\/tbu\/wp-json\/wp\/v2\/pages\/46\/revisions"}],"predecessor-version":[{"id":219,"href":"https:\/\/teststeder.regjeringen.no\/tbu\/wp-json\/wp\/v2\/pages\/46\/revisions\/219"}],"wp:attachment":[{"href":"https:\/\/teststeder.regjeringen.no\/tbu\/wp-json\/wp\/v2\/media?parent=46"}],"curies":[{"name":"wp","href":"https:\/\/api.w.org\/{rel}","templated":true}]}}