{"id":11,"date":"2024-09-11T13:27:04","date_gmt":"2024-09-11T11:27:04","guid":{"rendered":"https:\/\/nettsteder.regjeringen.no\/ufvb\/?page_id=11"},"modified":"2025-04-10T11:23:56","modified_gmt":"2025-04-10T09:23:56","slug":"medlemmer","status":"publish","type":"page","link":"https:\/\/teststeder.regjeringen.no\/ufvb\/medlemmer\/","title":{"rendered":"Medlemmer"},"content":{"rendered":"<ul class=\"wp-block-dss-people\">\n<li class=\"wp-block-dss-person\">\t<div class=\"dss-person-image\">\n\t\t<figure>\n\t\t\t<img loading=\"lazy\" decoding=\"async\" width=\"188\" height=\"250\" src=\"https:\/\/files.teststeder.regjeringen.no\/wpuploads01\/sites\/576\/2024\/09\/Hart.jpg\" class=\"attachment-250x250 size-250x250\" alt=\"\" \/>\t\t<\/figure>\n\t<\/div>\n\t<div class=\"dss-person-content\">\n\t\t<h3 class=\"dss-person-name\">Rannveig Kaldager Hart<\/h3><p class=\"dss-person-position\">Leder av utvalget. F\u00f8rsteamanuensis ved institutt for helse og samfunn, UiO og seniorforsker, FHI. Oslo<\/p><p class=\"dss-person-content\">Demograf som forsker p\u00e5 fruktbarhet, familier, politikk og helse. Har s\u00e6rlig forsket p\u00e5 effekter av familiepolitikk p\u00e5 fruktbarhet og helse, fruktbarhetsm\u00f8nstre i Norge, og hvordan familiesituasjon henger sammen med helse. <\/p>\t<\/div>\n\t<\/li>\n\n<li class=\"wp-block-dss-person\">\t<div class=\"dss-person-image\">\n\t\t<figure>\n\t\t\t<img loading=\"lazy\" decoding=\"async\" width=\"250\" height=\"250\" src=\"https:\/\/files.teststeder.regjeringen.no\/wpuploads01\/sites\/576\/2024\/09\/sara-portrett-1200-1x1-1-300x300.jpg\" class=\"attachment-250x250 size-250x250\" alt=\"\" srcset=\"https:\/\/files.teststeder.regjeringen.no\/wpuploads01\/sites\/576\/2024\/09\/sara-portrett-1200-1x1-1-300x300.jpg 300w, https:\/\/files.teststeder.regjeringen.no\/wpuploads01\/sites\/576\/2024\/09\/sara-portrett-1200-1x1-1-1024x1024.jpg 1024w, https:\/\/files.teststeder.regjeringen.no\/wpuploads01\/sites\/576\/2024\/09\/sara-portrett-1200-1x1-1-150x150.jpg 150w, https:\/\/files.teststeder.regjeringen.no\/wpuploads01\/sites\/576\/2024\/09\/sara-portrett-1200-1x1-1-768x768.jpg 768w, https:\/\/files.teststeder.regjeringen.no\/wpuploads01\/sites\/576\/2024\/09\/sara-portrett-1200-1x1-1.jpg 1200w\" sizes=\"auto, (max-width: 250px) 100vw, 250px\" \/>\t\t<\/figure>\n\t<\/div>\n\t<div class=\"dss-person-content\">\n\t\t<h3 class=\"dss-person-name\">Sara Cools<\/h3><p class=\"dss-person-position\">Forsker ved Institutt for samfunnsforsking. Oslo<\/p><p class=\"dss-person-content\">Sara Cools er samfunns\u00f8konom med s\u00e6rlig interesse for koblingene mellom familie, arbeidsliv og \u00f8konomisk ulikhet. Hun har tidligere forsket p\u00e5 effektene av foreldrepermisjon, virkninger p\u00e5 menns og kvinners inntekt og karrierer av \u00e5 f\u00e5 barn, alternative tilknytningsformer i arbeidslivet, samt forskjeller i utdanning og helse etter kj\u00f8nn og sosial bakgrunn. Sara Cools leder n\u00e5 det p\u00e5g\u00e5ende prosjektet &laquo;Arbeid og familie i en avansert \u00f8konomi&raquo; (FAMWORK), finansiert av Norges Forskningsr\u00e5d.<\/p>\t<\/div>\n\t<\/li>\n\n<li class=\"wp-block-dss-person\">\t<div class=\"dss-person-image\">\n\t\t<figure>\n\t\t\t<img loading=\"lazy\" decoding=\"async\" width=\"161\" height=\"250\" src=\"https:\/\/files.teststeder.regjeringen.no\/wpuploads01\/sites\/576\/2024\/10\/heidi_tiller_overlege-2.jpg\" class=\"attachment-250x250 size-250x250\" alt=\"\" srcset=\"https:\/\/files.teststeder.regjeringen.no\/wpuploads01\/sites\/576\/2024\/10\/heidi_tiller_overlege-2.jpg 1285w, https:\/\/files.teststeder.regjeringen.no\/wpuploads01\/sites\/576\/2024\/10\/heidi_tiller_overlege-2-193x300.jpg 193w, https:\/\/files.teststeder.regjeringen.no\/wpuploads01\/sites\/576\/2024\/10\/heidi_tiller_overlege-2-658x1024.jpg 658w, https:\/\/files.teststeder.regjeringen.no\/wpuploads01\/sites\/576\/2024\/10\/heidi_tiller_overlege-2-768x1195.jpg 768w, https:\/\/files.teststeder.regjeringen.no\/wpuploads01\/sites\/576\/2024\/10\/heidi_tiller_overlege-2-987x1536.jpg 987w\" sizes=\"auto, (max-width: 161px) 100vw, 161px\" \/>\t\t<\/figure>\n\t<\/div>\n\t<div class=\"dss-person-content\">\n\t\t<h3 class=\"dss-person-name\">Heidi Tiller<\/h3><p class=\"dss-person-position\">Overlege f\u00f8dselshjelp og kvinnesykdommer og professor ved Universitet i Troms\u00f8. Troms\u00f8<\/p><p class=\"dss-person-content\">Heidi Tiller er f\u00f8dt og oppvokst i Troms\u00f8 og tok medisinsk embetseksamen ved UiT Norges Arktiske Universitet i Troms\u00f8 i 1998. Hun er spesialist i gynekologi og f\u00f8dselshjelp og jobber som overlege ved Kvinneklinikken p\u00e5 Universitetssykehuset Nord-Norge (UNN), der hun jobber b\u00e5de med generell obstetrikk og fostermedisin. Hun er ogs\u00e5 professor ved Institutt for Klinisk Medisin ved UiT, der hun leder forskningsgruppa Kvinnehelse og Perinatologi. Hun var med i Kvinnehelseutvalget som v\u00e5ren 2023 leverte NOU-rapporten \u00abDen store forskjellen. Om kvinners helse og betydningen av kj\u00f8nn for helse\u00bb.<\/p>\t<\/div>\n\t<\/li>\n\n<li class=\"wp-block-dss-person\">\t<div class=\"dss-person-image\">\n\t\t<figure>\n\t\t\t<img loading=\"lazy\" decoding=\"async\" width=\"219\" height=\"250\" src=\"https:\/\/files.teststeder.regjeringen.no\/wpuploads01\/sites\/576\/2024\/10\/sylo-portrett-slips-1.jpg\" class=\"attachment-250x250 size-250x250\" alt=\"\" srcset=\"https:\/\/files.teststeder.regjeringen.no\/wpuploads01\/sites\/576\/2024\/10\/sylo-portrett-slips-1.jpg 469w, https:\/\/files.teststeder.regjeringen.no\/wpuploads01\/sites\/576\/2024\/10\/sylo-portrett-slips-1-263x300.jpg 263w\" sizes=\"auto, (max-width: 219px) 100vw, 219px\" \/>\t\t<\/figure>\n\t<\/div>\n\t<div class=\"dss-person-content\">\n\t\t<h3 class=\"dss-person-name\">Sylo Taraku<\/h3><p class=\"dss-person-position\">R\u00e5dgiver i Tankesmien Agenda og forfatter. Drammen<\/p><p class=\"dss-person-content\">Taraku er utdannet statsviter fra Universitetet i Bergen, og har tidligere jobbet i blant annet Den norske Helsingsforskomit\u00e9 og Utlendingsdirektoratet. Hans prim\u00e6re fagomr\u00e5der er innvandring, demokrati, islam og ekstremisme.\n\nHan har ogs\u00e5 sittet i Brochmann II-utvalget, Pressens Faglige Utvalg, Ekstremismekommisjonen og Mannsutvalget. Taraku er styremedlem i Fritt Ord og i Reform \u2013 ressurssenter for menn. Taraku har gitt ut flere sakprosab\u00f8ker, den siste heter \u00abKrigens Kontinent \u2013 Europa etter den kalde krigen\u00bb. <\/p>\t<\/div>\n\t<\/li>\n\n<li class=\"wp-block-dss-person\">\t<div class=\"dss-person-image\">\n\t\t<figure>\n\t\t\t<img loading=\"lazy\" decoding=\"async\" width=\"240\" height=\"240\" src=\"https:\/\/files.teststeder.regjeringen.no\/wpuploads01\/sites\/576\/2024\/09\/Skirbekk.jpg\" class=\"attachment-250x250 size-250x250\" alt=\"\" srcset=\"https:\/\/files.teststeder.regjeringen.no\/wpuploads01\/sites\/576\/2024\/09\/Skirbekk.jpg 240w, https:\/\/files.teststeder.regjeringen.no\/wpuploads01\/sites\/576\/2024\/09\/Skirbekk-150x150.jpg 150w\" sizes=\"auto, (max-width: 240px) 100vw, 240px\" \/>\t\t<\/figure>\n\t<\/div>\n\t<div class=\"dss-person-content\">\n\t\t<h3 class=\"dss-person-name\">Vegard Fykse Skirbekk<\/h3><p class=\"dss-person-position\">Professor, forsker ved Universitet i Oslo og forskningsleder ved senter for fruktbarhet og helse, FHI. Oslo<\/p><p class=\"dss-person-content\">Vegard Skirbekk er en samfunnsforsker som spesialiserer seg p\u00e5 demografisk analyse og kohortstudier. Han har mottatt forskningsmidler fra bl.a. NFR, ERC, PEW og UNESCO. Skirbekks hovedforskningsfokus er p\u00e5 helse, produktivitet og tilh\u00f8rende determinanter fra et tverrfaglig perspektiv, med vekt p\u00e5 rollen til endrede krav i arbeidsmarkedet, teknologiske og kulturelle endringer, samt variasjon i holdninger, tro og kompetanse blant seneref\u00f8dte kohorter. Han har publisert bredt om komparative internasjonale variasjon i helse- og funksjon. Skirbekk har jobbet mye med \u00e5rsakssammenhenger, globale komparative vurderinger og framskrivninger. Han har publisert i bl.a. Science og Nature og har skrevet popul\u00e6rvitenskapelige b\u00f8ker om bl.a. fruktbarhetsvariasjon, \u00e5rsaker og konsekvenser.<\/p>\t<\/div>\n\t<\/li>\n\n<li class=\"wp-block-dss-person\">\t<div class=\"dss-person-image\">\n\t\t<figure>\n\t\t\t<img loading=\"lazy\" decoding=\"async\" width=\"250\" height=\"167\" src=\"https:\/\/files.teststeder.regjeringen.no\/wpuploads01\/sites\/576\/2024\/09\/uib_ansatt_460-scaled.jpg\" class=\"attachment-250x250 size-250x250\" alt=\"\" srcset=\"https:\/\/files.teststeder.regjeringen.no\/wpuploads01\/sites\/576\/2024\/09\/uib_ansatt_460-scaled.jpg 2560w, https:\/\/files.teststeder.regjeringen.no\/wpuploads01\/sites\/576\/2024\/09\/uib_ansatt_460-300x200.jpg 300w, https:\/\/files.teststeder.regjeringen.no\/wpuploads01\/sites\/576\/2024\/09\/uib_ansatt_460-1024x683.jpg 1024w, https:\/\/files.teststeder.regjeringen.no\/wpuploads01\/sites\/576\/2024\/09\/uib_ansatt_460-768x512.jpg 768w, https:\/\/files.teststeder.regjeringen.no\/wpuploads01\/sites\/576\/2024\/09\/uib_ansatt_460-1536x1025.jpg 1536w, https:\/\/files.teststeder.regjeringen.no\/wpuploads01\/sites\/576\/2024\/09\/uib_ansatt_460-2048x1366.jpg 2048w\" sizes=\"auto, (max-width: 250px) 100vw, 250px\" \/><span class=\"t2-image-credit\">\n\t\t\t\t<button type=\"button\" class=\"t2-image-credit-toggle\" aria-expanded=\"false\" aria-controls=\"image-credit\" aria-label=\"Toggle image credit\"><svg xmlns=\"http:\/\/www.w3.org\/2000\/svg\" viewBox=\"0 0 24 24\" height=\"24\" width=\"24\" class=\"t2-icon t2-icon-info\" aria-hidden=\"true\" focusable=\"false\"><path d=\"M12 17c.3 0 .5-.1.7-.3s.3-.4.3-.7v-4c0-.3-.1-.5-.3-.7-.2-.2-.4-.3-.7-.3s-.5.1-.7.3c-.2.2-.3.4-.3.7v4c0 .3.1.5.3.7s.4.3.7.3zm0-8c.3 0 .5-.1.7-.3.2-.2.3-.4.3-.7 0-.3-.1-.5-.3-.7-.2-.2-.4-.3-.7-.3s-.5.1-.7.3c-.2.2-.3.4-.3.7 0 .3.1.5.3.7.2.2.4.3.7.3zm0 13c-1.4 0-2.7-.3-3.9-.8-1.2-.5-2.3-1.2-3.2-2.1s-1.6-2-2.1-3.2S2 13.4 2 12s.3-2.7.8-3.9S4 5.8 4.9 4.9s2-1.6 3.2-2.1S10.6 2 12 2s2.7.3 3.9.8 2.3 1.2 3.2 2.1 1.6 2 2.1 3.2c.5 1.2.8 2.5.8 3.9s-.3 2.7-.8 3.9c-.5 1.2-1.2 2.3-2.1 3.2s-2 1.6-3.2 2.1c-1.2.5-2.5.8-3.9.8z\" fill=\"currentColor\" \/><\/svg><\/button>\n\t\t\t\t<span class=\"t2-image-credit-text wp-element-caption\" id=\"image-credit\" hidden>Foto: Eivind Senneset. UiB<\/span>\n\t\t\t<\/span>\t\t<\/figure>\n\t<\/div>\n\t<div class=\"dss-person-content\">\n\t\t<h3 class=\"dss-person-name\">Kristoffer Chelsom Vogt<\/h3><p class=\"dss-person-position\">Instituttleder og professor i sosiologi ved Universitetet i Bergen. Bergen<\/p><p class=\"dss-person-content\">Bredt orientert sosiolog som forsker p\u00e5 hvordan menneskers liv utvikler seg i dialog med de store samfunnsendringene. Har s\u00e6rlig v\u00e6rt opptatt av hvordan livssjansene til praktisk orientert ungdom ber\u00f8res av endringer i familieliv, utdanningssystem og arbeidsliv.\n<\/p>\t<\/div>\n\t<\/li>\n\n<li class=\"wp-block-dss-person\">\t<div class=\"dss-person-image\">\n\t\t<figure>\n\t\t\t<img loading=\"lazy\" decoding=\"async\" width=\"246\" height=\"250\" src=\"https:\/\/files.teststeder.regjeringen.no\/wpuploads01\/sites\/576\/2024\/10\/Kari-portrett-Nikol.jpg\" class=\"attachment-250x250 size-250x250\" alt=\"\" srcset=\"https:\/\/files.teststeder.regjeringen.no\/wpuploads01\/sites\/576\/2024\/10\/Kari-portrett-Nikol.jpg 1367w, https:\/\/files.teststeder.regjeringen.no\/wpuploads01\/sites\/576\/2024\/10\/Kari-portrett-Nikol-295x300.jpg 295w, https:\/\/files.teststeder.regjeringen.no\/wpuploads01\/sites\/576\/2024\/10\/Kari-portrett-Nikol-1009x1024.jpg 1009w, https:\/\/files.teststeder.regjeringen.no\/wpuploads01\/sites\/576\/2024\/10\/Kari-portrett-Nikol-768x780.jpg 768w\" sizes=\"auto, (max-width: 246px) 100vw, 246px\" \/>\t\t<\/figure>\n\t<\/div>\n\t<div class=\"dss-person-content\">\n\t\t<h3 class=\"dss-person-name\">Kari L\u00f8vendahl Mogstad<\/h3><p class=\"dss-person-position\">Lege, spesialist i allmennmedisin og forfatter. Trondheim<\/p><p class=\"dss-person-content\">Kari L\u00f8vendahl Mogstad er lege og spesialist i allmennmedisin, terapeut, og har jobbet som fastlege i mange \u00e5r. Tidligere universitetslektor ved NTNU. Hun har sittet i ulike utvalg med temaer innen svangerskap, barsel, kvinnehelse  og barn og unges psykiske  helse. Satt i NOU-utvalget, NOU 2019: 19;  Jenterom, gutterom og mulighetsrom. Leder for faggruppen for svangerskap og barns helse i Norsk forening for allmennmedisin. Forfatter og foredragsholder, har skrevet b\u00f8kene Kroppsklemma og V\u00e5r vei ut.<\/p>\t<\/div>\n\t<\/li>\n\n<li class=\"wp-block-dss-person\">\t<div class=\"dss-person-image\">\n\t\t<figure>\n\t\t\t<img loading=\"lazy\" decoding=\"async\" width=\"250\" height=\"182\" src=\"https:\/\/files.teststeder.regjeringen.no\/wpuploads01\/sites\/576\/2024\/09\/Katrine-V.-Loken_HS-scaled.jpg\" class=\"attachment-250x250 size-250x250\" alt=\"\" srcset=\"https:\/\/files.teststeder.regjeringen.no\/wpuploads01\/sites\/576\/2024\/09\/Katrine-V.-Loken_HS-scaled.jpg 2560w, https:\/\/files.teststeder.regjeringen.no\/wpuploads01\/sites\/576\/2024\/09\/Katrine-V.-Loken_HS-300x218.jpg 300w, https:\/\/files.teststeder.regjeringen.no\/wpuploads01\/sites\/576\/2024\/09\/Katrine-V.-Loken_HS-1024x745.jpg 1024w, https:\/\/files.teststeder.regjeringen.no\/wpuploads01\/sites\/576\/2024\/09\/Katrine-V.-Loken_HS-768x559.jpg 768w, https:\/\/files.teststeder.regjeringen.no\/wpuploads01\/sites\/576\/2024\/09\/Katrine-V.-Loken_HS-1536x1117.jpg 1536w, https:\/\/files.teststeder.regjeringen.no\/wpuploads01\/sites\/576\/2024\/09\/Katrine-V.-Loken_HS-2048x1490.jpg 2048w\" sizes=\"auto, (max-width: 250px) 100vw, 250px\" \/>\t\t<\/figure>\n\t<\/div>\n\t<div class=\"dss-person-content\">\n\t\t<h3 class=\"dss-person-name\">Katrine Vellesen L\u00f8ken<\/h3><p class=\"dss-person-position\">Professor i samfunns\u00f8konomi ved Norges handelsh\u00f8gskole. Bergen<\/p><p class=\"dss-person-content\">Katrine V. L\u00f8ken er professor i \u00f8konomi ved Norges Handelsh\u00f8yskole. Hun er ogs\u00e5 en av prosjektlederne ved FAIR, et senter for fremdragende forskning p\u00e5 rettferdighet, ulikhet og rasjonalitet. L\u00f8ken har en doktorgrad fra Universitetet i Bergen fra 2010. Allerede som 31-\u00e5ring ble hun den yngste kvinnelige professoren i \u00f8konomi i Norge noensinne. I 2017 ble hun tildelt Nils Klim-prisen for fremragende samfunnsforskning og i 2023 ble hun tildelt Fridtjof Nansens bel\u00f8nning for yngre forskere innen samfunnsfag . I 2017 ble hun tildelt en ERC (Det europeiske forskningsr\u00e5det) Starting Grant for prosjektet \u00abKriminalitet, offerrolle og sosiale interaksjoner\u00bb. I 2021 startet hun som redakt\u00f8r for tidsskriftet Review of Economic Studies. L\u00f8kens arbeid har blitt publisert i ledende \u00f8konomiske tidsskrifter, inkludert American Economic Review, Journal of Political Economy, Review of Economics and Statistics, Journal of Public Economics og American Economic Journal: Applied Economics.\n<\/p>\t<\/div>\n\t<\/li>\n\n<li class=\"wp-block-dss-person\">\t<div class=\"dss-person-image\">\n\t\t<figure>\n\t\t\t<img loading=\"lazy\" decoding=\"async\" width=\"180\" height=\"250\" src=\"https:\/\/files.teststeder.regjeringen.no\/wpuploads01\/sites\/576\/2024\/09\/Bilde.-Alexander-Berg-Erichsen.png\" class=\"attachment-250x250 size-250x250\" alt=\"\" srcset=\"https:\/\/files.teststeder.regjeringen.no\/wpuploads01\/sites\/576\/2024\/09\/Bilde.-Alexander-Berg-Erichsen.png 1196w, https:\/\/files.teststeder.regjeringen.no\/wpuploads01\/sites\/576\/2024\/09\/Bilde.-Alexander-Berg-Erichsen-216x300.png 216w, https:\/\/files.teststeder.regjeringen.no\/wpuploads01\/sites\/576\/2024\/09\/Bilde.-Alexander-Berg-Erichsen-739x1024.png 739w, https:\/\/files.teststeder.regjeringen.no\/wpuploads01\/sites\/576\/2024\/09\/Bilde.-Alexander-Berg-Erichsen-768x1065.png 768w, https:\/\/files.teststeder.regjeringen.no\/wpuploads01\/sites\/576\/2024\/09\/Bilde.-Alexander-Berg-Erichsen-1108x1536.png 1108w\" sizes=\"auto, (max-width: 180px) 100vw, 180px\" \/>\t\t<\/figure>\n\t<\/div>\n\t<div class=\"dss-person-content\">\n\t\t<h3 class=\"dss-person-name\">Alexander Berg Erichsen<\/h3><p class=\"dss-person-position\">R\u00e5dgiver i Fagforbundet og h\u00f8gskolelektor p\u00e5 H\u00f8gskolen i Innlandet. Eidskog<\/p><p class=\"dss-person-content\">Arbeider prim\u00e6rt med kommune\u00f8konomi, kommunes inntektssystem og offentlig finanser. Har ogs\u00e5 bred arbeidserfaring med sp\u00f8rsm\u00e5l knyttet til inntektsulikhet, boligsektoren og organisering av offentlig sektor. Underviser ogs\u00e5 i forvaltnings\u00f8konomi som h\u00f8gskolelektor ved H\u00f8gskolen i Innlandet.<\/p>\t<\/div>\n\t<\/li>\n\n<li class=\"wp-block-dss-person\">\t<div class=\"dss-person-image\">\n\t\t<figure>\n\t\t\t<img loading=\"lazy\" decoding=\"async\" width=\"167\" height=\"250\" src=\"https:\/\/files.teststeder.regjeringen.no\/wpuploads01\/sites\/576\/2024\/10\/vsp_36-scaled.jpg\" class=\"attachment-250x250 size-250x250\" alt=\"\" srcset=\"https:\/\/files.teststeder.regjeringen.no\/wpuploads01\/sites\/576\/2024\/10\/vsp_36-scaled.jpg 1707w, https:\/\/files.teststeder.regjeringen.no\/wpuploads01\/sites\/576\/2024\/10\/vsp_36-200x300.jpg 200w, https:\/\/files.teststeder.regjeringen.no\/wpuploads01\/sites\/576\/2024\/10\/vsp_36-683x1024.jpg 683w, https:\/\/files.teststeder.regjeringen.no\/wpuploads01\/sites\/576\/2024\/10\/vsp_36-768x1152.jpg 768w, https:\/\/files.teststeder.regjeringen.no\/wpuploads01\/sites\/576\/2024\/10\/vsp_36-1024x1536.jpg 1024w, https:\/\/files.teststeder.regjeringen.no\/wpuploads01\/sites\/576\/2024\/10\/vsp_36-1365x2048.jpg 1365w\" sizes=\"auto, (max-width: 167px) 100vw, 167px\" \/><span class=\"t2-image-credit\">\n\t\t\t\t<button type=\"button\" class=\"t2-image-credit-toggle\" aria-expanded=\"false\" aria-controls=\"image-credit-1\" aria-label=\"Toggle image credit\"><svg xmlns=\"http:\/\/www.w3.org\/2000\/svg\" viewBox=\"0 0 24 24\" height=\"24\" width=\"24\" class=\"t2-icon t2-icon-info\" aria-hidden=\"true\" focusable=\"false\"><path d=\"M12 17c.3 0 .5-.1.7-.3s.3-.4.3-.7v-4c0-.3-.1-.5-.3-.7-.2-.2-.4-.3-.7-.3s-.5.1-.7.3c-.2.2-.3.4-.3.7v4c0 .3.1.5.3.7s.4.3.7.3zm0-8c.3 0 .5-.1.7-.3.2-.2.3-.4.3-.7 0-.3-.1-.5-.3-.7-.2-.2-.4-.3-.7-.3s-.5.1-.7.3c-.2.2-.3.4-.3.7 0 .3.1.5.3.7.2.2.4.3.7.3zm0 13c-1.4 0-2.7-.3-3.9-.8-1.2-.5-2.3-1.2-3.2-2.1s-1.6-2-2.1-3.2S2 13.4 2 12s.3-2.7.8-3.9S4 5.8 4.9 4.9s2-1.6 3.2-2.1S10.6 2 12 2s2.7.3 3.9.8 2.3 1.2 3.2 2.1 1.6 2 2.1 3.2c.5 1.2.8 2.5.8 3.9s-.3 2.7-.8 3.9c-.5 1.2-1.2 2.3-2.1 3.2s-2 1.6-3.2 2.1c-1.2.5-2.5.8-3.9.8z\" fill=\"currentColor\" \/><\/svg><\/button>\n\t\t\t\t<span class=\"t2-image-credit-text wp-element-caption\" id=\"image-credit-1\" hidden>Foto: Studio Vest<\/span>\n\t\t\t<\/span>\t\t<\/figure>\n\t<\/div>\n\t<div class=\"dss-person-content\">\n\t\t<h3 class=\"dss-person-name\">Eva Victoria Sparrman<\/h3><p class=\"dss-person-position\">Samfunns\u00f8konom i NHO. Oslo<\/p><p class=\"dss-person-content\">Victoria Sparrman jobber som samfunns\u00f8konom i NHO. Hun har en doktorgrad i samfunns\u00f8konomi fra \u00d8konomisk institutt p\u00e5 Universitetet i Oslo og har forskererfaring fra Statistisk sentralbyr\u00e5. <\/p>\t<\/div>\n\t<\/li>\n\n<li class=\"wp-block-dss-person\">\t<div class=\"dss-person-image\">\n\t\t<figure>\n\t\t\t<img loading=\"lazy\" decoding=\"async\" width=\"250\" height=\"250\" src=\"https:\/\/files.teststeder.regjeringen.no\/wpuploads01\/sites\/576\/2024\/09\/erlend-300x300.png\" class=\"attachment-250x250 size-250x250\" alt=\"\" srcset=\"https:\/\/files.teststeder.regjeringen.no\/wpuploads01\/sites\/576\/2024\/09\/erlend-300x300.png 300w, https:\/\/files.teststeder.regjeringen.no\/wpuploads01\/sites\/576\/2024\/09\/erlend-150x150.png 150w, https:\/\/files.teststeder.regjeringen.no\/wpuploads01\/sites\/576\/2024\/09\/erlend-768x768.png 768w, https:\/\/files.teststeder.regjeringen.no\/wpuploads01\/sites\/576\/2024\/09\/erlend.png 1000w\" sizes=\"auto, (max-width: 250px) 100vw, 250px\" \/>\t\t<\/figure>\n\t<\/div>\n\t<div class=\"dss-person-content\">\n\t\t<h3 class=\"dss-person-name\">Erlend S\u00e6ther<\/h3><p class=\"dss-person-position\">Student. Alstadhaug<\/p><p class=\"dss-person-content\">Medisinstudent i Troms\u00f8. Har tidligere v\u00e6rt leder for Norsk medisinstudentforening og sitter i styret av Landsr\u00e5det for Norges barne- og ungdomsorganisasjoner (LNU). <\/p>\t<\/div>\n\t<\/li>\n\n<li class=\"wp-block-dss-person\">\t<div class=\"dss-person-image\">\n\t\t<figure>\n\t\t\t<img loading=\"lazy\" decoding=\"async\" width=\"250\" height=\"167\" src=\"https:\/\/files.teststeder.regjeringen.no\/wpuploads01\/sites\/576\/2024\/09\/Maiken-Koien-Andersen_Foto_NSO_Skjalg_Bohmer_Vold-2-scaled.jpg\" class=\"attachment-250x250 size-250x250\" alt=\"\" srcset=\"https:\/\/files.teststeder.regjeringen.no\/wpuploads01\/sites\/576\/2024\/09\/Maiken-Koien-Andersen_Foto_NSO_Skjalg_Bohmer_Vold-2-scaled.jpg 2560w, https:\/\/files.teststeder.regjeringen.no\/wpuploads01\/sites\/576\/2024\/09\/Maiken-Koien-Andersen_Foto_NSO_Skjalg_Bohmer_Vold-2-300x200.jpg 300w, https:\/\/files.teststeder.regjeringen.no\/wpuploads01\/sites\/576\/2024\/09\/Maiken-Koien-Andersen_Foto_NSO_Skjalg_Bohmer_Vold-2-1024x683.jpg 1024w, https:\/\/files.teststeder.regjeringen.no\/wpuploads01\/sites\/576\/2024\/09\/Maiken-Koien-Andersen_Foto_NSO_Skjalg_Bohmer_Vold-2-768x512.jpg 768w, https:\/\/files.teststeder.regjeringen.no\/wpuploads01\/sites\/576\/2024\/09\/Maiken-Koien-Andersen_Foto_NSO_Skjalg_Bohmer_Vold-2-1536x1024.jpg 1536w, https:\/\/files.teststeder.regjeringen.no\/wpuploads01\/sites\/576\/2024\/09\/Maiken-Koien-Andersen_Foto_NSO_Skjalg_Bohmer_Vold-2-2048x1365.jpg 2048w\" sizes=\"auto, (max-width: 250px) 100vw, 250px\" \/><span class=\"t2-image-credit\">\n\t\t\t\t<button type=\"button\" class=\"t2-image-credit-toggle\" aria-expanded=\"false\" aria-controls=\"image-credit-2\" aria-label=\"Toggle image credit\"><svg xmlns=\"http:\/\/www.w3.org\/2000\/svg\" viewBox=\"0 0 24 24\" height=\"24\" width=\"24\" class=\"t2-icon t2-icon-info\" aria-hidden=\"true\" focusable=\"false\"><path d=\"M12 17c.3 0 .5-.1.7-.3s.3-.4.3-.7v-4c0-.3-.1-.5-.3-.7-.2-.2-.4-.3-.7-.3s-.5.1-.7.3c-.2.2-.3.4-.3.7v4c0 .3.1.5.3.7s.4.3.7.3zm0-8c.3 0 .5-.1.7-.3.2-.2.3-.4.3-.7 0-.3-.1-.5-.3-.7-.2-.2-.4-.3-.7-.3s-.5.1-.7.3c-.2.2-.3.4-.3.7 0 .3.1.5.3.7.2.2.4.3.7.3zm0 13c-1.4 0-2.7-.3-3.9-.8-1.2-.5-2.3-1.2-3.2-2.1s-1.6-2-2.1-3.2S2 13.4 2 12s.3-2.7.8-3.9S4 5.8 4.9 4.9s2-1.6 3.2-2.1S10.6 2 12 2s2.7.3 3.9.8 2.3 1.2 3.2 2.1 1.6 2 2.1 3.2c.5 1.2.8 2.5.8 3.9s-.3 2.7-.8 3.9c-.5 1.2-1.2 2.3-2.1 3.2s-2 1.6-3.2 2.1c-1.2.5-2.5.8-3.9.8z\" fill=\"currentColor\" \/><\/svg><\/button>\n\t\t\t\t<span class=\"t2-image-credit-text wp-element-caption\" id=\"image-credit-2\" hidden>Foto: Skjalg B\u00f8hmer Vold<\/span>\n\t\t\t<\/span>\t\t<\/figure>\n\t<\/div>\n\t<div class=\"dss-person-content\">\n\t\t<h3 class=\"dss-person-name\">Maiken K\u00f8ien Andersen<\/h3><p class=\"dss-person-position\">Studenttillitsvald i Norsk studentorganisasjon. Engerdal<\/p><p class=\"dss-person-content\">Maiken K\u00f8ien Andersen er sittende fag- og l\u00e6ringsmilj\u00f8politisk ansvarlig i Norsk Studentorganisasjon. Tidligere henholdsvis leder og fagpolitisk ansvarlig i studentorganisasjonen i Agder ved Universitetet i Agder. Hun har engasjert seg i studentfrivilligheten og tillitsvalgsapparatet gjennom hele studietiden og tidligere engasjert seg i ungdomsbevegelsen. <\/p>\t<\/div>\n\t<\/li>\n<\/ul>\n\n\n<p class=\"has-text-align-right\"><strong>Sekretariatet for utvalget<\/strong><\/p>\n\n\n\n<p class=\"has-text-align-right\"><em>Leder av sekretariatet<\/em><\/p>\n\n\n\n<p class=\"has-text-align-right\">Hans Henrik Bull<\/p>\n\n\n\n<p class=\"has-text-align-right\"><em>Sekretariatsmedlemmer<\/em><\/p>\n\n\n\n<p class=\"has-text-align-right\">Lars Thorvaldsen<\/p>\n\n\n\n<p class=\"has-text-align-right\">Janna Bergsvik (fra januar 2025)<\/p>\n\n\n\n<p class=\"has-text-align-right\">Kristine Gran Martinsen (til januar 2025)<\/p>\n\n\n\n<p class=\"has-text-align-right\">Eirik R\u00f8nning Strand<\/p>\n\n\n\n<p class=\"has-text-align-right\">Taran Grefberg<\/p>\n","protected":false},"excerpt":{"rendered":"<p>Sekretariatet for utvalget Leder av sekretariatet Hans Henrik Bull Sekretariatsmedlemmer Lars Thorvaldsen Janna Bergsvik (fra januar 2025) Kristine Gran Martinsen (til januar 2025) Eirik R\u00f8nning Strand Taran Grefberg<\/p>\n","protected":false},"author":2877,"featured_media":0,"parent":0,"menu_order":0,"comment_status":"closed","ping_status":"closed","template":"","meta":{"dss_simple_post_excerpt":"","dss_show_featured_image":true,"footnotes":""},"class_list":["post-11","page","type-page","status-publish","hentry"],"language":"nb-NO","_links":{"self":[{"href":"https:\/\/teststeder.regjeringen.no\/ufvb\/wp-json\/wp\/v2\/pages\/11","targetHints":{"allow":["GET"]}}],"collection":[{"href":"https:\/\/teststeder.regjeringen.no\/ufvb\/wp-json\/wp\/v2\/pages"}],"about":[{"href":"https:\/\/teststeder.regjeringen.no\/ufvb\/wp-json\/wp\/v2\/types\/page"}],"author":[{"embeddable":true,"href":"https:\/\/teststeder.regjeringen.no\/ufvb\/wp-json\/wp\/v2\/users\/2877"}],"replies":[{"embeddable":true,"href":"https:\/\/teststeder.regjeringen.no\/ufvb\/wp-json\/wp\/v2\/comments?post=11"}],"version-history":[{"count":3,"href":"https:\/\/teststeder.regjeringen.no\/ufvb\/wp-json\/wp\/v2\/pages\/11\/revisions"}],"predecessor-version":[{"id":189,"href":"https:\/\/teststeder.regjeringen.no\/ufvb\/wp-json\/wp\/v2\/pages\/11\/revisions\/189"}],"wp:attachment":[{"href":"https:\/\/teststeder.regjeringen.no\/ufvb\/wp-json\/wp\/v2\/media?parent=11"}],"curies":[{"name":"wp","href":"https:\/\/api.w.org\/{rel}","templated":true}]}}