{"id":58,"date":"2024-09-24T10:52:38","date_gmt":"2024-09-24T08:52:38","guid":{"rendered":"https:\/\/nettsteder.regjeringen.no\/ufvb\/?page_id=58"},"modified":"2025-04-24T12:44:31","modified_gmt":"2025-04-24T10:44:31","slug":"utvalgets-arbeid","status":"publish","type":"page","link":"https:\/\/teststeder.regjeringen.no\/ufvb\/","title":{"rendered":"Utvalgets arbeid"},"content":{"rendered":"\n<h2 class=\"wp-block-heading\">Delrapport fra F\u00f8dselstallsutvalget<\/h2>\n\n\n\n<p id=\"block-a9bfaf2a-f33d-46a6-aa6d-92dfba649c71\">Utvalgsleder Rannveig Kaldager Hart overleverte torsdag 24. april utvalgets delleveranse til statsr\u00e5d til barne- og familieminister Lene V\u00e5gslid:<\/p>\n\n\n\n<p id=\"block-aebfc5a1-79ff-4323-a217-c6aafc153648\"><a href=\"https:\/\/www.regjeringen.no\/no\/aktuelt\/overrekking-av-delrapport-fra-fodselstalsutvalet\/id3097838\/\">Overrekking av delrapport fr\u00e5 F\u00f8dselstalsutvalet &#8211; regjeringen.no<\/a><\/p>\n\n\n\n<p id=\"block-59e6ffab-8752-4315-abd3-25dfe6dc61c4\">Under f\u00f8lger utvalgets kommentar om delleveransen. <\/p>\n\n\n\n<p id=\"block-59e6ffab-8752-4315-abd3-25dfe6dc61c4\">Hele rapporten kan leses her:<\/p>\n\n\n\n<p><a href=\"https:\/\/www.regjeringen.no\/no\/dokumenter\/fallende-fodselstall-i-norge-utvikling-og-mulige-tiltak-for-unge-voksne\/id3097987\/\">Fallende f\u00f8dselstall i Norge: utvikling og mulige tiltak for unge voksne &#8211; regjeringen.no<\/a><\/p>\n\n\n\n<h1 class=\"wp-block-heading\" id=\"block-c66fa937-bec2-4c08-ab79-7a935d1d7d2e\">Fallende f\u00f8dselstall i Norge: utvikling og mulige tiltak for unge voksne &nbsp;<\/h1>\n\n\n\n<p id=\"block-3fc8ee40-20e4-46f8-a477-75551bb432c4\"><em>F\u00f8dselstallene har falt betydelig i Norge i l\u00f8pet av de siste 15 \u00e5rene. F\u00f8dselstallsutvalget har f\u00e5tt i oppdrag \u00e5 utrede \u00e5rsakene til nedgangen og konsekvenser av lave f\u00f8dselstall. I delrapporten er utvalget bedt om \u00e5 levere forslag til tiltak som kan \u00f8ke f\u00f8dselstallene. Analysen i delrapporten er rettet mot unge voksne. Unge voksne har v\u00e6rt den st\u00f8rste driveren av fallet i f\u00f8dselstallene i perioden. Flere og flere venter med \u00e5 f\u00e5 sitt f\u00f8rste barn til de kommer i 30-\u00e5rene. Utvalgets flertall foresl\u00e5r to \u00f8konomiske tiltak for \u00e5 snu trenden blant unge voksne: en ekstra barnetrygd for de under 30 \u00e5r og en \u00f8kning av st\u00f8tten til personer under 30 \u00e5r som f\u00e5r barn under utdanning. Utvalgets fullstendige utredning kommer i en NOU i februar 2026.<\/em><\/p>\n\n\n\n<h3 class=\"wp-block-heading\" id=\"block-109a903e-194a-4d43-b4ee-6b2fcc50bf2d\">Utsettelse og f\u00e6rre barn<\/h3>\n\n\n\n<p id=\"block-a5216bc9-2bf8-4b16-8605-9bb29e06b22a\">I l\u00f8pet av de siste 15 \u00e5rene har f\u00f8dselstallene falt betydelig i store deler av verden. Samlet fruktbarhetstall i Norge har falt fra 1,98 barn per kvinne i 2009 til 1,44 barn per kvinne i 2024. M\u00e5lingen for 2023 p\u00e5 1,40 er det laveste niv\u00e5et som er m\u00e5lt i Norge. &nbsp;Sp\u00f8rreunders\u00f8kelser viser at et stort flertall av unge menn og kvinner i Norge ser for seg et liv med barn, og at de fleste ideelt sett \u00f8nsker \u00e5 f\u00e5 barna sine tidligere enn dagens gjennomsnittlige f\u00f8dealder i befolkningen. Det er store forskjeller mellom \u00f8nskede, planlagte og faktiske f\u00f8dselstall i Norge.<\/p>\n\n\n\n<p id=\"block-69634c92-970e-444e-ad7a-6e58d8c024a6\"><strong>Tiltak: \u00d8kt \u00f8konomisk st\u00f8tte til unge<\/strong><\/p>\n\n\n\n<p id=\"block-ccf38cfb-c482-49ee-bc20-56caeef5c9bb\">F\u00f8dselstallsutvalget skal utrede \u00e5rsaker og konsekvenser av fallet i f\u00f8dselstallene. I delrapporten er analysen rettet mot unge voksne, for \u00e5 svare p\u00e5 denne delen av mandatet. Dagens unge voksne starter sm\u00e5barnslivet seinere enn f\u00f8r, og i utvalgets delrapport dr\u00f8ftes \u00f8konomiske og helsemessige mekanismer som kan ha betydning for n\u00e5r folk velger \u00e5 f\u00e5 barn.<\/p>\n\n\n\n<p id=\"block-da997b7a-f116-44d4-a05f-a3bd749e9989\">Flere \u00f8konomiske hensyn, som det \u00e5 komme seg inn p\u00e5 boligmarkedet og f\u00e5 en jobb med stabil inntekt, kan gi insentiver til vente med \u00e5 f\u00e5 barn til seinere i livet. I tillegg kan familiepolitikken i seg selv gi \u00f8konomisk insentiv til sikre seg jobb f\u00f8r man f\u00e5r barn, p\u00e5 grunn av bedre kompensert permisjon. P\u00e5 den andre siden faller kvinnens evne til \u00e5 f\u00e5 barn fra om lag 35 \u00e5rs alder, slik at risikoen for \u00e5 ikke lykkes med \u00e5 f\u00e5 barn \u00f8ker med alder.<\/p>\n\n\n\n<p id=\"block-2a1b14aa-cc72-4042-b5fe-e5ffe6a2f9b8\">Utvalgets litteraturgjennomgang tyder p\u00e5 at \u00f8konomiske insentiver og andre velferdsordninger \u00f8ker f\u00f8dselstallene. S\u00e6rlig p\u00e5virker slike insentiver n\u00e5r i<\/p>\n\n\n\n<p id=\"block-8c290a89-f0ad-4ed9-b590-99e3e8b2b0ae\">livet man f\u00e5r barn. Utvalgets flertall foresl\u00e5r derfor to \u00f8konomiske tiltak for unge voksne som kan bidra til at flere f\u00e5r barn tidligere. Det f\u00f8rste tiltaket er en ekstra barnetrygd til foreldre under 30 \u00e5r. &nbsp;Det andre tiltaket er rettet mot personer som er under 30 \u00e5r og f\u00e5r barn under utdanning, og inneb\u00e6rer en \u00f8kning av foreldrestipendet p\u00e5 25&nbsp;000 kroner og en reduksjon av studiegjeld p\u00e5 25&nbsp;000 kroner. I tillegg foresl\u00e5r utvalget at det foretas en gjennomgang av dagens situasjon for tilrettelegging for personer under utdanning med barn.<\/p>\n\n\n\n<p id=\"block-711a69f0-6f6f-48ea-bb14-5e49f2d7f105\"><strong>\u00d8kt kunnskap om evnen til \u00e5 f\u00e5 barn<\/strong><\/p>\n\n\n\n<p id=\"block-878fa373-da1e-4c41-97f0-2e36a08531b1\">For de som \u00f8nsker flere barn, kan det \u00e5 f\u00e5 det f\u00f8rste barnet seint gj\u00f8re det vanskeligere \u00e5 f\u00e5 flere barn seinere. Forskning fra andre nordiske land viser at mange unge ikke er klar over hvor raskt fruktbarheten synker med alderen og mange tror at sjansen for \u00e5 lykkes med IVF er st\u00f8rre enn den faktisk er.<\/p>\n\n\n\n<p id=\"block-ad7588ab-3a29-4545-af50-a36ed9616803\">Utvalget foresl\u00e5r derfor \u00e5 \u00f8ke kunnskapen om evnen til \u00e5 f\u00e5 barn og pregravid helse, og at forebygging av infertilitet skal inng\u00e5 som en del av folkehelsefeltet. I tillegg foresl\u00e5r utvalget at helsepersonell som er i kontakt med unge voksne b\u00f8r f\u00e5 mer kunnskap om pregravid helse og at kunnskapen om pregravid helse styrkes gjennom forskning.<\/p>\n\n\n\n<p id=\"block-12b3d94a-3dc6-43b2-80ec-e48f0159978f\"><strong>S\u00e6rmerknad<\/strong><\/p>\n\n\n\n<p id=\"block-7a3ca492-d1b3-4dec-a23c-069b77f1959f\">Utvalgsmedlem Victoria Sparrman har en s\u00e6rmerknad om at utvalget burde foretatt en bred og grundig gjennomgang av hva som driver nedgangen i f\u00f8dselstallene f\u00f8r det kan tas stilling til hvilke tiltak som b\u00f8r anbefales for enkeltindivider og for utforming av politikk p\u00e5 omr\u00e5det. Medlemmet stiller seg p\u00e5 bakgrunn av dette ikke bak utvalgets forslag til \u00f8konomiske overf\u00f8ringer for personer under 30 \u00e5r i delleveransen.<\/p>\n\n\n\n<h2 class=\"wp-block-heading\">F\u00f8dselstallsutvalget overleverer delleveransen<\/h2>\n\n\n\n<p>Torsdag 24. april kl. 10.00 overleverer utvalgsleder Rannveig Kaldager Hart delleveransen til barne- og familieminister Lene V\u00e5gslid.<\/p>\n\n\n\n<p>Overleveringen kan f\u00f8lges her: <\/p>\n\n\n\n<p><a href=\"https:\/\/www.regjeringen.no\/no\/aktuelt\/overrekking-av-delrapport-fra-fodselstalsutvalet\/id3097838\/\">Overrekking av delrapport fr\u00e5 f\u00f8dselstalsutvalet &#8211; regjeringen.no<\/a><\/p>\n\n\n\n<h2 class=\"wp-block-heading\">\u00c5ttende m\u00f8te i utvalget <em>26. mars 2025<\/em><\/h2>\n\n\n\n<p>Utvalget hadde et digitalt halvdagsm\u00f8te for \u00e5 bli enig om de siste justeringene i delleveransen.<\/p>\n\n\n\n<h2 class=\"wp-block-heading\">Syvende m\u00f8te i utvalget <em>12. mars 2025<\/em><\/h2>\n\n\n\n<p>Til utvalgets syvende m\u00f8te forel\u00e5 utkast til alle kapitlene i delleveransen. <\/p>\n\n\n\n<p>Maiken Andersen rapporterte ogs\u00e5 fra det f\u00f8rste m\u00f8tet i <a href=\"https:\/\/teststeder.regjeringen.no\/ufvb\/radsgruppe\/\">r\u00e5dsgruppen<\/a>.<\/p>\n\n\n\n<h2 class=\"wp-block-heading\">Sjette m\u00f8te i utvalget <em>4. februar 2025<\/em><\/h2>\n\n\n\n<p>Utvalgets sjette m\u00f8te gikk med til \u00e5 diskutere delleveransen i april. Det handlet b\u00e5de om overordnet innhold og struktur p\u00e5 rapporten og utkast til flere av kapitlene.<\/p>\n\n\n\n<p>I forkant av m\u00f8tet holdt Lone Schmidt, Professor ved Institut for Folkesundhedsvidenskab, K\u00f8benhavns Universitet et webinar om unges kunnskap om fekunditet.   <\/p>\n\n\n\n<h2 class=\"wp-block-heading\">Utvalgsleder m\u00f8tte Norsk studentorganisasjon<\/h2>\n\n\n\n<p>15. januar hadde utvalgsleder Rannveig Kaldager Hart innspillsm\u00f8te med Sigve N\u00e6ss R\u00f8tvold (velferds- og likestillingsansvarlig) og Jonas Ohlgren \u00d8stvik (politisk r\u00e5dgiver) i Norsk studentorganisasjon (NSO). <a href=\"https:\/\/teststeder.regjeringen.no\/ufvb\/2025\/01\/23\/norsk-studentorganisasjon\/\">Se skriftlig innspill her<\/a>.<\/p>\n\n\n\n<h2 class=\"wp-block-heading\">Femte m\u00f8te i utvalget <em>8. januar 2025<\/em><\/h2>\n\n\n\n<p>Utvalgets femte m\u00f8te hadde helse som tema. Malin Eberhard-Gran, seniorforsker og professor, Nasjonalt senter for kvinnehelseforskning holdt presentasjon om mental helse i svangerskapet. Mens utvalgsmedlemmene Heidi Tiller og Kari Mogstad innledet til diskusjon om hhv alder og fysisk helse i svangerskap og f\u00f8dsler og om fastlegens perspektiv p\u00e5 helse i svangerskap, permisjon og sm\u00e5barnstid. Utvalget diskuterte videre innhold og struktur p\u00e5 delleveransen i april. Til slutt presenterte sekretariatet kort hvilke omtale utvalgte NOU-er og stortingsmeldinger har hatt om konsekvenser av nedgang i f\u00f8dselstall p\u00e5 aldring, arbeidskraftsbehov og statsfinanser.<\/p>\n\n\n\n<h2 class=\"wp-block-heading\">Fjerde m\u00f8te i utvalget <em>11. desember 2024<\/em><\/h2>\n\n\n\n<p>Utvalget hadde et digitalt halvdagsm\u00f8te i desember. Her presenterte Lars Dommermuth, forsker ved SSB, forskning om holdninger til og \u00f8nsker om barn. Utvalget fortsatte diskusjonen fra 4. m\u00f8te om familiepolitikken og situasjonen til studenter og andre unge voksne. Utvalget diskuterte ogs\u00e5 innrettingen p\u00e5 delleveransen i april der mandatet angir at \u00abdelleveransen m\u00e5 som eit minimum innehalde einskilde tiltak som kan auke f\u00f8dselstala og ei vurdering av kostnadane ved tiltaka, eventuelle m\u00e5lkonfliktar og i kva grad tiltaka f\u00f8resl\u00e5tt kan ha varig effekt.\u00bb<\/p>\n\n\n\n<h2 class=\"wp-block-heading\">Tredje m\u00f8te i utvalget <em>20. og 21. november 2024<\/em><\/h2>\n\n\n\n<p>Utvalget gikk i todagersm\u00f8tet i november n\u00e6rmere inn i familiepolitikken og situasjonen til studenter og andre unge voksne. P\u00e5 dag en presenterte Anne Lise Ellings\u00e6ter, professor emeritus ved UiO den siste st\u00f8rre utredningen om familiepolitikken &#8211; NOU 2017: 6 <em>om offentlig st\u00f8tte til barnefamilier<\/em>, inkludert hvilke tiltak utvalget foreslo den gang. Utvalgsleder Rannveig Hart presenterte forskningsoppsummering om hvilke tiltak som har vist seg \u00e5 ha effekt p\u00e5 f\u00f8dselstallene og innledet til diskusjon om familiepolitiske ordninger.<\/p>\n\n\n\n<p>P\u00e5 dag to holdt Martin Flat\u00f8, FHI en presentasjon om menns perspektiv p\u00e5 familiepolitikk og sammenhengen mellom utdanning og fruktbarhet. Utvalgsmedlemmene Maiken Andersen og Kristoffer Vogt innledet til diskusjon om henholdsvis studentenes situasjon og situasjonen for unge voksne uten h\u00f8yere utdanning. To grupper som har lave f\u00f8dselstall eller har hatt et tydelig fall i f\u00f8dselstallene.<\/p>\n\n\n\n<h2 class=\"wp-block-heading\">Utvalgsleder mottok eksterne innspill<\/h2>\n\n\n\n<p>14. og 19. november hadde utvalgsleder m\u00f8ter med flere organisasjoner og fagpersoner som \u00f8nsket \u00e5 komme med innspill til utvalget. Dette var<\/p>\n\n\n\n<p>Linn Landewall, daglig leder i Medforeldre <\/p>\n\n\n\n<p>Lena Yri Engelsen (generalsekret\u00e6r) og Mette Schjelderup (styremedlem) i Landsforeningen 1001 dager<\/p>\n\n\n\n<p>Kristian Ophaug og Cecilie Hoxmark. <a href=\"https:\/\/teststeder.regjeringen.no\/ufvb\/2024\/12\/12\/cecilie-hoxmark\/\">Se skriftlig innspill her<\/a><\/p>\n\n\n\n<p>Sara Fugledal Wiik, seniorr\u00e5dgiver i Jordmorforbundet NSF og Ann Karin Swang, leder for Helsesykepleierne NSF. <a href=\"https:\/\/teststeder.regjeringen.no\/ufvb\/2024\/11\/15\/jordmorforbundet-nsf\/\">Se skriftlig innspill her<\/a><\/p>\n\n\n\n<p>Eline Skirnisdottir Vik og Katrine Lamo, nestledere i Jordmorforeningen. <a href=\"https:\/\/teststeder.regjeringen.no\/ufvb\/2024\/12\/13\/lena-henriksen\/\">Se skriftlig innspill her<\/a><\/p>\n\n\n\n<p>Rida Akram, Henrik Vanvik-Hovstein og Ragnhild B. Bjormyr fra JURK \u2013 juridisk r\u00e5dgiving for kvinner. <a href=\"https:\/\/teststeder.regjeringen.no\/ufvb\/2025\/01\/02\/juridisk-radgivning-for-kvinner-jurk\/\">Se skriftlig innspill her<\/a><\/p>\n\n\n\n<h2 class=\"wp-block-heading\">Andre m\u00f8te i utvalget&nbsp;<em>22. oktober 2024<\/em><\/h2>\n\n\n\n<p>Utvalgets andre m\u00f8te 22. oktober var satt av til \u00e5 diskutere mulige \u00e5rsaker til nedgang i f\u00f8dselstallene. Trude Lappeg\u00e5rd fra Universitetet i Oslo holdt innlegg med tittelen: Virker ikke lenger den gamle oppskriften for h\u00f8y fruktbarhet i Norge og de nordiske land? Vegard Skirbekk og Sara Cools i utvalget innledet til en engasjert diskusjon. Diskusjonen dekket et bredt spekter av faktorer som kan forklare hvorfor unge i 20-\u00e5rene venter med \u00e5 f\u00e5 det f\u00f8rste barnet, at f\u00e6rre f\u00e5r barn nr 3 og 4 og flere er barnl\u00f8se. Diskusjonen gikk ogs\u00e5 p\u00e5 hva utvalget trengte \u00e5 f\u00e5 belyst n\u00e6rmere og p\u00e5 hvilken m\u00e5te dette kunnskapsbehovet kan dekkes. Utvalget la ogs\u00e5 planer for arbeidet fram til den f\u00f8rste leveransen i april 2025.<\/p>\n\n\n\n<h2 class=\"wp-block-heading\">F\u00f8rste m\u00f8te i utvalget <em>20. september 2024<\/em><\/h2>\n\n\n\n<p>Utvalget hadde sitt f\u00f8rste m\u00f8te 20. september 2024. Statsr\u00e5d Kjersti Toppe m\u00f8tte utvalget og redegjorde for bakgrunnen for oppnevning av utvalget. Utvalgsleder og utvalgets medlemmer fortalte kort om sine forventninger til arbeidet og diskuterte utvalgets mandat og viktige temaer i utvalgsarbeidet. Ane T\u00f8mmer\u00e5s fra SSB holdt innlegg om sentrale m\u00e5l for \u00e5 studere utviklingen i f\u00f8dselstall og hva som har drevet nedgangen i f\u00f8dselstall. Utvalget diskuterte ogs\u00e5 hva som skal inng\u00e5 i den f\u00f8rste leveransen i april 2025. Sekretariatet gikk ogs\u00e5 igjennom praktiske forhold ved utvalgsarbeidet.<\/p>\n\n\n\n<figure class=\"wp-block-image size-large\"><img loading=\"lazy\" decoding=\"async\" width=\"1024\" height=\"768\" src=\"https:\/\/files.teststeder.regjeringen.no\/wpuploads01\/sites\/576\/2024\/10\/IMG_2145-1024x768.jpeg\" alt=\"\" class=\"wp-image-70\" srcset=\"https:\/\/files.teststeder.regjeringen.no\/wpuploads01\/sites\/576\/2024\/10\/IMG_2145-1024x768.jpeg 1024w, https:\/\/files.teststeder.regjeringen.no\/wpuploads01\/sites\/576\/2024\/10\/IMG_2145-300x225.jpeg 300w, https:\/\/files.teststeder.regjeringen.no\/wpuploads01\/sites\/576\/2024\/10\/IMG_2145-768x576.jpeg 768w, https:\/\/files.teststeder.regjeringen.no\/wpuploads01\/sites\/576\/2024\/10\/IMG_2145-1536x1152.jpeg 1536w, https:\/\/files.teststeder.regjeringen.no\/wpuploads01\/sites\/576\/2024\/10\/IMG_2145-2048x1536.jpeg 2048w\" sizes=\"auto, (max-width: 1024px) 100vw, 1024px\" \/><figcaption class=\"wp-element-caption\">Statsr\u00e5d Toppe (i midten nederst) m\u00f8tte utvalget. Tiller og L\u00f8ken er ikke med p\u00e5 bildet.<\/figcaption><\/figure>\n","protected":false},"excerpt":{"rendered":"<p>Delrapport fra F\u00f8dselstallsutvalget Utvalgsleder Rannveig Kaldager Hart overleverte torsdag 24. april utvalgets delleveranse til statsr\u00e5d til barne- og familieminister Lene V\u00e5gslid: Overrekking av delrapport fr\u00e5 F\u00f8dselstalsutvalet &#8211; regjeringen.no Under f\u00f8lger utvalgets kommentar om delleveransen. Hele rapporten kan leses her: Fallende f\u00f8dselstall i Norge: utvikling og mulige tiltak for unge voksne &#8211; regjeringen.no Fallende f\u00f8dselstall i\u2026<\/p>\n","protected":false},"author":3406,"featured_media":0,"parent":0,"menu_order":0,"comment_status":"closed","ping_status":"closed","template":"","meta":{"dss_simple_post_excerpt":"","dss_show_featured_image":true,"footnotes":""},"class_list":["post-58","page","type-page","status-publish","hentry"],"language":"nb-NO","_links":{"self":[{"href":"https:\/\/teststeder.regjeringen.no\/ufvb\/wp-json\/wp\/v2\/pages\/58","targetHints":{"allow":["GET"]}}],"collection":[{"href":"https:\/\/teststeder.regjeringen.no\/ufvb\/wp-json\/wp\/v2\/pages"}],"about":[{"href":"https:\/\/teststeder.regjeringen.no\/ufvb\/wp-json\/wp\/v2\/types\/page"}],"author":[{"embeddable":true,"href":"https:\/\/teststeder.regjeringen.no\/ufvb\/wp-json\/wp\/v2\/users\/3406"}],"replies":[{"embeddable":true,"href":"https:\/\/teststeder.regjeringen.no\/ufvb\/wp-json\/wp\/v2\/comments?post=58"}],"version-history":[{"count":3,"href":"https:\/\/teststeder.regjeringen.no\/ufvb\/wp-json\/wp\/v2\/pages\/58\/revisions"}],"predecessor-version":[{"id":220,"href":"https:\/\/teststeder.regjeringen.no\/ufvb\/wp-json\/wp\/v2\/pages\/58\/revisions\/220"}],"wp:attachment":[{"href":"https:\/\/teststeder.regjeringen.no\/ufvb\/wp-json\/wp\/v2\/media?parent=58"}],"curies":[{"name":"wp","href":"https:\/\/api.w.org\/{rel}","templated":true}]}}