{"id":31,"date":"2018-05-31T08:58:54","date_gmt":"2018-05-31T06:58:54","guid":{"rendered":"https:\/\/nettsteder.regjeringen.no\/visum\/?page_id=31"},"modified":"2023-10-24T12:12:55","modified_gmt":"2023-10-24T10:12:55","slug":"sjekkliste","status":"publish","type":"page","link":"https:\/\/teststeder.regjeringen.no\/visum\/sjekkliste\/","title":{"rendered":"Sjekkliste visum"},"content":{"rendered":"<div id=\"module-0\" class=\"hogan-module hogan-module-dss_sidebar hogan-module-0\"><div class=\"hogan-module-inner\"><div class=\"columns sidebar-columns\">\n\t<div class=\"column text-wrap\">\n\t\t<p><a class=\"button\" href=\"https:\/\/files.teststeder.regjeringen.no\/wpuploads01\/sites\/313\/2023\/10\/Sjekkliste-visum.pdf\">Sjekkliste utskriftsversjon<\/a><\/p>\n<ul>\n<li>Sjekk om du faktisk trenger visum <a href=\"https:\/\/teststeder.regjeringen.no\/visum\/land\/\">her<\/a><\/li>\n<li>Sjekk i <a href=\"https:\/\/teststeder.regjeringen.no\/visum\/retningslinjer\/\">retningslinjene<\/a> om du tilh\u00f8rer kategorien av s\u00f8kere hvor Utenriksdepartementet bist\u00e5r med innhenting av visum. Hvis ikke m\u00e5 du og din arbeidsgiver selv innhente visumet.<\/li>\n<li>Sjekk at du har pass som er gyldig i minst 6 m\u00e5neder utover oppholdet i landet du skal bes\u00f8ke.<\/li>\n<li>Sjekk visumkrav for aktuelt land i <a href=\"https:\/\/teststeder.regjeringen.no\/visum\/land\/\">landlisten<\/a>.<\/li>\n<li>Sjekk om det er flere som skal p\u00e5 samme reise. Dersom flere reiser sammen bes\u00a0<strong>\u00e9n <\/strong>av de reisende s\u00f8rge for at s\u00f8knadene blir levert samlet til Diplomatseksjonen.<\/li>\n<li>Fyll inn s\u00f8knadsskjemaet. Ta en ekstra kopi av den utfylte s\u00f8knaden og behold denne til visum er utstedt.<\/li>\n<li>Legg ved korrekt antall passfoto\/lim p\u00e5 s\u00f8knaden dersom dette er et krav. Sjekk om digitalt foto skal lastes opp i en eventuell elektronisk s\u00f8knad.<\/li>\n<li><strong>Legg ved 2 fargekopier av ID-siden i passet.\u00a0 Dette er et generelt krav til alle s\u00f8knader.<\/strong><\/li>\n<li>Bestill avtale for levering av s\u00f8knaden til Diplomatseksjonen. Bestillingen skjer via den samme l\u00f8sningen som benyttes for pass.<\/li>\n<li>I bestillingen oppgir du hvilket land s\u00f8knaden gjelder og form\u00e5let med reisen. Form\u00e5let beskrives p\u00e5 engelsk og skal inneholde informasjon om inn-\/utreisedato, hvem du skal bes\u00f8ke (norsk ambassade\/NGO\/lokale myndigheter etc.) og hvorfor (konferanse\/internt m\u00f8te\/samtale med lokale myndigheter). Beskrivelsen sendes ogs\u00e5 til <a href=\"mailto:visum@mfa.no\">visum@mfa.no<\/a><\/li>\n<li>Lever komplett s\u00f8knad for alle reisende samlet til Diplomatseksjonen.<strong> S\u00f8knader med manglende dokumentasjon kan ikke oversendes ambassade. Det er s\u00f8kers ansvar \u00e5 levere kopi av n\u00f8dvendige vedlegg.<\/strong><\/li>\n<\/ul>\n<p>&nbsp;<\/p>\n<ul>\n<li><u><a href=\"https:\/\/teststeder.regjeringen.no\/visum\/retningslinjer\/\">Les retningslinjene<\/a><\/u> om\u00a0hvordan du selv kan levere s\u00f8knad p\u00e5 aktuell ambassade dersom det haster meget.<\/li>\n<\/ul>\t<\/div>\n\t<div class=\"column text-wrap\">\n\t\t<section class=\"widget text-2 widget_text\"><h3>Kontakt<\/h3>\t\t\t<div class=\"textwidget\"><p><a class=\"button\" href=\"https:\/\/ventus.enalog.se\/Booking\/Booking\/Index\/Utenriksdep\" target=\"_blank\" rel=\"noopener\">Bestill timeavtale<\/a><\/p>\n<p>Maya Hagen<\/p>\n<p><a href=\"mailto:visum@mfa.no\">visum@mfa.no<\/a><br \/>\n+47 23 95 04 37<br \/>\nKronprinsens gate 10 (<a href=\"https:\/\/www.google.com\/maps\/dir\/59.9139418,10.7284554\/Legalisering+-+Seksjon+for+konsul%C3%A6re+saker,+Kronprinsens+gate,+Oslo\/@59.9138054,10.7279272,261a,35y,270h\/data=!3m1!1e3!4m9!4m8!1m0!1m5!1m1!1s0x46416e7fd7691d85:0x75e34f8fa951ed19!2m2!1d10.72745!2d59.9141851!3e2\" target=\"_blank\" rel=\"noopener\">Google Maps<\/a>)<\/p>\n<p><strong>Ekspedisjonstider<\/strong><br \/>\nEKSPEDISJONSTIDER FOR VISUM G\u00c5R FREM AV AVTALEBESTILLING.<\/p>\n<p>Det er ikke lengre mulig med drop-in. Det skal forh\u00e5ndsbestilles avtale.<\/p>\n<p><strong>Samleoversikt for informasjon til Det diplomatiske korps i Norge<\/strong><br \/>\n<a href=\"https:\/\/www.regjeringen.no\/en\/dep\/ud\/about_mfa\/diplomatic_relations\/id447053\/\">Diplomatic relations<\/a> (regjeringen.no)<\/p>\n<p><strong>Oversikt over kontaktinformasjon til alle ambassader i Oslo ligger p\u00e5 samme siden<\/strong><\/p>\n<p>&nbsp;<\/p>\n<\/div>\n\t\t<\/section>\t<\/div>\n<\/div>\n<\/div><\/div>\n<div class=\"module module-was-this-helpful\">\n\t<div class=\"text-wrap\">\n\t\t<h2>Var dette nyttig?<\/h2>\n\t\t<form id=\"dekode-wth-form\">\n\t\t\t<button id=\"dekode-wth-yes\" class=\"button\" name=\"dekode-wth-feedback\" type=\"submit\"\n\t\t\t\t\tvalue=\"1\">Ja<\/button>\n\t\t\t<button id=\"dekode-wth-no\" class=\"button\" name=\"dekode-wth-feedback\" type=\"submit\"\n\t\t\t\t\tvalue=\"0\">Nei<\/button>\n\t\t\t<input type=\"hidden\" name=\"post_id\" value=\"31\"\/>\n\t\t<\/form>\n\t<\/div>\n<\/div>\n","protected":false},"excerpt":{"rendered":"<p>Sjekkliste utskriftsversjon Sjekk om du faktisk trenger visum her Sjekk i retningslinjene om du tilh\u00f8rer kategorien av s\u00f8kere hvor Utenriksdepartementet &#8230;<\/p>\n","protected":false},"author":306,"featured_media":1967,"parent":0,"menu_order":0,"comment_status":"closed","ping_status":"closed","template":"","meta":{"_acf_changed":false,"footnotes":""},"class_list":["post-31","page","type-page","status-publish","has-post-thumbnail","hentry"],"language":"nb-NO","acf":[],"_links":{"self":[{"href":"https:\/\/teststeder.regjeringen.no\/visum\/wp-json\/wp\/v2\/pages\/31","targetHints":{"allow":["GET"]}}],"collection":[{"href":"https:\/\/teststeder.regjeringen.no\/visum\/wp-json\/wp\/v2\/pages"}],"about":[{"href":"https:\/\/teststeder.regjeringen.no\/visum\/wp-json\/wp\/v2\/types\/page"}],"author":[{"embeddable":true,"href":"https:\/\/teststeder.regjeringen.no\/visum\/wp-json\/wp\/v2\/users\/306"}],"replies":[{"embeddable":true,"href":"https:\/\/teststeder.regjeringen.no\/visum\/wp-json\/wp\/v2\/comments?post=31"}],"version-history":[{"count":3,"href":"https:\/\/teststeder.regjeringen.no\/visum\/wp-json\/wp\/v2\/pages\/31\/revisions"}],"predecessor-version":[{"id":2917,"href":"https:\/\/teststeder.regjeringen.no\/visum\/wp-json\/wp\/v2\/pages\/31\/revisions\/2917"}],"wp:featuredmedia":[{"embeddable":true,"href":"https:\/\/teststeder.regjeringen.no\/visum\/wp-json\/wp\/v2\/media\/1967"}],"wp:attachment":[{"href":"https:\/\/teststeder.regjeringen.no\/visum\/wp-json\/wp\/v2\/media?parent=31"}],"curies":[{"name":"wp","href":"https:\/\/api.w.org\/{rel}","templated":true}]}}