{"id":78,"date":"2023-04-14T15:18:01","date_gmt":"2023-04-14T13:18:01","guid":{"rendered":"https:\/\/nettsteder.regjeringen.no\/voldtektsutvalget\/?page_id=78"},"modified":"2023-11-03T08:34:12","modified_gmt":"2023-11-03T07:34:12","slug":"moter","status":"publish","type":"page","link":"https:\/\/teststeder.regjeringen.no\/voldtektsutvalget\/moter\/","title":{"rendered":"M\u00f8ter"},"content":{"rendered":"\n<h2 class=\"wp-block-heading\">Utvalgsm\u00f8te 13. mars<\/h2>\n\n\n\n<p>Voldtektsutvalget hadde sitt f\u00f8rste m\u00f8te i Oslo 13. mars. P\u00e5 m\u00f8tet informerte Line N\u00e6rsnes fra Justis- og beredskapsdepartementet om bakgrunnen for nedsettelsen av utvalget og innholdet i mandatet. Utvalgsmedlemmene presenterte kort sin bakgrunn og erfaring. Utvalgsmedlem Ragnhild Helene Hennum holdt innlegg om erfaringer fra NOU-arbeid i justissektoren. Utvalget gikk deretter gjennom mandatet og diskuterte sin forel\u00f8pige forst\u00e5else av dette. <\/p>\n\n\n\n<h2 class=\"wp-block-heading\">Utvalgsm\u00f8te 13. &#8211; 14. april<\/h2>\n\n\n\n<figure class=\"wp-block-image size-large\"><img loading=\"lazy\" decoding=\"async\" width=\"1024\" height=\"461\" src=\"https:\/\/files.teststeder.regjeringen.no\/wpuploads01\/sites\/536\/2023\/04\/68377-1024x461.jpg\" alt=\"\" class=\"wp-image-98\" srcset=\"https:\/\/files.teststeder.regjeringen.no\/wpuploads01\/sites\/536\/2023\/04\/68377-1024x461.jpg 1024w, https:\/\/files.teststeder.regjeringen.no\/wpuploads01\/sites\/536\/2023\/04\/68377-300x135.jpg 300w, https:\/\/files.teststeder.regjeringen.no\/wpuploads01\/sites\/536\/2023\/04\/68377-768x346.jpg 768w, https:\/\/files.teststeder.regjeringen.no\/wpuploads01\/sites\/536\/2023\/04\/68377-1536x692.jpg 1536w, https:\/\/files.teststeder.regjeringen.no\/wpuploads01\/sites\/536\/2023\/04\/68377.jpg 2048w\" sizes=\"auto, (max-width: 1024px) 100vw, 1024px\" \/><figcaption class=\"wp-element-caption\">Voldtektsutvalget: St\u00e5le Luther, Ole Henrik Augestad, Carolina \u00d8verlien, Ragnhild Helene Hennum og Unni Sand\u00f8y<\/figcaption><\/figure>\n\n\n\n<p>Voldtektsutvalget hadde m\u00f8ter i Oslo 13. og 14. april. F\u00f8rste punkt p\u00e5 dagsorden var m\u00f8te med referansegruppa, som gav innspill til utvalgets arbeid. F\u00f8lgende presentasjoner ble ogs\u00e5 holdt for utvalget: <\/p>\n\n\n\n<ul class=\"wp-block-list is-layout-flow wp-block-list-is-layout-flow\">\n\n<li>Sexuellt v\u00e5ld i ungas n\u00e4ra relationer, ved utvalgsmedlem Carolina \u00d8verlien<\/li>\n\n\n<li>Nasjonale kvalitetsunders\u00f8kelser for saksomr\u00e5det voldtekt gjennomf\u00f8rt p\u00e5 oppdrag fra Riksadvokaten, ved Oddbj\u00f8rn S\u00f8reide, Riksadvokaten<\/li>\n\n\n<li>Evaluering av sentrene mot incest og seksuelle overgrep, ved Ingrid Smette, NOVA<\/li>\n\n\n<li>Status p\u00e5 handlingsplanen mot voldtekt (2019-2022), ved Liv Hilde Birkelund og Fredrik Skoglunn, Politidirektoratet<\/li>\n\n\n<li>Omfang av vold og overgrep i Norge, ved Helene Flood Aakvaag, Nasjonalt kunnskapssenter om vold og traumatisk stress<\/li>\n\n\n<li>Nettovergrep mot barn og unge, ved Hanne Andreassen og Helge Haugland, Kripos<\/li>\n\n\n<li>Unge, pornografi, nettovergrep, ved Linda Jonsson, Marie Cederschi\u00f6ld h\u00f6gskola<\/li>\n\n\n<li>Medical, legal and lay understandings of physical evidence in rape cases (Evidently Rape), ved May-Len Skilbrei, Universitetet i Oslo<\/li>\n\n<\/ul>\n\n\n\n<p>Utvalget diskuterte et f\u00f8rste utkast til disposisjon og planer for det videre utredningsarbeidet. Neste m\u00f8te holdes i Troms\u00f8, 8. &#8211; 9. mai. <\/p>\n\n\n\n<h2 class=\"wp-block-heading\">Utvalgsm\u00f8te 8. &#8211; 9. mai<\/h2>\n\n\n\n<figure class=\"wp-block-image size-full\"><img loading=\"lazy\" decoding=\"async\" width=\"670\" height=\"447\" src=\"https:\/\/files.teststeder.regjeringen.no\/wpuploads01\/sites\/536\/2023\/05\/Voldtektsutvalget-i-Tromso.jpg\" alt=\"\" class=\"wp-image-139\" srcset=\"https:\/\/files.teststeder.regjeringen.no\/wpuploads01\/sites\/536\/2023\/05\/Voldtektsutvalget-i-Tromso.jpg 670w, https:\/\/files.teststeder.regjeringen.no\/wpuploads01\/sites\/536\/2023\/05\/Voldtektsutvalget-i-Tromso-300x200.jpg 300w\" sizes=\"auto, (max-width: 670px) 100vw, 670px\" \/><figcaption class=\"wp-element-caption\">Fotograf: Erik Myking Lieungh<\/figcaption><\/figure>\n\n\n\n<p>Voldtektsutvalget hadde m\u00f8ter i Troms\u00f8 8. og 9. mai. P\u00e5 politihuset i Troms\u00f8 ble utvalget \u00f8nsket velkommen av politimester Astrid Nilsen. Utvalget fikk deretter informasjon om hvordan Troms\u00f8 politidistrikt jobber med \u00e5 forebygge og etterforske voldtektssaker: <\/p>\n\n\n\n<ul class=\"wp-block-list is-layout-flow wp-block-list-is-layout-flow\">\n\n<li>Erfaringer, utfordringer og suksesskriterier i arbeidet med etterforskning av voldtektssaker, og lederperspektiv: utfordringer knyttet til kvalitet, turnover, saksbehandlingstid og krav til prioriteringer, ved Ida Halvorsen, politifaglig etterforskningsleder og Henriette Birkelund, p\u00e5taleleder<\/li>\n\n\n<li>Forebygging av voldtekt og seksuelle overgrep i Troms politidistrikt og samarbeid med Sifer Nord, ved Lise Folkestad, fag -og oppl\u00e6ringsansvarlig<\/li>\n\n\n<li>Om st\u00f8ttesenter for kriminalitetsutsatte (SKU) sitt tilbud til voldtektsutsatte, ved Christin Tirian, R\u00e5dgiver, St\u00f8ttesenter for kriminalitetsutsatte\n<\/li>\n\n<\/ul>\n\n\n\n<p>I tillegg ble f\u00f8lgende presentasjoner holdt for utvalget:<\/p>\n\n\n\n<ul class=\"wp-block-list is-layout-flow wp-block-list-is-layout-flow\">\n\n<li>Voldtekt i samiske samfunn, ved Astrid Eriksen, forsker ved Senter for samisk helseforskning<\/li>\n\n\n<li>\u00c6 E M\u00c6 &#8211; erfaringer fra implementeringen av en helhetlig modell for forebygging av vold og seksuelle overgrep mot barn, ved Sture Jacobsen, kommunalsjef helse og omsorg, Sortland kommune<\/li>\n\n\n<li>Helse- og omsorgstilbudet til voldtektsutsatte: kjente utfordringer, kvalitetsproblemer og kunnskapsmangler, ved utvalgsleder Ole Henrik Augestad<\/li>\n\n<\/ul>\n\n\n\n<figure class=\"wp-block-image size-large\"><img loading=\"lazy\" decoding=\"async\" width=\"1024\" height=\"768\" src=\"https:\/\/files.teststeder.regjeringen.no\/wpuploads01\/sites\/536\/2023\/05\/IMG-2864-1024x768.jpg\" alt=\"\" class=\"wp-image-142\" srcset=\"https:\/\/files.teststeder.regjeringen.no\/wpuploads01\/sites\/536\/2023\/05\/IMG-2864-1024x768.jpg 1024w, https:\/\/files.teststeder.regjeringen.no\/wpuploads01\/sites\/536\/2023\/05\/IMG-2864-300x225.jpg 300w, https:\/\/files.teststeder.regjeringen.no\/wpuploads01\/sites\/536\/2023\/05\/IMG-2864-768x576.jpg 768w, https:\/\/files.teststeder.regjeringen.no\/wpuploads01\/sites\/536\/2023\/05\/IMG-2864-1536x1152.jpg 1536w, https:\/\/files.teststeder.regjeringen.no\/wpuploads01\/sites\/536\/2023\/05\/IMG-2864-2048x1536.jpg 2048w\" sizes=\"auto, (max-width: 1024px) 100vw, 1024px\" \/><figcaption class=\"wp-element-caption\">Utvalget bes\u00f8kte ogs\u00e5 Sommar\u00f8y utenfor Troms\u00f8. F.v. St\u00e5le Luther, Ole Henrik Augestad, Carolina \u00d8verlien og Unni Sand\u00f8y. Ragnhild Hennum var ikke til stede da bildet ble tatt.<\/figcaption><\/figure>\n\n\n\n<p>Medlemmer av referansegruppa som ikke hadde anledning til \u00e5 delta p\u00e5 utvalgsm\u00f8tet i april holdt ogs\u00e5 innlegg for utvalget. <\/p>\n\n\n\n<p>Neste utvalgsm\u00f8te holdes i Trondheim 16. juni. <\/p>\n\n\n\n<p><\/p>\n\n\n\n<h2 class=\"wp-block-heading\">Utvalgsm\u00f8te 16. juni<\/h2>\n\n\n\n<p>Voldtektsutvalget hadde m\u00f8te i Trondheim 16. juni. P\u00e5 m\u00f8tet diskuterte utvalget innspillene som er kommet inn fra eksterne akt\u00f8rer. Innspillene er tilgjengelige p\u00e5 hjemmesiden under &laquo;Se innspill&raquo;. Utvalget diskuterte videre tekstutkast til deler av utredningen. <\/p>\n\n\n\n<p>Forskergruppen for traumatiske livshendelser og kvinnehelse ved NTNU presenterte tidligere og p\u00e5g\u00e5ende forskning: <\/p>\n\n\n\n<ul class=\"wp-block-list is-layout-flow wp-block-list-is-layout-flow\">\n\n<li>Cecilie Hagemann: Overlege ved Gynekologisk avdeling, Kvinneklinikken, St. Olavs hospital og f\u00f8rsteamanuensis ved NTNU presenterte flere av gruppens prosjekter.<\/li>\n\n\n<li>Bjarte Vik: Overlege psykiatri, St Olavs hospital, avdeling psykisk helsevern, PhD i klinisk medisin, NTNU presenterte forskning om s\u00e5rbarhetsvoldtekt og politi- og p\u00e5talemyndigheters h\u00e5ndtering av disse. <\/li>\n\n\n<li>Berit Schei: Professor Emerita i kvinnehelse ved NTNU og tidligere leder ved Overgrepsmottaket, St.Olavs hospital og Voldtektsmottaket i K\u00f8benhavn holdt en presentasjon om historikken bak overgrepsmottaket ved St. Olavs hospital og om rettsmedisinske utfordringer ved mottakene.<\/li>\n\n\n<li>Joar Halvorsen: Klinisk psykolog ved St. Olavs og PhD om traumebehandling av bl.a. flyktninger presenterte forskning p\u00e5 forebygging av PTSD hos utsatte for voldtekt og den p\u00e5g\u00e5ende EIR-studien. <\/li>\n\n<\/ul>\n\n\n\n<p>Psykologspesialist Svein \u00d8verland presenterte behandlingsprogrammet PROTEUS: behandlingsprogram for personer med seksuell tiltrekning mot barn.<\/p>\n\n\n\n<p>Neste utvalgsm\u00f8te holdes i Oslo 21. og 22. august. <\/p>\n\n\n\n<p class=\"has-large-font-size\"><strong>Utvalgsm\u00f8te 21. og 22. august<\/strong> <\/p>\n\n\n\n<p>Voldtektsutvalget hadde m\u00f8ter i Oslo 21. og 22. august. M\u00f8tene startet med at utvalget hadde sitt andre m\u00f8te med referansegruppa hvor medlemmene av gruppa som var til stede ga sine innspill til utvalgets arbeid s\u00e5 langt. Mandag ettermiddag bes\u00f8kte utvalget Oslo overgrepsmottak til samtale og diskusjon om mottakets rolle og utfordringer. Tirsdag ble f\u00f8lgende presentasjoner holdt for utvalget: <\/p>\n\n\n\n<ul class=\"wp-block-list is-layout-flow wp-block-list-is-layout-flow\">\n<li>Norges institusjon for menneskerettigheter: Gro Nystuen, assisterende direkt\u00f8r, og Stine Langlete, seniorr\u00e5dgiver, holdt en presentasjon om myndighetenes menneskerettslige forpliktelser p\u00e5 voldtektsfeltet med s\u00e6rlig fokus p\u00e5 Istanbulkonvensjonen.<\/li>\n\n\n\n<li>Lars Roar Fr\u00f8yland, forsker II ved NOVA presenterte rapporten &laquo;Vold og overgrep mot barn og unge&raquo;.<\/li>\n<\/ul>\n\n\n\n<p>Neste utvalgsm\u00f8tet avholdes p\u00e5 Island 11. &#8211; 13. september. Utvalget skal delta p\u00e5 European Conference on Domestic Violence (ECDV). <\/p>\n\n\n\n<h2 class=\"wp-block-heading\">Utvalgsm\u00f8te 11. &#8211; 13 september<\/h2>\n\n\n\n<figure class=\"wp-block-image size-large\"><img loading=\"lazy\" decoding=\"async\" width=\"1024\" height=\"461\" src=\"https:\/\/files.teststeder.regjeringen.no\/wpuploads01\/sites\/536\/2023\/09\/Island-2-1024x461.jpg\" alt=\"\" class=\"wp-image-273\" srcset=\"https:\/\/files.teststeder.regjeringen.no\/wpuploads01\/sites\/536\/2023\/09\/Island-2-1024x461.jpg 1024w, https:\/\/files.teststeder.regjeringen.no\/wpuploads01\/sites\/536\/2023\/09\/Island-2-300x135.jpg 300w, https:\/\/files.teststeder.regjeringen.no\/wpuploads01\/sites\/536\/2023\/09\/Island-2-768x346.jpg 768w, https:\/\/files.teststeder.regjeringen.no\/wpuploads01\/sites\/536\/2023\/09\/Island-2-1536x692.jpg 1536w, https:\/\/files.teststeder.regjeringen.no\/wpuploads01\/sites\/536\/2023\/09\/Island-2.jpg 2048w\" sizes=\"auto, (max-width: 1024px) 100vw, 1024px\" \/><\/figure>\n\n\n\n<p>Voldtektsutvalget og sekretariatet deltok p\u00e5 <a href=\"https:\/\/ecdv.hi.is\/\" data-type=\"URL\" data-id=\"https:\/\/ecdv.hi.is\/\">European Conference on Domestic Violence<\/a> i Reykjavik, Island, 11. &#8211; 13. september. Mandag 11. september holdt utvalget et lukket m\u00f8te der diskusjonsnotater om forebygging, helseoppf\u00f8lging og straffeforf\u00f8lgning av voldtektssaker ble diskutert. <\/p>\n\n\n\n<figure class=\"wp-block-image size-large is-resized\"><img loading=\"lazy\" decoding=\"async\" width=\"761\" height=\"1024\" src=\"https:\/\/files.teststeder.regjeringen.no\/wpuploads01\/sites\/536\/2023\/09\/Island-761x1024.jpg\" alt=\"\" class=\"wp-image-268\" style=\"width:359px;height:482px\" srcset=\"https:\/\/files.teststeder.regjeringen.no\/wpuploads01\/sites\/536\/2023\/09\/Island-761x1024.jpg 761w, https:\/\/files.teststeder.regjeringen.no\/wpuploads01\/sites\/536\/2023\/09\/Island-223x300.jpg 223w, https:\/\/files.teststeder.regjeringen.no\/wpuploads01\/sites\/536\/2023\/09\/Island-768x1033.jpg 768w, https:\/\/files.teststeder.regjeringen.no\/wpuploads01\/sites\/536\/2023\/09\/Island-1142x1536.jpg 1142w, https:\/\/files.teststeder.regjeringen.no\/wpuploads01\/sites\/536\/2023\/09\/Island.jpg 1522w\" sizes=\"auto, (max-width: 761px) 100vw, 761px\" \/><figcaption class=\"wp-element-caption\">F.v. St\u00e5le Luther, Maria Egeland Thorsnes, Ole Henrik Augestad, Carolina \u00d8verlien, Ragnhild Helene Hennum, Unni Sand\u00f8y og Hanne Lillemork<\/figcaption><\/figure>\n\n\n\n<p>Neste utvalgsm\u00f8te avholdes i Oslo 16. &#8211; 17. oktober.  <\/p>\n\n\n\n<h2 class=\"wp-block-heading\">Utvalgsm\u00f8te 16. og 17. oktober<\/h2>\n\n\n\n<p>Voldtektsutvalget hadde m\u00f8ter i Oslo 16. og 17. oktober. Under m\u00f8tene diskuterte utvalget status for arbeidet og gikk gjennom tekstutkast til utredningen. Mandag ble f\u00f8lgende presentasjoner holdt for utvalget: <\/p>\n\n\n\n<ul class=\"wp-block-list is-layout-flow wp-block-list-is-layout-flow\">\n<li>Regjeringens kommende opptrappingsplan mot vold og overgrep, ved Line N\u00e6rsnes og Hilde Knotten, Justis- og beredskapsdepartementet.<\/li>\n\n\n\n<li>Evaluering av Sexual Assault Referral Centres og Independent Sexual Violence Advisers i Storbritannia, ved Lorna O\u2019Doherty, Institute for Health and Wellbeing, Coventry University.<\/li>\n\n\n\n<li>Ny seksualitetsundervisning i Sverige, ved Ingrid Esseg\u00e5rd, Skolverket i Sverige.<\/li>\n\n\n\n<li>Zero Tolerance strategy to tackle domestic, sexual and gender-based violence and the establishment of a DSGBV Agency in Ireland ved Higher Executive Officer Niamh Callaghan &amp; kollegaer, Department of Justice, Irland. <\/li>\n<\/ul>\n\n\n\n<p>Neste utvalgsm\u00f8te holdes i Oslo 13. &#8211; 15. november. <\/p>\n","protected":false},"excerpt":{"rendered":"<p>Utvalgsm\u00f8te 13. mars Voldtektsutvalget hadde sitt f\u00f8rste m\u00f8te i Oslo 13. mars. P\u00e5 m\u00f8tet informerte Line N\u00e6rsnes fra Justis- og beredskapsdepartementet om bakgrunnen for nedsettelsen av utvalget og innholdet i mandatet. Utvalgsmedlemmene presenterte kort sin bakgrunn og erfaring. Utvalgsmedlem Ragnhild Helene Hennum holdt innlegg om erfaringer fra NOU-arbeid i justissektoren. Utvalget gikk deretter gjennom mandatet\u2026<\/p>\n","protected":false},"author":2877,"featured_media":0,"parent":0,"menu_order":0,"comment_status":"closed","ping_status":"closed","template":"","meta":{"dss_simple_post_excerpt":"","dss_show_featured_image":true,"footnotes":""},"class_list":["post-78","page","type-page","status-publish","hentry"],"language":"nb-NO","_links":{"self":[{"href":"https:\/\/teststeder.regjeringen.no\/voldtektsutvalget\/wp-json\/wp\/v2\/pages\/78","targetHints":{"allow":["GET"]}}],"collection":[{"href":"https:\/\/teststeder.regjeringen.no\/voldtektsutvalget\/wp-json\/wp\/v2\/pages"}],"about":[{"href":"https:\/\/teststeder.regjeringen.no\/voldtektsutvalget\/wp-json\/wp\/v2\/types\/page"}],"author":[{"embeddable":true,"href":"https:\/\/teststeder.regjeringen.no\/voldtektsutvalget\/wp-json\/wp\/v2\/users\/2877"}],"replies":[{"embeddable":true,"href":"https:\/\/teststeder.regjeringen.no\/voldtektsutvalget\/wp-json\/wp\/v2\/comments?post=78"}],"version-history":[{"count":2,"href":"https:\/\/teststeder.regjeringen.no\/voldtektsutvalget\/wp-json\/wp\/v2\/pages\/78\/revisions"}],"predecessor-version":[{"id":287,"href":"https:\/\/teststeder.regjeringen.no\/voldtektsutvalget\/wp-json\/wp\/v2\/pages\/78\/revisions\/287"}],"wp:attachment":[{"href":"https:\/\/teststeder.regjeringen.no\/voldtektsutvalget\/wp-json\/wp\/v2\/media?parent=78"}],"curies":[{"name":"wp","href":"https:\/\/api.w.org\/{rel}","templated":true}]}}